000
CXUS53 KARX 012245
CF6CMY
PRELIMINARY LOCAL CLIMATOLOGICAL DATA (WS FORM: F-6)
STATION: SPARTA - FORT MCCOY WI
MONTH: MAY
YEAR: 2023
LATITUDE: 43 58 N
LONGITUDE: 90 44 W
TEMPERATURE IN F: :PCPN: SNOW: WIND :SUNSHINE: SKY :PK WND
================================================================================
1 2 3 4 5 6A 6B 7 8 9 10 11 12 13 14 15 16 17 18
12Z AVG MX 2MIN
DY MAX MIN AVG DEP HDD CDD WTR SNW DPTH SPD SPD DIR MIN PSBL S-S WX SPD DR
================================================================================
1 52 39 46 M 19 0 T 0.0 0 14.0 22 330 M M 10 33 330
2 57 33 45 M 20 0 0.00 0.0 0 10.8 20 330 M M 6 33 330
3 64 25 45 M 20 0 0.00 0.0 0 1.1 14 300 M M 4 M M
4 79 31 55 M 10 0 0.00 0.0 0 5.8 22 240 M M 6 33 240
5 76 45 61 M 4 0 0.25 0.0 0 3.6 14 140 M M 9 1 18 140
6 66 55 61 M 4 0 0.09 0.0 0 4.0 12 100 M M 10 1 23 100
7 72 45 59 M 6 0 T 0.0 0 0.4 9 90 M M 4 1 M M
8 60 48 54 M 11 0 0.14 0.0 0 1.2 12 120 M M 8 1 M M
9 74 46 60 M 5 0 0.00 0.0 0 0.4 5 210 M M 5 1 M M
10 80 41 61 M 4 0 0.00 0.0 0 2.6 12 170 M M 0 8 17 170
11 83 43 63 M 2 0 0.00 0.0 0 2.8 10 160 M M 2 M M
12 65 58 62 M 3 0 0.17 M 0 0.3 5 90 M M 7 1 M M
13 72 58 65 M 0 0 0.05 0.0 0 2.8 12 100 M M 9 1 20 80
14 64 38 51 M 14 0 0.47 0.0 0 2.5 12 80 M M 8 1 21 90
15 72 31 52 M 13 0 0.00 0.0 0 0.5 7 260 M M 1 12 M M
16 78 36 57 M 8 0 0.00 0.0 0 3.0 10 260 M M 1 17 340
17 65 40 53 M 12 0 0.00 0.0 0 1.9 10 150 M M 0 8 M M
18 78 36 57 M 8 0 0.25 0.0 0 3.1 12 190 M M 3 13 20 170
19 60 41 51 M 14 0 0.00 0.0 0 4.8 14 310 M M 5 1 22 320
20 74 31 53 M 12 0 0.00 0.0 0 2.3 9 250 M M 0 M M
21 78 33 56 M 9 0 0.00 0.0 0 2.2 12 240 M M 0 M M
22 80 39 60 M 5 0 0.00 0.0 0 1.9 13 190 M M 1 1 18 190
23 82 40 61 M 4 0 0.00 0.0 0 1.3 12 210 M M 0 1 M M
24 73 43 58 M 7 0 0.00 0.0 0 5.4 13 110 M M 2 17 70
25 73 35 54 M 11 0 0.00 0.0 0 3.8 13 150 M M 3 M M
26 77 26 52 M 13 0 0.00 0.0 0 1.2 10 110 M M 0 M M
27 81 31 56 M 9 0 0.00 0.0 0 1.3 9 150 M M 0 1 M M
28 80 38 59 M 6 0 0.00 0.0 0 1.0 12 150 M M 1 M M
29 83 42 63 M 2 0 0.00 0.0 0 0.2 6 170 M M 3 M M
30 89 42 66 M 0 1 0.00 0.0 0 3.7 13 190 M M 0 20 220
31 89 46 68 M 0 3 0.03 0.0 0 2.2 14 210 M M 1 17 210
================================================================================
SM 2276 1235 255 4 1.45 0.0 92.1 M 109
================================================================================
AV 73.4 39.8 3.0 FASTST M M 4 MAX(MPH)
MISC ----> # 22 330 # 33 330
================================================================================
NOTES:
# LAST OF SEVERAL OCCURRENCES
COLUMN 17 PEAK WIND IN M.P.H.
PRELIMINARY LOCAL CLIMATOLOGICAL DATA (WS FORM: F-6) , PAGE 2
STATION: SPARTA - FORT MCCOY WI
MONTH: MAY
YEAR: 2023
LATITUDE: 43 58 N
LONGITUDE: 90 44 W
[TEMPERATURE DATA] [PRECIPITATION DATA] SYMBOLS USED IN COLUMN 16
AVERAGE MONTHLY: 56.6 TOTAL FOR MONTH: 1.45 1 = FOG OR MIST
DPTR FM NORMAL: 0.0 DPTR FM NORMAL: M 2 = FOG REDUCING VISIBILITY
HIGHEST: 89 ON 31,30 GRTST 24HR 0.47 ON 14-14 TO 1/4 MILE OR LESS
LOWEST: 25 ON 3 3 = THUNDER
SNOW, ICE PELLETS, HAIL 4 = ICE PELLETS
TOTAL MONTH: 0.0 INCH 5 = HAIL
GRTST 24HR 0.0 6 = FREEZING RAIN OR DRIZZLE
GRTST DEPTH: 0 7 = DUSTSTORM OR SANDSTORM:
VSBY 1/2 MILE OR LESS
8 = SMOKE OR HAZE
[NO. OF DAYS WITH] [WEATHER - DAYS WITH] 9 = BLOWING SNOW
X = TORNADO
MAX 32 OR BELOW: 0 0.01 INCH OR MORE: 8
MAX 90 OR ABOVE: 0 0.10 INCH OR MORE: 5
MIN 32 OR BELOW: 6 0.50 INCH OR MORE: 0
MIN 0 OR BELOW: 0 1.00 INCH OR MORE: 0
[HDD (BASE 65) ]
TOTAL THIS MO. 255 CLEAR (SCALE 0-3) 18
DPTR FM NORMAL M PTCLDY (SCALE 4-7) 7
TOTAL FM JUL 1 5339 CLOUDY (SCALE 8-10) 6
DPTR FM NORMAL M
[CDD (BASE 65) ]
TOTAL THIS MO. 4
DPTR FM NORMAL M [PRESSURE DATA]
TOTAL FM JAN 1 10 HIGHEST SLP M ON M
DPTR FM NORMAL M LOWEST SLP M ON M
[REMARKS]
#FINAL-05-23#