000
CXUS53 KTOP 010910
CF6CNK
PRELIMINARY LOCAL CLIMATOLOGICAL DATA (WS FORM: F-6)
STATION: CONCORDIA KS
MONTH: DECEMBER
YEAR: 2020
LATITUDE: 39 32 N
LONGITUDE: 97 39 W
TEMPERATURE IN F: :PCPN: SNOW: WIND :SUNSHINE: SKY :PK WND
================================================================================
1 2 3 4 5 6A 6B 7 8 9 10 11 12 13 14 15 16 17 18
12Z AVG MX 2MIN
DY MAX MIN AVG DEP HDD CDD WTR SNW DPTH SPD SPD DIR MIN PSBL S-S WX SPD DR
================================================================================
1 48 19 34 0 31 0 0.00 0.0 0 3.6 13 140 M M 0 15 140
2 44 25 35 2 30 0 0.00 0.0 0 10.2 16 350 M M 0 22 360
3 46 24 35 2 30 0 0.00 0.0 0 8.1 15 360 M M 1 25 350
4 58 27 43 11 22 0 0.00 0.0 0 8.6 13 320 M M 0 17 310
5 53 35 44 12 21 0 0.00 0.0 0 11.2 22 340 M M 0 30 340
6 49 27 38 6 27 0 0.00 0.0 0 6.9 13 340 M M 0 17 340
7 59 30 45 13 20 0 0.00 0.0 0 10.2 16 300 M M 0 20 320
8 60 30 45 14 20 0 0.00 0.0 0 9.2 15 230 M M 0 8 18 240
9 70 37 54 23 11 0 0.00 0.0 0 5.8 14 250 M M 0 8 19 250
10 55 28 42 11 23 0 0.00 0.0 0 8.9 20 20 M M 1 8 27 20
11 40 33 37 7 28 0 0.05 T 0 11.5 17 340 M M 10 1 24 340
12 33 26 30 0 35 0 0.05 0.4 T 12.1 23 350 M M 10 1 30 350
13 34 20 27 -3 38 0 0.00 0.0 0 7.1 17 340 M M 3 22 320
14 35 13 24 -6 41 0 0.00 0.0 0 8.2 18 120 M M 0 1 23 140
15 30 23 27 -3 38 0 T T 0 7.0 14 110 M M 8 1 21 110
16 38 23 31 2 34 0 0.00 0.0 0 5.5 14 210 M M 5 18 19 220
17 51 27 39 10 26 0 0.00 0.0 0 10.2 20 170 M M 0 27 170
18 52 32 42 13 23 0 0.00 0.0 0 15.4 28 200 M M 0 38 160
19 44 21 33 4 32 0 0.00 0.0 0 9.0 20 200 M M 0 25 200
20 54 32 43 14 22 0 0.00 0.0 0 10.9 17 230 M M 1 27 230
21 61 34 48 19 17 0 0.00 0.0 0 9.6 17 270 M M 0 24 290
22 64 34 49 20 16 0 0.00 0.0 0 21.4 41 180 M M 0 56 190
23 55 21 38 9 27 0 T T 0 25.0 39 330 M M 6 19 60 320
24 31 17 24 -5 41 0 0.00 0.0 0 6.9 17 330 M M 3 24 320
25 52 14 33 5 32 0 0.00 0.0 0 5.9 15 180 M M 1 20 190
26 55 22 39 11 26 0 0.00 0.0 0 4.0 15 190 M M 0 21 190
27 48 25 37 9 28 0 T T 0 10.0 28 340 M M 2 38 330
28 37 20 29 1 36 0 0.01 0.4 0 5.2 12 110 M M 4 1 17 90
29 33 26 30 2 35 0 0.61 T T 9.8 23 100 M M 10 16 32 110
30 36 23 30 2 35 0 0.00 0.0 0 7.3 15 300 M M 1 20 300
31 38 19 29 1 36 0 0.00 0.0 0 5.9 23 180 M M 0 31 190
================================================================================
SM 1463 787 881 0 0.72 0.8 290.6 M 66
================================================================================
AV 47.2 25.4 9.4 FASTST M M 2 MAX(MPH)
MISC ----> 41 180 60 320
================================================================================
NOTES:
# LAST OF SEVERAL OCCURRENCES
COLUMN 17 PEAK WIND IN M.P.H.
PRELIMINARY LOCAL CLIMATOLOGICAL DATA (WS FORM: F-6) , PAGE 2
STATION: CONCORDIA KS
MONTH: DECEMBER
YEAR: 2020
LATITUDE: 39 32 N
LONGITUDE: 97 39 W
[TEMPERATURE DATA] [PRECIPITATION DATA] SYMBOLS USED IN COLUMN 16
AVERAGE MONTHLY: 36.3 TOTAL FOR MONTH: 0.72 1 = FOG OR MIST
DPTR FM NORMAL: 6.3 DPTR FM NORMAL: -0.13 2 = FOG REDUCING VISIBILITY
HIGHEST: 70 ON 9 GRTST 24HR 0.62 ON 28-29 TO 1/4 MILE OR LESS
LOWEST: 13 ON 14 3 = THUNDER
SNOW, ICE PELLETS, HAIL 4 = ICE PELLETS
TOTAL MONTH: 0.8 INCH 5 = HAIL
GRTST 24HR 0.4 ON 12-12 6 = FREEZING RAIN OR DRIZZLE
GRTST DEPTH: T 7 = DUSTSTORM OR SANDSTORM:
VSBY 1/2 MILE OR LESS
8 = SMOKE OR HAZE
[NO. OF DAYS WITH] [WEATHER - DAYS WITH] 9 = BLOWING SNOW
X = TORNADO
MAX 32 OR BELOW: 2 0.01 INCH OR MORE: 4
MAX 90 OR ABOVE: 0 0.10 INCH OR MORE: 1
MIN 32 OR BELOW: 26 0.50 INCH OR MORE: 1
MIN 0 OR BELOW: 0 1.00 INCH OR MORE: 0
[HDD (BASE 65) ]
TOTAL THIS MO. 881 CLEAR (SCALE 0-3) 24
DPTR FM NORMAL -204 PTCLDY (SCALE 4-7) 4
TOTAL FM JUL 1 1776 CLOUDY (SCALE 8-10) 3
DPTR FM NORMAL -401
[CDD (BASE 65) ]
TOTAL THIS MO. 0
DPTR FM NORMAL 0 [PRESSURE DATA]
TOTAL FM JAN 1 1719 HIGHEST SLP 30.49 ON 28
DPTR FM NORMAL 370 LOWEST SLP 29.29 ON 23
[REMARKS]
#FINAL-12-20#