000
CXUS53 KTOP 011414
CLMCNK
CLIMATE REPORT
NATIONAL WEATHER SERVICE TOPEKA KS
914 AM CDT THU JUN 01 2023
...................................
...THE CONCORDIA KS CLIMATE SUMMARY FOR THE MONTH OF MAY 2023...
CLIMATE NORMAL PERIOD 1991 TO 2020
CLIMATE RECORD PERIOD 1885 TO 2023
WEATHER OBSERVED NORMAL DEPART LAST YEAR`S
VALUE DATE(S) VALUE FROM VALUE
NORMAL
..............................................................
TEMPERATURE (F)
RECORD
HIGH 102 05/30/1998
05/29/1913
LOW 24 05/01/1909
HIGHEST 94 05/07 80 14 94
LOWEST 37 05/01 47 -10 38
AVG. MAXIMUM 80.7 74.8 5.9 76.2
AVG. MINIMUM 55.8 52.2 3.6 55.8
MEAN 68.3 63.5 4.8 66.0
DAYS MAX >= 90 3 2.0 1.0 6
DAYS MAX <= 32 0 0.0 0.0 0
DAYS MIN <= 32 0 0.2 -0.2 0
DAYS MIN <= 0 0 0.0 0.0 0
PRECIPITATION (INCHES)
RECORD
MAXIMUM 13.15 1903
MINIMUM 0.26 1966
TOTALS 4.08 4.34 -0.26 5.94
DAILY AVG. 0.13 0.14 -0.01 0.19
DAYS >= .01 8 11.9 -3.9 12
DAYS >= .10 3 7.1 -4.1 6
DAYS >= .50 3 3.0 0.0 4
DAYS >= 1.00 2 1.1 0.9 2
GREATEST
24 HR. TOTAL 2.20 05/09 TO 05/09 2.02
SNOWFALL (INCHES)
RECORDS
TOTAL 0.3 1961
TOTALS MM 0.0 MM MM
SINCE 7/1 MM 19.3 MM MM
SNOWDEPTH AVG. MM MM
DAYS >= 1.0 MM 0.0 MM MM
GREATEST
SNOW DEPTH MM MM
24 HR TOTAL MM MM
DEGREE DAYS
HEATING TOTAL 45 134 -89 135
SINCE 7/1 4875 5304 -429 MM
COOLING TOTAL 155 87 68 175
SINCE 1/1 180 101 79 MM
..............................................................
WIND (MPH)
AVERAGE WIND SPEED 9.4
HIGHEST WIND SPEED/DIRECTION 51/320 DATE 05/09
HIGHEST GUST SPEED/DIRECTION 76/300 DATE 05/09
SKY COVER
POSSIBLE SUNSHINE (PERCENT) MM
AVERAGE SKY COVER 0.26
NUMBER OF DAYS FAIR 21
NUMBER OF DAYS PC 9
NUMBER OF DAYS CLOUDY 1
AVERAGE RH (PERCENT) 62
WEATHER CONDITIONS. NUMBER OF DAYS WITH
THUNDERSTORM 7 MIXED PRECIP 0
HEAVY RAIN 2 RAIN 3
LIGHT RAIN 9 FREEZING RAIN 0
LT FREEZING RAIN 0 HAIL 1
HEAVY SNOW 0 SNOW 0
LIGHT SNOW 0 SLEET 0
FOG 10 FOG W/VIS <= 1/4 MILE 0
HAZE 7
- INDICATES NEGATIVE NUMBERS.
R INDICATES RECORD WAS SET OR TIED.
MM INDICATES DATA IS MISSING.
T INDICATES TRACE AMOUNT.
$$