000
CXUS54 KMAF 011448
CF6CNM
PRELIMINARY LOCAL CLIMATOLOGICAL DATA (WS FORM: F-6)
STATION: CARLSBAD
MONTH: OCTOBER
YEAR: 2021
LATITUDE: 32 20 N
LONGITUDE: 104 15 W
TEMPERATURE IN F: :PCPN: SNOW: WIND :SUNSHINE: SKY :PK WND
================================================================================
1 2 3 4 5 6A 6B 7 8 9 10 11 12 13 14 15 16 17 18
12Z AVG MX 2MIN
DY MAX MIN AVG DEP HDD CDD WTR SNW DPTH SPD SPD DIR MIN PSBL S-S WX SPD DR
================================================================================
1 74 56 65 -4 0 0 0.15 M M 6.4 18 280 M M 5 13 24 280
2 81 51 66 -2 0 1 0.00 M M 4.8 10 350 M M 0 12 10
3 82 53 68 0 0 3 0.00 M M 4.9 13 100 M M 0 20 150
4 86 53 70 2 0 5 0.00 M M 5.8 12 240 M M 0 14 150
5 87 52 70 3 0 5 0.00 M M 6.4 12 140 M M 0 15 140
6 84 53 69 2 0 4 0.00 M M 7.1 13 140 M M 0 8 16 340
7 93 52 73 6 0 8 0.00 M M 7.1 17 170 M M 0 22 180
8 95 57 76 10 0 11 0.00 M M 6.5 16 210 M M 0 22 210
9 97 53 75 9 0 10 0.00 M M 6.2 22 250 M M 0 26 260
10 80 46 63 -3 2 0 0.00 M M 15.7 44 270 M M 0 53 270
11 86 41 64 -1 1 0 0.00 M M 10.7 24 140 M M 0 35 140
12 91 57 74 9 0 9 0.00 M M 12.7 31 210 M M 0 40 210
13 81 46 64 0 1 0 0.00 M M 7.1 21 260 M M 0 26 270
14 82 47 65 1 0 0 0.00 M M 11.2 29 260 M M 0 35 250
15 71 41 56 -8 9 0 0.00 M M 9.7 21 340 M M 0 27 350
16 69 38 54 -9 11 0 T M M 8.9 20 170 M M 0 8 26 160
17 73 50 62 -1 3 0 0.00 M M 9.1 16 140 M M 1 20 130
18 82 50 66 3 0 1 0.00 M M 6.2 15 140 M M 0 20 140
19 86 46 66 4 0 1 0.00 M M 7.6 21 260 M M 0 28 260
20 83 48 66 4 0 1 0.00 M M 7.0 15 350 M M 0 19 360
21 83 49 66 5 0 1 0.00 M M 6.9 14 150 M M 0 16 140
22 85 55 70 9 0 5 0.00 M M 6.5 10 110 M M 2 14 140
23 89 53 71 10 0 6 0.00 M M 9.7 25 250 M M 1 30 240
24 87 58 73 13 0 8 0.00 M M 9.2 21 310 M M 0 26 300
25 92 49 71 11 0 6 0.00 M M 6.5 15 190 M M 0 20 150
26 88 54 71 12 0 6 0.00 M M 16.2 40 240 M M 0 51 240
27 74 45 60 1 5 0 0.00 M M 11.1 28 350 M M 0 33 350
28 73 44 59 0 6 0 0.00 M M 7.2 15 350 M M 0 20 350
29 73 37 55 -3 10 0 0.00 M M 5.7 12 140 M M 0 16 150
30 86 37 62 4 3 0 0.00 M M 5.2 14 220 M M 0 17 220
31 72 43 58 1 7 0 0.00 M M 9.4 24 330 M M 0 30 330
================================================================================
SM 2565 1514 58 91 0.15 M 254.7 M 9
================================================================================
AV 82.7 48.8 8.2 FASTST M M 0 MAX(MPH)
MISC ----> 44 270 53 270
================================================================================
NOTES:
# LAST OF SEVERAL OCCURRENCES
COLUMN 17 PEAK WIND IN M.P.H.
PRELIMINARY LOCAL CLIMATOLOGICAL DATA (WS FORM: F-6) , PAGE 2
STATION: CARLSBAD
MONTH: OCTOBER
YEAR: 2021
LATITUDE: 32 20 N
LONGITUDE: 104 15 W
[TEMPERATURE DATA] [PRECIPITATION DATA] SYMBOLS USED IN COLUMN 16
AVERAGE MONTHLY: 65.8 TOTAL FOR MONTH: 0.15 1 = FOG OR MIST
DPTR FM NORMAL: 2.5 DPTR FM NORMAL: -0.74 2 = FOG REDUCING VISIBILITY
HIGHEST: 97 ON 9 GRTST 24HR 0.23 ON 30- 1 TO 1/4 MILE OR LESS
LOWEST: 37 ON 30,29 3 = THUNDER
SNOW, ICE PELLETS, HAIL 4 = ICE PELLETS
TOTAL MONTH: M 5 = HAIL
GRTST 24HR M ON M 6 = FREEZING RAIN OR DRIZZLE
GRTST DEPTH: M ON M 7 = DUSTSTORM OR SANDSTORM:
VSBY 1/2 MILE OR LESS
8 = SMOKE OR HAZE
[NO. OF DAYS WITH] [WEATHER - DAYS WITH] 9 = BLOWING SNOW
X = TORNADO
MAX 32 OR BELOW: 0 0.01 INCH OR MORE: 1
MAX 90 OR ABOVE: 5 0.10 INCH OR MORE: 1
MIN 32 OR BELOW: 0 0.50 INCH OR MORE: 0
MIN 0 OR BELOW: 0 1.00 INCH OR MORE: 0
[HDD (BASE 65) ]
TOTAL THIS MO. 58 CLEAR (SCALE 0-3) 30
DPTR FM NORMAL -60 PTCLDY (SCALE 4-7) 1
TOTAL FM JUL 1 59 CLOUDY (SCALE 8-10) 0
DPTR FM NORMAL -69
[CDD (BASE 65) ]
TOTAL THIS MO. 91
DPTR FM NORMAL 27 [PRESSURE DATA]
TOTAL FM JAN 1 2113 HIGHEST SLP 30.39 ON 16
DPTR FM NORMAL -79 LOWEST SLP 29.41 ON 12
[REMARKS]
#FINAL-10-21#