000
CXUS55 KRIW 011010
CF6COD
PRELIMINARY LOCAL CLIMATOLOGICAL DATA (WS FORM: F-6)
STATION: CODY WY
MONTH: MAY
YEAR: 2022
LATITUDE: 44 31 N
LONGITUDE: 109 1 W
TEMPERATURE IN F: :PCPN: SNOW: WIND :SUNSHINE: SKY :PK WND
================================================================================
1 2 3 4 5 6A 6B 7 8 9 10 11 12 13 14 15 16 17 18
12Z AVG MX 2MIN
DY MAX MIN AVG DEP HDD CDD WTR SNW DPTH SPD SPD DIR MIN PSBL S-S WX SPD DR
================================================================================
1 49 40 45 -4 20 0 0.04 M M 5.8 13 330 M M 9 M M
2 57 37 47 -3 18 0 0.01 M M 6.2 14 130 M M 9 1 M M
3 52 42 47 -3 18 0 0.26 M M 8.4 16 340 M M 9 1 23 340
4 63 41 52 2 13 0 0.03 M M 7.4 18 10 M M 3 8 24 10
5 72 41 57 6 8 0 0.00 M M 8.3 16 280 M M 1 24 280
6 70 51 61 10 4 0 0.00 M M 13.1 21 260 M M 1 39 230
7 60 41 51 0 14 0 T M M 12.9 29 230 M M 0 46 220
8 57 33 45 -7 20 0 0.00 M M 8.4 16 280 M M 2 22 280
9 48 32 40 -12 25 0 0.00 M M 10.7 23 250 M M 2 43 250
10 57 32 45 -7 20 0 0.00 M M 9.6 16 200 M M 4 30 290
11 60 39 50 -2 15 0 0.03 M M 7.5 15 40 M M 7 20 40
12 50 41 46 -7 19 0 0.04 M M 10.5 17 50 M M 9 30 250
13 58 43 51 -2 14 0 0.00 M M 13.6 23 230 M M 2 45 300
14 63 41 52 -1 13 0 T M M 11.1 20 270 M M 5 36 290
15 74 35 55 1 10 0 0.00 M M 5.5 15 170 M M 0 23 240
16 72 46 59 5 6 0 0.07 M M 7.0 15 20 M M 4 3 18 20
17 73 47 60 6 5 0 0.00 M M 5.6 16 360 M M 3 22 360
18 74 45 60 6 5 0 0.00 M M 7.6 16 260 M M 2 35 360
19 62 32 47 -8 18 0 0.31 M M 9.6 22 10 M M 6 1 32 250
20 43 30 37 -18 28 0 T M M 14.0 29 10 M M 10 1 37 360
21 48 31 40 -15 25 0 0.00 M M 4.6 10 190 M M 9 16 110
22 53 28 41 -14 24 0 0.01 M M 5.2 15 230 M M 4 M M
23 59 38 49 -7 16 0 0.00 M M 5.1 10 360 M M 5 M M
24 60 39 50 -6 15 0 0.02 M M 6.2 13 130 M M 4 17 320
25 72 39 56 0 9 0 0.00 M M 7.8 15 260 M M 2 21 260
26 82 45 64 7 1 0 0.00 M M 6.7 24 230 M M 1 47 260
27 77 58 68 11 0 3 T M M 11.0 20 250 M M 5 32 240
28 61 46 54 -3 11 0 0.16 M M 7.3 12 260 M M 8 17 260
29 57 41 49 -8 16 0 0.74 M M 5.9 13 180 M M 8 3 31 220
30 47 40 44 -14 21 0 0.77 M M 13.8 23 350 M M 10 1 36 340
31 53 40 47 -11 18 0 0.09 M M 9.8 20 10 M M 7 25 10
================================================================================
SM 1883 1234 449 3 2.58 M 266.2 M 151
================================================================================
AV 60.7 39.8 8.6 FASTST M M 5 MAX(MPH)
MISC ----> # 29 230 47 260
================================================================================
NOTES:
# LAST OF SEVERAL OCCURRENCES
COLUMN 17 PEAK WIND IN M.P.H.
PRELIMINARY LOCAL CLIMATOLOGICAL DATA (WS FORM: F-6) , PAGE 2
STATION: CODY WY
MONTH: MAY
YEAR: 2022
LATITUDE: 44 31 N
LONGITUDE: 109 1 W
[TEMPERATURE DATA] [PRECIPITATION DATA] SYMBOLS USED IN COLUMN 16
AVERAGE MONTHLY: 50.3 TOTAL FOR MONTH: 2.58 1 = FOG OR MIST
DPTR FM NORMAL: -3.5 DPTR FM NORMAL: M 2 = FOG REDUCING VISIBILITY
HIGHEST: 82 ON 26 GRTST 24HR 0.77 ON 30-30 TO 1/4 MILE OR LESS
LOWEST: 28 ON 22 3 = THUNDER
SNOW, ICE PELLETS, HAIL 4 = ICE PELLETS
TOTAL MONTH: M 5 = HAIL
GRTST 24HR M ON M 6 = FREEZING RAIN OR DRIZZLE
GRTST DEPTH: M ON M 7 = DUSTSTORM OR SANDSTORM:
VSBY 1/2 MILE OR LESS
8 = SMOKE OR HAZE
[NO. OF DAYS WITH] [WEATHER - DAYS WITH] 9 = BLOWING SNOW
X = TORNADO
MAX 32 OR BELOW: 0 0.01 INCH OR MORE: 14
MAX 90 OR ABOVE: 0 0.10 INCH OR MORE: 5
MIN 32 OR BELOW: 6 0.50 INCH OR MORE: 2
MIN 0 OR BELOW: 0 1.00 INCH OR MORE: 0
[HDD (BASE 65) ]
TOTAL THIS MO. 449 CLEAR (SCALE 0-3) 11
DPTR FM NORMAL 100 PTCLDY (SCALE 4-7) 12
TOTAL FM JUL 1 6914 CLOUDY (SCALE 8-10) 8
DPTR FM NORMAL 365
[CDD (BASE 65) ]
TOTAL THIS MO. 3
DPTR FM NORMAL 3 [PRESSURE DATA]
TOTAL FM JAN 1 3 HIGHEST SLP M ON M
DPTR FM NORMAL 3 LOWEST SLP M ON M
[REMARKS]
#FINAL-05-22#