000
CXUS51 KGYX 011000
CF6CON
PRELIMINARY LOCAL CLIMATOLOGICAL DATA (WS FORM: F-6)
STATION: CONCORD NH
MONTH: FEBRUARY
YEAR: 2024
LATITUDE: 43 12 N
LONGITUDE: 71 30 W
TEMPERATURE IN F: :PCPN: SNOW: WIND :SUNSHINE: SKY :PK WND
================================================================================
1 2 3 4 5 6A 6B 7 8 9 10 11 12 13 14 15 16 17 18
12Z AVG MX 2MIN
DY MAX MIN AVG DEP HDD CDD WTR SNW DPTH SPD SPD DIR MIN PSBL S-S WX SPD DR
================================================================================
1 34 19 27 5 38 0 0.00 0.0 8 1.0 8 300 M M 9 12 9 300
2 40 30 35 13 30 0 T 0.0 7 5.1 16 330 M M 10 12 24 330
3 35 23 29 7 36 0 0.00 0.0 6 10.2 17 310 M M 1 23 310
4 38 12 25 3 40 0 0.00 0.0 6 6.9 22 330 M M 0 31 310
5 36 19 28 5 37 0 0.00 0.0 6 8.3 18 320 M M 1 29 360
6 39 15 27 4 38 0 0.00 0.0 5 3.5 12 350 M M 0 33 20
7 41 14 28 5 37 0 0.00 0.0 5 0.7 7 270 M M 1 9 280
8 47 20 34 11 31 0 0.00 0.0 5 1.0 8 90 M M 3 1 11 90
9 46 22 34 11 31 0 0.01 0.0 5 2.3 13 150 M M 3 16 15 160
10 60 24 42 18 23 0 0.00 0.0 5 2.6 12 270 M M 1 1 16 250
11 50 26 38 14 27 0 0.00 0.0 4 7.4 18 300 M M 4 25 280
12 47 21 34 10 31 0 0.00 0.0 4 3.2 13 330 M M 0 19 330
13 35 22 29 5 36 0 0.00 0.0 3 6.3 20 30 M M 7 27 30
14 29 20 25 1 40 0 0.03 1.0 4 16.5 31 320 M M 4 18 47 290
15 36 19 28 3 37 0 0.12 1.8 5 10.4 24 320 M M 3 12 35 300
16 35 19 27 2 38 0 0.01 0.2 5 9.6 29 320 M M 5 1 41 310
17 33 17 25 0 40 0 T 0.1 5 5.5 21 310 M M 7 1 30 310
18 33 8 21 -4 44 0 0.00 0.0 5 5.6 17 230 M M 6 24 230
19 33 19 26 0 39 0 T T 5 9.4 22 320 M M 2 32 280
20 38 9 24 -2 41 0 0.00 0.0 5 3.4 13 290 M M 0 17 290
21 40 10 25 -1 40 0 0.00 0.0 4 2.7 12 170 M M 2 17 140
22 42 16 29 3 36 0 T T 4 2.2 12 140 M M 3 1 16 150
23 44 30 37 10 28 0 0.23 1.8 5 2.0 9 170 M M 7 12 13 160
24 33 14 24 -3 41 0 0.00 0.0 4 12.5 24 310 M M 4 12 34 310
25 37 9 23 -4 42 0 0.00 0.0 4 4.5 14 320 M M 0 18 300
26 56 25 41 13 24 0 0.00 0.0 4 6.3 14 230 M M 3 17 230
27 60 22 41 13 24 0 0.02 0.0 3 3.7 13 150 M M 1 24 150
28 56 38 47 19 18 0 0.12 T 2 11.3 29 290 M M 10 1 39 310
29 38 20 29 1 36 0 T T 1 18.0 35 300 M M 3 56 300
================================================================================
SM 1191 562 1003 0 0.54 4.9 182.1 M 100
================================================================================
AV 41.1 19.4 6.3 FASTST M M 3 MAX(MPH)
MISC ----> 35 300 56 300
================================================================================
NOTES:
# LAST OF SEVERAL OCCURRENCES
COLUMN 17 PEAK WIND IN M.P.H.
PRELIMINARY LOCAL CLIMATOLOGICAL DATA (WS FORM: F-6) , PAGE 2
STATION: CONCORD NH
MONTH: FEBRUARY
YEAR: 2024
LATITUDE: 43 12 N
LONGITUDE: 71 30 W
[TEMPERATURE DATA] [PRECIPITATION DATA] SYMBOLS USED IN COLUMN 16
AVERAGE MONTHLY: 30.2 TOTAL FOR MONTH: 0.54 1 = FOG OR MIST
DPTR FM NORMAL: 5.5 DPTR FM NORMAL: -2.21 2 = FOG REDUCING VISIBILITY
HIGHEST: 60 ON 27,10 GRTST 24HR 0.23 ON 22-23 TO 1/4 MILE OR LESS
LOWEST: 8 ON 18 3 = THUNDER
SNOW, ICE PELLETS, HAIL 4 = ICE PELLETS
TOTAL MONTH: 4.9 INCHES 5 = HAIL
GRTST 24HR 1.8 ON 15-15 6 = FREEZING RAIN OR DRIZZLE
GRTST DEPTH: 8 ON 1 7 = DUSTSTORM OR SANDSTORM:
VSBY 1/2 MILE OR LESS
8 = SMOKE OR HAZE
[NO. OF DAYS WITH] [WEATHER - DAYS WITH] 9 = BLOWING SNOW
X = TORNADO
MAX 32 OR BELOW: 1 0.01 INCH OR MORE: 7
MAX 90 OR ABOVE: 0 0.10 INCH OR MORE: 3
MIN 32 OR BELOW: 28 0.50 INCH OR MORE: 0
MIN 0 OR BELOW: 0 1.00 INCH OR MORE: 0
[HDD (BASE 65) ]
TOTAL THIS MO. 1003 CLEAR (SCALE 0-3) 16
DPTR FM NORMAL -124 PTCLDY (SCALE 4-7) 10
TOTAL FM JUL 1 4406 CLOUDY (SCALE 8-10) 3
DPTR FM NORMAL -732
[CDD (BASE 65) ]
TOTAL THIS MO. 0
DPTR FM NORMAL 0 [PRESSURE DATA]
TOTAL FM JAN 1 0 HIGHEST SLP 30.57 ON 21
DPTR FM NORMAL 0 LOWEST SLP 29.37 ON 28
[REMARKS]
#FINAL-02-24#