000
CXUS55 KPUB 021901
CLSCOS
CLIMATE REPORT
NATIONAL WEATHER SERVICE
100 PM MDT THU JUN 02 2022
...................................
...THE COLORADO SPRINGS CO CLIMATE SUMMARY FOR THE SEASON, FROM
3/1/2022 TO 5/31/2022...
CLIMATE NORMAL PERIOD 1991 TO 2020
CLIMATE RECORD PERIOD 1872 TO 2022
WEATHER OBSERVED NORMAL DEPART LAST YEAR`S
VALUE DATE(S) VALUE FROM VALUE DATE(S)
NORMAL
................................................................
TEMPERATURE (F)
RECORD
HIGH 94 05/30/2000
LOW -16 03/02/1943
HIGHEST 91 05/07 84 05/01
05/11
LOWEST 4 03/11 18 03/01
03/10
04/20
AVG. MAXIMUM 65.1 62.2 2.9 60.3
AVG. MINIMUM 36.1 34.9 1.2 34.8
MEAN 50.6 48.6 2.0 47.5
DAYS MAX >= 90 3 0.4 2.6
DAYS MAX <= 32 3 2.4 0.6
DAYS MIN <= 32 33 39.5 -6.5
DAYS MIN <= 0 0 0.1 -0.1
PRECIPITATION (INCHES)
RECORD
MAXIMUM 12.13 1957
MINIMUM 1.14 2006
TOTALS 2.78 4.23 -1.45 6.13
DAILY AVG. 0.03 0.05 -0.02
DAYS >= .01 19 25.2 -6.2
DAYS >= .10 10 10.8 -0.8
DAYS >= .50 1 1.7 -0.7
DAYS >= 1.00 0 0.5 -0.5
GREATEST
24 HR. TOTAL 1.14 05/20 TO 05/21
SNOWFALL (INCHES)
RECORDS
MAXIMUM 63.1 1957
MINIMUM T 1946
TOTALS 18.2 11.8 6.4 21.7
SINCE 7/1 33.4 32.5 0.9 54.3
SNOWDEPTH AVG. 0
DAYS >= 1.0 6 3.8 2.2
GREATEST
SNOW DEPTH 9 05/21 6
24 HR TOTAL 10.3 05/20 TO 05/21 6.3
DEGREE DAYS
HEATING TOTAL 1347 1528 -181 1584
SINCE 7/1 5037 5838 -801 5889
COOLING TOTAL 46 18 28 3
SINCE 1/1 46 18 28 3
................................................................
WIND (MPH)
AVERAGE WIND SPEED 11.9
HIGHEST WIND SPEED/DIRECTION 51/360 DATE 03/23
HIGHEST GUST SPEED/DIRECTION 69/290 DATE 04/05
SKY COVER
POSSIBLE SUNSHINE (PERCENT) MM
AVERAGE SKY COVER 0.50
NUMBER OF DAYS FAIR 24
NUMBER OF DAYS PC 52
NUMBER OF DAYS CLOUDY 16
AVERAGE RH (PERCENT) 39
WEATHER CONDITIONS. NUMBER OF DAYS WITH
THUNDERSTORM 4 MIXED PRECIP 5
HEAVY RAIN 1 RAIN 5
LIGHT RAIN 17 FREEZING RAIN 0
LT FREEZING RAIN 2 HAIL 0
HEAVY SNOW 3 SNOW 7
LIGHT SNOW 16 SLEET 0
FOG 14 FOG W/VIS <= 1/4 MILE 3
HAZE 8
- INDICATES NEGATIVE NUMBERS.
R INDICATES RECORD WAS SET OR TIED.
MM INDICATES DATA IS MISSING.
T INDICATES TRACE AMOUNT.
$$