000
CXUS53 KLSX 011550 CCA
CF6COU
PRELIMINARY LOCAL CLIMATOLOGICAL DATA (WS FORM: F-6)
STATION: COLUMBIA ASOS
MONTH: AUGUST
YEAR: 2022
LATITUDE: 38 49 N
LONGITUDE: 92 13 W
TEMPERATURE IN F: :PCPN: SNOW: WIND :SUNSHINE: SKY :PK WND
================================================================================
1 2 3 4 5 6A 6B 7 8 9 10 11 12 13 14 15 16 17 18
12Z AVG MX 2MIN
DY MAX MIN AVG DEP HDD CDD WTR SNW DPTH SPD SPD DIR MIN PSBL S-S WX SPD DR
================================================================================
1 96 74 85 6 0 20 0.00 0.0 0 7.6 15 210 M M 0 21 210
2 97 74 86 7 0 21 0.00 0.0 0 9.5 23 150 M M 0 31 170
3 99 77 88 9 0 23 0.08 0.0 0 8.3 17 210 M M 2 13 23 200
4 92 74 83 4 0 18 0.00 0.0 0 5.8 12 280 M M 4 15 210
5 97 74 86 8 0 21 0.00 0.0 0 4.4 12 140 M M 2 12 17 150
6 98 77 88 10 0 23 0.00 0.0 0 9.1 15 240 M M 1 21 210
7 97 76 87 9 0 22 0.00 0.0 0 8.9 16 220 M M 0 22 240
8 92 73 83 5 0 18 0.65 0.0 0 8.3 23 250 M M 2 138 34 240
9 86 70 78 0 0 13 T 0.0 0 5.0 14 30 M M 3 13 19 20
10 87 66 77 -1 0 12 0.00 0.0 0 5.2 13 30 M M 3 1 20 10
11 90 62 76 -2 0 11 0.00 0.0 0 3.8 10 90 M M 0 14 70
12 89 70 80 2 0 15 0.00 0.0 0 5.9 14 70 M M 0 17 70
13 93 66 80 2 0 15 0.00 0.0 0 9.6 21 220 M M 0 26 230
14 90 71 81 3 0 16 0.00 0.0 0 8.1 13 20 M M 2 18 230
15 82 67 75 -3 0 10 0.10 0.0 0 7.2 15 60 M M 4 20 60
16 73 66 70 -8 0 5 1.62 0.0 0 5.4 17 160 M M 9 13 25 150
17 85 65 75 -2 0 10 0.00 0.0 0 6.8 14 70 M M 1 1 18 60
18 85 61 73 -4 0 8 0.00 0.0 0 3.0 8 190 M M 1 12 190
19 86 63 75 -2 0 10 0.02 0.0 0 7.5 17 220 M M 2 3 23 210
20 87 67 77 0 0 12 0.01 0.0 0 8.0 21 230 M M 2 38 25 230
21 86 64 75 -2 0 10 0.00 0.0 0 6.2 14 360 M M 2 19 340
22 86 63 75 -2 0 10 0.00 0.0 0 4.6 12 30 M M 2 1 17 70
23 87 65 76 0 0 11 0.00 0.0 0 3.4 8 90 M M 4 11 110
24 89 67 78 2 0 13 0.00 0.0 0 4.2 8 100 M M 0 12 60
25 92 66 79 3 0 14 0.00 0.0 0 6.4 16 290 M M 1 25 310
26 91 68 80 4 0 15 0.00 0.0 0 4.8 10 80 M M 1 14 20
27 93 69 81 5 0 16 0.17 0.0 0 7.2 25 160 M M 1 13 36 170
28 87 72 80 5 0 15 0.04 0.0 0 9.2 16 160 M M 2 13 23 170
29 92 70 81 6 0 16 0.00 0.0 0 9.2 21 230 M M 2 28 220
30 91 65 78 3 0 13 0.00 0.0 0 6.5 18 320 M M 1 29 320
31 89 59 74 0 0 9 0.00 0.0 0 3.7 9 20 M M 0 13 320
================================================================================
SM 2784 2121 0 445 2.69 0.0 202.8 M 54
================================================================================
AV 89.8 68.4 6.5 FASTST M M 2 MAX(MPH)
MISC ----> 25 160 36 170
================================================================================
NOTES:
# LAST OF SEVERAL OCCURRENCES
COLUMN 17 PEAK WIND IN M.P.H.
PRELIMINARY LOCAL CLIMATOLOGICAL DATA (WS FORM: F-6) , PAGE 2
STATION: COLUMBIA ASOS
MONTH: AUGUST
YEAR: 2022
LATITUDE: 38 49 N
LONGITUDE: 92 13 W
[TEMPERATURE DATA] [PRECIPITATION DATA] SYMBOLS USED IN COLUMN 16
AVERAGE MONTHLY: 79.1 TOTAL FOR MONTH: 2.69 1 = FOG OR MIST
DPTR FM NORMAL: 1.9 DPTR FM NORMAL: -1.45 2 = FOG REDUCING VISIBILITY
HIGHEST: 99 ON 3 GRTST 24HR 1.72 ON 15-16 TO 1/4 MILE OR LESS
LOWEST: 59 ON 31 3 = THUNDER
SNOW, ICE PELLETS, HAIL 4 = ICE PELLETS
TOTAL MONTH: 0.0 INCH 5 = HAIL
GRTST 24HR 0.0 6 = FREEZING RAIN OR DRIZZLE
GRTST DEPTH: 0 7 = DUSTSTORM OR SANDSTORM:
VSBY 1/2 MILE OR LESS
8 = SMOKE OR HAZE
[NO. OF DAYS WITH] [WEATHER - DAYS WITH] 9 = BLOWING SNOW
X = TORNADO
MAX 32 OR BELOW: 0 0.01 INCH OR MORE: 8
MAX 90 OR ABOVE: 16 0.10 INCH OR MORE: 4
MIN 32 OR BELOW: 0 0.50 INCH OR MORE: 2
MIN 0 OR BELOW: 0 1.00 INCH OR MORE: 1
[HDD (BASE 65) ]
TOTAL THIS MO. 0 CLEAR (SCALE 0-3) 27
DPTR FM NORMAL -1 PTCLDY (SCALE 4-7) 3
TOTAL FM JUL 1 0 CLOUDY (SCALE 8-10) 1
DPTR FM NORMAL -1
[CDD (BASE 65) ]
TOTAL THIS MO. 445
DPTR FM NORMAL 66 [PRESSURE DATA]
TOTAL FM JAN 1 1468 HIGHEST SLP 30.19 ON 12
DPTR FM NORMAL 230 LOWEST SLP 29.76 ON 28
[REMARKS]
#FINAL-08-22#