000
CXUS53 KLSX 011400
CF6COU
PRELIMINARY LOCAL CLIMATOLOGICAL DATA (WS FORM: F-6)
STATION: COLUMBIA ASOS
MONTH: JULY
YEAR: 2020
LATITUDE: 38 49 N
LONGITUDE: 92 13 W
TEMPERATURE IN F: :PCPN: SNOW: WIND :SUNSHINE: SKY :PK WND
================================================================================
1 2 3 4 5 6A 6B 7 8 9 10 11 12 13 14 15 16 17 18
12Z AVG MX 2MIN
DY MAX MIN AVG DEP HDD CDD WTR SNW DPTH SPD SPD DIR MIN PSBL S-S WX SPD DR
================================================================================
1 83 70 77 0 0 12 0.32 0.0 0 6.2 37 310 M M 2 13 53 310
2 89 69 79 2 0 14 0.00 0.0 0 4.9 10 40 M M 3 1 13 60
3 90 74 82 5 0 17 0.38 0.0 0 6.5 17 50 M M 6 13 23 50
4 89 75 82 5 0 17 0.00 0.0 0 6.3 12 80 M M 3 1 16 70
5 92 72 82 5 0 17 0.00 0.0 0 6.4 12 100 M M 2 18 17 80
6 91 73 82 5 0 17 0.00 0.0 0 5.0 9 70 M M 0 13 120
7 93 72 83 6 0 18 0.00 0.0 0 3.5 22 210 M M 1 18 31 180
8 93 73 83 6 0 18 0.00 0.0 0 4.7 12 210 M M 1 14 220
9 92 72 82 5 0 17 0.00 0.0 0 9.8 22 210 M M 1 28 210
10 92 68 80 3 0 15 0.00 0.0 0 5.7 12 330 M M 0 15 330
11 95 69 82 5 0 17 0.00 0.0 0 7.6 17 230 M M 1 24 230
12 89 70 80 3 0 15 0.00 0.0 0 8.8 18 330 M M 1 24 320
13 90 67 79 1 0 14 0.00 0.0 0 6.8 13 120 M M 1 18 100
14 90 68 79 1 0 14 0.00 0.0 0 8.9 18 140 M M 0 25 150
15 88 69 79 1 0 14 0.05 0.0 0 9.7 25 310 M M 5 13 35 300
16 87 64 76 -2 0 11 0.00 0.0 0 3.9 12 120 M M 2 12 18 120
17 93 71 82 4 0 17 0.00 0.0 0 7.6 22 220 M M 0 27 220
18 95 75 85 7 0 20 0.00 0.0 0 12.3 22 210 M M 0 30 200
19 91 70 81 3 0 16 1.86 0.0 0 9.9 23 160 M M 5 13 37 190
20 82 71 77 -1 0 12 0.38 0.0 0 5.9 18 310 M M 5 13 26 320
21 88 72 80 2 0 15 0.30 0.0 0 6.8 20 10 M M 4 13 28 290
22 90 71 81 3 0 16 0.00 0.0 0 4.1 10 320 M M 4 128 13 340
23 92 72 82 4 0 17 0.00 0.0 0 6.3 13 70 M M 0 16 60
24 92 72 82 4 0 17 0.00 0.0 0 5.6 10 90 M M 0 13 150
25 91 74 83 6 0 18 0.00 0.0 0 6.2 13 130 M M 0 18 140
26 93 74 84 7 0 19 0.00 0.0 0 6.6 21 200 M M 1 25 200
27 84 71 78 1 0 13 0.01 0.0 0 4.0 16 340 M M 5 13 19 340
28 88 68 78 1 0 13 0.00 0.0 0 5.2 14 140 M M 2 12 19 150
29 87 72 80 3 0 15 0.56 0.0 0 5.8 18 220 M M 6 13 24 220
30 82 72 77 0 0 12 0.32 0.0 0 8.3 17 60 M M 10 1 26 70
31 75 68 72 -5 0 7 0.52 0.0 0 11.0 21 40 M M 9 1 26 40
================================================================================
SM 2766 2198 0 474 4.70 0.0 210.3 M 80
================================================================================
AV 89.2 70.9 6.8 FASTST M M 3 MAX(MPH)
MISC ----> 37 310 53 310
================================================================================
NOTES:
# LAST OF SEVERAL OCCURRENCES
COLUMN 17 PEAK WIND IN M.P.H.
PRELIMINARY LOCAL CLIMATOLOGICAL DATA (WS FORM: F-6) , PAGE 2
STATION: COLUMBIA ASOS
MONTH: JULY
YEAR: 2020
LATITUDE: 38 49 N
LONGITUDE: 92 13 W
[TEMPERATURE DATA] [PRECIPITATION DATA] SYMBOLS USED IN COLUMN 16
AVERAGE MONTHLY: 80.1 TOTAL FOR MONTH: 4.70 1 = FOG OR MIST
DPTR FM NORMAL: 2.8 DPTR FM NORMAL: 0.33 2 = FOG REDUCING VISIBILITY
HIGHEST: 95 ON 11,18 GRTST 24HR 2.24 ON 19-20 TO 1/4 MILE OR LESS
LOWEST: 64 ON 16 3 = THUNDER
SNOW, ICE PELLETS, HAIL 4 = ICE PELLETS
TOTAL MONTH: 0.0 INCH 5 = HAIL
GRTST 24HR 0.0 6 = FREEZING RAIN OR DRIZZLE
GRTST DEPTH: 0 7 = DUSTSTORM OR SANDSTORM:
VSBY 1/2 MILE OR LESS
8 = SMOKE OR HAZE
[NO. OF DAYS WITH] [WEATHER - DAYS WITH] 9 = BLOWING SNOW
X = TORNADO
MAX 32 OR BELOW: 0 0.01 INCH OR MORE: 10
MAX 90 OR ABOVE: 18 0.10 INCH OR MORE: 8
MIN 32 OR BELOW: 0 0.50 INCH OR MORE: 3
MIN 0 OR BELOW: 0 1.00 INCH OR MORE: 1
[HDD (BASE 65) ]
TOTAL THIS MO. 0 CLEAR (SCALE 0-3) 21
DPTR FM NORMAL 0 PTCLDY (SCALE 4-7) 8
TOTAL FM JUL 1 0 CLOUDY (SCALE 8-10) 2
DPTR FM NORMAL 0
[CDD (BASE 65) ]
TOTAL THIS MO. 474
DPTR FM NORMAL 92 [PRESSURE DATA]
TOTAL FM JAN 1 896 HIGHEST SLP 30.12 ON 24
DPTR FM NORMAL 163 LOWEST SLP 29.73 ON 1
[REMARKS]
#FINAL-07-20#