000
CXUS53 KLSX 021700 CCA
CF6COU
PRELIMINARY LOCAL CLIMATOLOGICAL DATA (WS FORM: F-6)
STATION: COLUMBIA ASOS
MONTH: DECEMBER
YEAR: 2023
LATITUDE: 38 49 N
LONGITUDE: 92 13 W
TEMPERATURE IN F: :PCPN: SNOW: WIND :SUNSHINE: SKY :PK WND
================================================================================
1 2 3 4 5 6A 6B 7 8 9 10 11 12 13 14 15 16 17 18
12Z AVG MX 2MIN
DY MAX MIN AVG DEP HDD CDD WTR SNW DPTH SPD SPD DIR MIN PSBL S-S WX SPD DR
================================================================================
1 50 37 44 5 21 0 0.64 0.0 0 9.3 15 270 M M 10 1 21 260
2 40 35 38 -1 27 0 0.11 0.0 0 4.0 12 90 M M 10 1 14 80
3 49 36 43 4 22 0 0.01 0.0 0 8.5 20 270 M M 6 1 26 260
4 44 37 41 3 24 0 0.15 0.0 0 8.9 17 30 M M 7 1 24 230
5 45 34 40 2 25 0 0.00 0.0 0 12.6 25 310 M M 7 34 320
6 49 25 37 -1 28 0 0.00 0.0 0 8.4 16 190 M M 1 1 24 190
7 68 37 53 15 12 0 0.00 0.0 0 13.3 26 200 M M 0 34 200
8 62 49 56 19 9 0 0.61 0.0 0 12.2 22 160 M M 8 13 29 160
9 51 36 44 7 21 0 0.02 0.0 0 13.1 25 310 M M 6 37 300
10 43 27 35 -2 30 0 0.00 0.0 0 9.2 21 310 M M 0 29 310
11 50 26 38 2 27 0 0.00 0.0 0 8.4 16 230 M M 1 20 210
12 48 31 40 4 25 0 0.00 0.0 0 7.0 17 30 M M 0 24 40
13 53 32 43 7 22 0 0.00 0.0 0 7.2 12 130 M M 1 16 120
14 58 31 45 10 20 0 0.00 0.0 0 7.4 16 160 M M 0 8 22 160
15 62 42 52 17 13 0 0.05 0.0 0 9.5 22 180 M M 2 29 160
16 49 39 44 9 21 0 0.17 0.0 0 9.5 22 300 M M 10 1 29 300
17 51 37 44 9 21 0 0.00 0.0 0 9.6 16 310 M M 5 21 310
18 37 23 30 -4 35 0 0.00 0.0 0 12.2 24 300 M M 0 32 310
19 45 18 32 -2 33 0 0.00 0.0 0 9.7 18 160 M M 0 25 170
20 59 35 47 13 18 0 0.00 0.0 0 9.7 15 190 M M 0 22 200
21 50 45 48 14 17 0 T 0.0 0 7.9 13 170 M M 10 17 170
22 53 49 51 17 14 0 0.16 0.0 0 8.4 13 180 M M 10 1 16 180
23 59 50 55 22 10 0 0.00 0.0 0 6.8 12 180 M M 9 1 15 210
24 61 49 55 22 10 0 0.23 0.0 0 12.3 24 160 M M 7 18 32 150
25 54 34 44 11 21 0 0.47 0.0 0 14.5 23 240 M M 10 1 30 230
26 45 34 40 7 25 0 0.00 0.0 0 12.4 23 180 M M 9 32 200
27 40 32 36 4 29 0 0.06 T 0 7.7 17 240 M M 10 1 25 200
28 44 32 38 6 27 0 0.12 1.0 0 13.7 24 310 M M 8 1 34 320
29 36 30 33 1 32 0 0.10 1.0 2 9.1 16 300 M M 9 1 21 290
30 48 26 37 5 28 0 0.00 0.0 0 7.5 15 250 M M 0 20 260
31 37 31 34 2 31 0 0.00 0.0 0 12.5 22 310 M M 8 29 310
================================================================================
SM 1540 1079 698 0 2.90 2.0 302.5 M 164
================================================================================
AV 49.7 34.8 9.8 FASTST M M 5 MAX(MPH)
MISC ----> 26 200 37 300
================================================================================
NOTES:
# LAST OF SEVERAL OCCURRENCES
COLUMN 17 PEAK WIND IN M.P.H.
PRELIMINARY LOCAL CLIMATOLOGICAL DATA (WS FORM: F-6) , PAGE 2
STATION: COLUMBIA ASOS
MONTH: DECEMBER
YEAR: 2023
LATITUDE: 38 49 N
LONGITUDE: 92 13 W
[TEMPERATURE DATA] [PRECIPITATION DATA] SYMBOLS USED IN COLUMN 16
AVERAGE MONTHLY: 42.2 TOTAL FOR MONTH: 2.90 1 = FOG OR MIST
DPTR FM NORMAL: 7.0 DPTR FM NORMAL: 0.81 2 = FOG REDUCING VISIBILITY
HIGHEST: 68 ON 7 GRTST 24HR 0.64 ON 1 TO 1/4 MILE OR LESS
LOWEST: 18 ON 19 3 = THUNDER
SNOW, ICE PELLETS, HAIL 4 = ICE PELLETS
TOTAL MONTH: 2.0 INCHES 5 = HAIL
GRTST 24HR 1.0 ON 28 6 = FREEZING RAIN OR DRIZZLE
GRTST DEPTH: 2 ON 29 7 = DUSTSTORM OR SANDSTORM:
VSBY 1/2 MILE OR LESS
8 = SMOKE OR HAZE
[NO. OF DAYS WITH] [WEATHER - DAYS WITH] 9 = BLOWING SNOW
X = TORNADO
MAX 32 OR BELOW: 0 0.01 INCH OR MORE: 14
MAX 90 OR ABOVE: 0 0.10 INCH OR MORE: 10
MIN 32 OR BELOW: 13 0.50 INCH OR MORE: 2
MIN 0 OR BELOW: 0 1.00 INCH OR MORE: 0
[HDD (BASE 65) ]
TOTAL THIS MO. 698 CLEAR (SCALE 0-3) 12
DPTR FM NORMAL -227 PTCLDY (SCALE 4-7) 6
TOTAL FM JUL 1 1507 CLOUDY (SCALE 8-10) 13
DPTR FM NORMAL -326
[CDD (BASE 65) ]
TOTAL THIS MO. 0
DPTR FM NORMAL 0 [PRESSURE DATA]
TOTAL FM JAN 1 1604 HIGHEST SLP 30.70 ON 14
DPTR FM NORMAL 157 LOWEST SLP 29.60 ON 8
[REMARKS]
#FINAL-12-23#