000
CXUS53 KLSX 271400
CF6COU
PRELIMINARY LOCAL CLIMATOLOGICAL DATA (WS FORM: F-6)
STATION: COLUMBIA ASOS
MONTH: MARCH
YEAR: 2024
LATITUDE: 38 49 N
LONGITUDE: 92 13 W
TEMPERATURE IN F: :PCPN: SNOW: WIND :SUNSHINE: SKY :PK WND
================================================================================
1 2 3 4 5 6A 6B 7 8 9 10 11 12 13 14 15 16 17 18
12Z AVG MX 2MIN
DY MAX MIN AVG DEP HDD CDD WTR SNW DPTH SPD SPD DIR MIN PSBL S-S WX SPD DR
================================================================================
1 51 34 43 3 22 0 0.02 T 0 8.1 17 190 M M 5 1 22 190
2 70 34 52 11 13 0 0.00 0.0 0 14.5 25 150 M M 0 37 150
3 83 53 68 27 0 3 0.00 0.0 0 17.9 30 200 M M 0 42 200
4 79 51 65 23 0 0 0.06 0.0 0 13.9 29 170 M M 3 3 41 170
5 51 44 48 6 17 0 0.01 0.0 0 11.5 18 10 M M 9 13 24 10
6 63 34 49 7 16 0 0.00 0.0 0 7.6 16 80 M M 2 12 21 90
7 54 41 48 5 17 0 0.93 0.0 0 10.4 21 140 M M 7 1 29 130
8 54 39 47 4 18 0 0.01 0.0 0 11.5 22 340 M M 10 1 28 340
9 51 31 41 -2 24 0 0.00 0.0 0 12.3 22 310 M M 3 31 290
10 57 29 43 -1 22 0 0.00 0.0 0 5.6 13 280 M M 0 16 290
11 69 37 53 9 12 0 0.00 0.0 0 11.6 23 230 M M 0 35 220
12 76 43 60 16 5 0 0.14 0.0 0 11.9 22 200 M M 1 13 32 210
13 76 49 63 18 2 0 0.22 0.0 0 9.2 21 180 M M 2 13 32 210
14 78 50 64 19 1 0 0.18 0.0 0 11.9 26 310 M M 6 13 37 310
15 63 45 54 8 11 0 0.00 0.0 0 10.4 23 10 M M 3 29 10
16 66 42 54 8 11 0 0.00 0.0 0 11.6 28 260 M M 1 38 270
17 52 28 40 -6 25 0 0.00 0.0 0 14.7 29 320 M M 1 40 320
18 38 24 31 -16 34 0 0.00 0.0 0 11.2 20 320 M M 0 33 330
19 66 25 46 -1 19 0 0.00 0.0 0 11.8 25 230 M M 0 35 230
20 56 37 47 0 18 0 0.00 0.0 0 10.4 20 360 M M 1 25 20
21 58 34 46 -2 19 0 0.00 0.0 0 10.9 17 110 M M 1 26 130
22 66 36 51 3 14 0 0.00 0.0 0 13.1 31 10 M M 5 39 10
23 51 34 43 -5 22 0 0.00 0.0 0 10.4 20 120 M M 6 29 130
24 67 41 54 5 11 0 0.01 0.0 0 14.8 25 170 M M 3 37 160
25 58 48 53 4 12 0 1.61 0.0 0 14.0 33 150 M M 8 1 48 150
26 51 35 43 -7 22 0 T 0.0 0 16.9 29 220 M M 10 39 250
================================================================================
SM 1604 998 387 3 3.19 T 308.1 M 87
================================================================================
AV 61.7 38.4 11.8 FASTST M M 3 MAX(MPH)
MISC ----> 33 150 48 150
================================================================================
NOTES:
# LAST OF SEVERAL OCCURRENCES
COLUMN 17 PEAK WIND IN M.P.H.
PRELIMINARY LOCAL CLIMATOLOGICAL DATA (WS FORM: F-6) , PAGE 2
STATION: COLUMBIA ASOS
MONTH: MARCH
YEAR: 2024
LATITUDE: 38 49 N
LONGITUDE: 92 13 W
[TEMPERATURE DATA] [PRECIPITATION DATA] SYMBOLS USED IN COLUMN 16
AVERAGE MONTHLY: 50.0 TOTAL FOR MONTH: 3.19 1 = FOG OR MIST
DPTR FM NORMAL: 5.0 DPTR FM NORMAL: 0.77 2 = FOG REDUCING VISIBILITY
HIGHEST: 83 ON 3 GRTST 24HR 1.61 ON 24-25 TO 1/4 MILE OR LESS
LOWEST: 24 ON 18 3 = THUNDER
SNOW, ICE PELLETS, HAIL 4 = ICE PELLETS
TOTAL MONTH: T 5 = HAIL
GRTST 24HR T ON 1- 1 6 = FREEZING RAIN OR DRIZZLE
GRTST DEPTH: 0 7 = DUSTSTORM OR SANDSTORM:
VSBY 1/2 MILE OR LESS
8 = SMOKE OR HAZE
[NO. OF DAYS WITH] [WEATHER - DAYS WITH] 9 = BLOWING SNOW
X = TORNADO
MAX 32 OR BELOW: 0 0.01 INCH OR MORE: 10
MAX 90 OR ABOVE: 0 0.10 INCH OR MORE: 5
MIN 32 OR BELOW: 5 0.50 INCH OR MORE: 2
MIN 0 OR BELOW: 0 1.00 INCH OR MORE: 1
[HDD (BASE 65) ]
TOTAL THIS MO. 387 CLEAR (SCALE 0-3) 17
DPTR FM NORMAL -136 PTCLDY (SCALE 4-7) 5
TOTAL FM JUL 1 3628 CLOUDY (SCALE 8-10) 4
DPTR FM NORMAL -600
[CDD (BASE 65) ]
TOTAL THIS MO. 3
DPTR FM NORMAL 3 [PRESSURE DATA]
TOTAL FM JAN 1 3 HIGHEST SLP M ON M
DPTR FM NORMAL 3 LOWEST SLP 29.38 ON 25
[REMARKS]