000
CXUS55 KRIW 011425
CF6CPR
PRELIMINARY LOCAL CLIMATOLOGICAL DATA (WS FORM: F-6)
STATION: CASPER WY
MONTH: MARCH
YEAR: 2021
LATITUDE: 42 55 N
LONGITUDE: 106 28 W
TEMPERATURE IN F: :PCPN: SNOW: WIND :SUNSHINE: SKY :PK WND
================================================================================
1 2 3 4 5 6A 6B 7 8 9 10 11 12 13 14 15 16 17 18
12Z AVG MX 2MIN
DY MAX MIN AVG DEP HDD CDD WTR SNW DPTH SPD SPD DIR MIN PSBL S-S WX SPD DR
================================================================================
1 42 19 31 1 34 0 0.00 0.0 0 23.5 38 200 M M 0 49 210
2 52 32 42 11 23 0 0.00 0.0 0 22.9 35 230 M M 0 45 230
3 55 18 37 6 28 0 0.00 0.0 0 10.3 23 210 M M 0 30 220
4 56 14 35 3 30 0 0.00 0.0 0 6.1 17 230 M M 0 22 240
5 56 25 41 9 24 0 0.00 0.0 0 14.0 26 210 M M 0 34 200
6 61 33 47 15 18 0 0.00 0.0 0 22.3 41 200 M M 0 55 200
7 60 24 42 9 23 0 0.00 0.0 0 12.7 26 220 M M 0 37 220
8 66 29 48 15 17 0 0.00 0.0 0 15.3 33 220 M M 1 42 200
9 53 30 42 9 23 0 0.22 3.0 0 12.4 29 360 M M 3 1 37 360
10 31 13 22 -12 43 0 0.23 8.9 6 11.1 28 30 M M 10 1 35 30
11 30 1 16 -18 49 0 0.00 0.0 4 3.3 14 240 M M 2 128 16 240
12 31 4 18 -16 47 0 0.00 0.0 3 3.8 13 80 M M 7 18 15 80
13 33 26 30 -4 35 0 0.40 5.1 2 13.9 24 50 M M 10 12 31 60
14 32 24 28 -7 37 0 0.85 21.2 8 19.1 32 50 M M 10 12 43 40
15 36 21 29 -6 36 0 0.32 3.2 18 9.0 23 220 M M 9 12 29 220
16 36 25 31 -4 34 0 0.30 3.7 18 3.7 13 360 M M 10 18 16 10
17 38 10 24 -12 41 0 T 0.1 15 5.1 12 240 M M 3 12 14 260
18 40 2 21 -15 44 0 0.00 0.0 12 4.1 12 210 M M 1 12 13 210
19 50 17 34 -2 31 0 0.00 0.0 11 10.0 20 220 M M 0 1 M M
20 45 30 38 2 27 0 0.10 0.7 8 9.0 15 230 M M 3 1 M M
21 39 17 28 -9 37 0 0.24 3.0 9 3.4 10 350 M M 6 1 13 290
22 43 10 27 -10 38 0 0.00 0.0 6 8.1 21 220 M M 2 1 24 220
23 35 21 28 -9 37 0 0.04 0.7 5 14.8 30 10 M M 9 1 38 10
24 40 12 26 -11 39 0 0.00 0.0 4 11.3 22 210 M M 1 27 220
25 42 24 33 -5 32 0 0.00 0.0 3 11.5 20 220 M M 3 25 220
26 41 29 35 -3 30 0 0.04 0.3 1 5.2 14 20 M M 8 18 16 30
27 44 22 33 -5 32 0 0.09 1.0 1 7.4 23 320 M M 4 12 29 320
28 53 28 41 3 24 0 0.00 0.0 0 20.2 38 220 M M 0 55 220
29 54 20 37 -1 28 0 0.00 0.0 0 19.6 58 250 M M 2 90 260
30 36 18 27 -12 38 0 0.00 0.0 0 9.7 20 330 M M 1 30 280
31 49 17 33 -6 32 0 0.00 0.0 0 6.3 17 300 M M 0 24 270
================================================================================
SM 1379 615 1011 0 2.83 50.9 349.1 M 105
================================================================================
AV 44.5 19.8 11.3 FASTST M M 3 MAX(MPH)
MISC ----> 58 250 90 260
================================================================================
NOTES:
# LAST OF SEVERAL OCCURRENCES
COLUMN 17 PEAK WIND IN M.P.H.
PRELIMINARY LOCAL CLIMATOLOGICAL DATA (WS FORM: F-6) , PAGE 2
STATION: CASPER WY
MONTH: MARCH
YEAR: 2021
LATITUDE: 42 55 N
LONGITUDE: 106 28 W
[TEMPERATURE DATA] [PRECIPITATION DATA] SYMBOLS USED IN COLUMN 16
AVERAGE MONTHLY: 32.2 TOTAL FOR MONTH: 2.83 1 = FOG OR MIST
DPTR FM NORMAL: -3.0 DPTR FM NORMAL: 2.01 2 = FOG REDUCING VISIBILITY
HIGHEST: 66 ON 8 GRTST 24HR 1.25 ON 13-14 TO 1/4 MILE OR LESS
LOWEST: 1 ON 11 3 = THUNDER
SNOW, ICE PELLETS, HAIL 4 = ICE PELLETS
TOTAL MONTH: 50.9 INCHES 5 = HAIL
GRTST 24HR 21.2 ON 14-14 6 = FREEZING RAIN OR DRIZZLE
GRTST DEPTH: 18 ON 16,15 7 = DUSTSTORM OR SANDSTORM:
VSBY 1/2 MILE OR LESS
8 = SMOKE OR HAZE
[NO. OF DAYS WITH] [WEATHER - DAYS WITH] 9 = BLOWING SNOW
X = TORNADO
MAX 32 OR BELOW: 4 0.01 INCH OR MORE: 11
MAX 90 OR ABOVE: 0 0.10 INCH OR MORE: 8
MIN 32 OR BELOW: 30 0.50 INCH OR MORE: 1
MIN 0 OR BELOW: 0 1.00 INCH OR MORE: 0
[HDD (BASE 65) ]
TOTAL THIS MO. 1011 CLEAR (SCALE 0-3) 21
DPTR FM NORMAL 86 PTCLDY (SCALE 4-7) 4
TOTAL FM JUL 1 6532 CLOUDY (SCALE 8-10) 6
DPTR FM NORMAL 160
[CDD (BASE 65) ]
TOTAL THIS MO. 0
DPTR FM NORMAL 0 [PRESSURE DATA]
TOTAL FM JAN 1 0 HIGHEST SLP 30.48 ON 31
DPTR FM NORMAL 0 LOWEST SLP 29.41 ON 29
[REMARKS]
#FINAL-03-21#