000
CXUS53 KLSX 011400
CF6CPS
PRELIMINARY LOCAL CLIMATOLOGICAL DATA (WS FORM: F-6)
STATION: CAHOKIA/ST. LOUIS
MONTH: JULY
YEAR: 2020
LATITUDE: 38 34 N
LONGITUDE: 90 9 W
TEMPERATURE IN F: :PCPN: SNOW: WIND :SUNSHINE: SKY :PK WND
================================================================================
1 2 3 4 5 6A 6B 7 8 9 10 11 12 13 14 15 16 17 18
12Z AVG MX 2MIN
DY MAX MIN AVG DEP HDD CDD WTR SNW DPTH SPD SPD DIR MIN PSBL S-S WX SPD DR
================================================================================
1 79 67 73 -4 0 8 0.01 0.0 0 3.0 14 260 M M 4 3 24 280
2 90 67 79 2 0 14 0.00 0.0 0 2.3 9 150 M M 3 12 14 100
3 92 73 83 6 0 18 0.00 0.0 0 3.8 14 90 M M 2 18 19 80
4 92 69 81 4 0 16 0.00 0.0 0 2.4 12 70 M M 1 18 17 30
5 93 71 82 5 0 17 0.00 0.0 0 3.5 21 90 M M 2 1 26 90
6 94 71 83 5 0 18 0.00 0.0 0 1.8 8 200 M M 0 13 11 210
7 93 73 83 5 0 18 0.44 0.0 0 2.0 16 300 M M 1 3 23 300
8 94 72 83 5 0 18 0.03 0.0 0 4.0 35 80 M M 1 13 53 80
9 94 71 83 5 0 18 0.00 0.0 0 4.9 15 170 M M 1 23 160
10 90 72 81 3 0 16 0.00 0.0 0 9.1 18 330 M M 0 31 330
11 94 69 82 4 0 17 0.00 0.0 0 4.2 13 280 M M 0 20 250
12 88 73 81 3 0 16 0.00 0.0 0 9.2 18 360 M M 2 26 340
13 88 65 77 -1 0 12 0.00 0.0 0 3.7 12 70 M M 0 18 17 80
14 92 65 79 1 0 14 0.00 0.0 0 6.5 15 120 M M 0 21 140
15 93 69 81 3 0 16 2.01 0.0 0 7.7 22 300 M M 3 123 36 300
16 87 69 78 0 0 13 0.00 0.0 0 5.5 16 320 M M 4 20 320
17 94 71 83 5 0 18 0.00 0.0 0 4.7 14 140 M M 3 38 22 240
18 93 72 83 5 0 18 0.00 0.0 0 6.7 13 190 M M 1 25 220
19 93 72 83 5 0 18 M 0.0 0 5.7 35 330 M M 3 138 50 330
20 86 71 79 1 0 14 M 0.0 0 2.5 14 130 M M 4 17 120
21 91 70 81 3 0 16 1.12 0.0 0 6.1 18 350 M M 4 13 31 90
22 89 M M M M M M 0.0 0 3.4 12 140 M M 4 13 16 140
23 89 72 81 3 0 16 0.20 0.0 0 3.1 12 170 M M 3 13 17 180
24 92 69 81 3 0 16 0.00 0.0 0 2.9 10 70 M M 1 1 15 90
25 92 71 82 4 0 17 0.00 0.0 0 4.9 12 140 M M 0 15 150
26 92 73 83 5 0 18 0.00 0.0 0 4.3 12 200 M M 1 17 180
27 84 74 79 1 0 14 T 0.0 0 4.2 18 310 M M 4 3 26 310
28 88 69 79 1 0 14 0.00 0.0 0 3.9 9 150 M M 2 13 150
29 93 68 81 3 0 16 0.10 0.0 0 2.8 15 220 M M 3 13 26 210
30 86 72 79 1 0 14 0.79 0.0 0 7.0 16 350 M M 9 1 22 360
31 73 67 70 -8 0 5 M 0.0 0 8.7 20 20 M M 10 1 27 20
================================================================================
SM 2788 2107 0 463 4.70 0.0 144.5 M 76
================================================================================
AV 89.9 70.2 4.7 FASTST M M 2 MAX(MPH)
MISC ----> # 35 80 53 80
================================================================================
NOTES:
# LAST OF SEVERAL OCCURRENCES
COLUMN 17 PEAK WIND IN M.P.H.
PRELIMINARY LOCAL CLIMATOLOGICAL DATA (WS FORM: F-6) , PAGE 2
STATION: CAHOKIA/ST. LOUIS
MONTH: JULY
YEAR: 2020
LATITUDE: 38 34 N
LONGITUDE: 90 9 W
[TEMPERATURE DATA] [PRECIPITATION DATA] SYMBOLS USED IN COLUMN 16
AVERAGE MONTHLY: 80.1 TOTAL FOR MONTH: 4.70 1 = FOG OR MIST
DPTR FM NORMAL: 2.3 DPTR FM NORMAL: 1.11 2 = FOG REDUCING VISIBILITY
HIGHEST: 94 ON 17,11 GRTST 24HR 2.26 ON 30- 1 TO 1/4 MILE OR LESS
LOWEST: 65 ON 14,13 3 = THUNDER
SNOW, ICE PELLETS, HAIL 4 = ICE PELLETS
TOTAL MONTH: 0.0 INCH 5 = HAIL
GRTST 24HR 0.0 6 = FREEZING RAIN OR DRIZZLE
GRTST DEPTH: 0 7 = DUSTSTORM OR SANDSTORM:
VSBY 1/2 MILE OR LESS
8 = SMOKE OR HAZE
[NO. OF DAYS WITH] [WEATHER - DAYS WITH] 9 = BLOWING SNOW
X = TORNADO
MAX 32 OR BELOW: 0 0.01 INCH OR MORE: 8
MAX 90 OR ABOVE: 20 0.10 INCH OR MORE: 6
MIN 32 OR BELOW: 0 0.50 INCH OR MORE: 3
MIN 0 OR BELOW: 0 1.00 INCH OR MORE: 2
[HDD (BASE 65) ]
TOTAL THIS MO. 0 CLEAR (SCALE 0-3) 22
DPTR FM NORMAL 0 PTCLDY (SCALE 4-7) 7
TOTAL FM JUL 1 0 CLOUDY (SCALE 8-10) 2
DPTR FM NORMAL 0
[CDD (BASE 65) ]
TOTAL THIS MO. 463
DPTR FM NORMAL 66 [PRESSURE DATA]
TOTAL FM JAN 1 926 HIGHEST SLP 30.14 ON 24
DPTR FM NORMAL 117 LOWEST SLP 29.74 ON 30
[REMARKS]
#FINAL-07-20#