352
CXUS56 KLOX 011255
CF6CQT
PRELIMINARY LOCAL CLIMATOLOGICAL DATA (WS FORM: F-6)
STATION: DOWNTOWN LOS ANGELES (USC) CA
MONTH: FEBRUARY
YEAR: 2021
LATITUDE: 34 1 N
LONGITUDE: 118 17 W
TEMPERATURE IN F: :PCPN: SNOW: WIND :SUNSHINE: SKY :PK WND
================================================================================
1 2 3 4 5 6A 6B 7 8 9 10 11 12 13 14 15 16 17 18
12Z AVG MX 2MIN
DY MAX MIN AVG DEP HDD CDD WTR SNW DPTH SPD SPD DIR MIN PSBL S-S WX SPD DR
================================================================================
1 73 58 66 8 0 1 T M M 0.8 6 260 M M 5 8 9 270
2 71 54 63 5 2 0 0.00 M M 0.7 7 260 M M 3 11 260
3 67 49 58 0 7 0 0.00 M M 0.8 7 260 M M 0 13 260
4 66 52 59 1 6 0 0.00 M M 0.5 7 270 M M 4 12 260
5 69 50 60 2 5 0 0.00 M M 1.2 8 270 M M 0 18 13 270
6 73 47 60 2 5 0 0.00 M M 0.9 6 280 M M 0 11 270
7 69 48 59 1 6 0 0.00 M M 0.9 8 260 M M 2 128 12 270
8 65 51 58 -1 7 0 0.00 M M 1.3 8 270 M M 6 18 12 270
9 62 54 58 -1 7 0 0.00 M M 1.0 7 260 M M 8 8 11 270
10 62 52 57 -2 8 0 0.00 M M 0.7 8 260 M M 6 8 12 260
11 68 48 58 -1 7 0 0.00 M M 1.2 9 260 M M 2 18 16 270
12 70 55 63 4 2 0 T M M 3.2 12 270 M M 4 8 22 330
13 64 54 59 0 6 0 0.00 M M 2.3 10 340 M M 3 17 330
14 71 57 64 5 1 0 0.00 M M 4.8 14 270 M M 0 23 280
15 66 52 59 0 6 0 0.00 M M 2.3 8 90 M M 0 14 260
16 70 53 62 3 3 0 0.00 M M 3.7 13 260 M M 2 18 25 330
17 71 49 60 1 5 0 0.00 M M 2.6 10 270 M M 0 18 10
18 69 47 58 -1 7 0 0.00 M M 1.5 9 270 M M 0 8 14 270
19 71 47 59 0 6 0 0.00 M M 1.2 9 260 M M 0 15 260
20 68 47 58 -1 7 0 0.00 M M 3.5 14 330 M M 0 23 330
21 73 46 60 1 5 0 0.00 M M 1.1 8 260 M M 0 13 270
22 82 48 65 6 0 0 0.00 M M 0.6 8 270 M M 0 12 280
23 79 53 66 7 0 1 0.00 M M 1.4 10 270 M M 0 8 15 270
24 75 52 64 4 1 0 0.00 M M 1.1 8 260 M M 0 18 13 260
25 74 51 63 3 2 0 0.00 M M 0.8 6 270 M M 1 18 11 260
26 74 47 61 1 4 0 0.00 M M 0.9 8 260 M M 0 13 260
27 75 50 63 3 2 0 0.00 M M 3.5 12 330 M M 0 8 20 330
28 73 49 61 1 4 0 0.00 M M 0.7 8 260 M M 0 14 260
================================================================================
SM 1970 1420 121 2 T M 45.2 M 46
================================================================================
AV 70.4 50.7 1.6 FASTST M M 2 MAX(MPH)
MISC ----> # 14 270 25 330
================================================================================
NOTES:
# LAST OF SEVERAL OCCURRENCES
COLUMN 17 PEAK WIND IN M.P.H.
PRELIMINARY LOCAL CLIMATOLOGICAL DATA (WS FORM: F-6) , PAGE 2
STATION: DOWNTOWN LOS ANGELES (USC) CA
MONTH: FEBRUARY
YEAR: 2021
LATITUDE: 34 1 N
LONGITUDE: 118 17 W
[TEMPERATURE DATA] [PRECIPITATION DATA] SYMBOLS USED IN COLUMN 16
AVERAGE MONTHLY: 60.5 TOTAL FOR MONTH: T 1 = FOG OR MIST
DPTR FM NORMAL: 1.6 DPTR FM NORMAL: -3.80 2 = FOG REDUCING VISIBILITY
HIGHEST: 82 ON 22 GRTST 24HR T ON 1- 1 TO 1/4 MILE OR LESS
LOWEST: 46 ON 21 3 = THUNDER
SNOW, ICE PELLETS, HAIL 4 = ICE PELLETS
TOTAL MONTH: M 5 = HAIL
GRTST 24HR M ON M 6 = FREEZING RAIN OR DRIZZLE
GRTST DEPTH: M ON M 7 = DUSTSTORM OR SANDSTORM:
VSBY 1/2 MILE OR LESS
8 = SMOKE OR HAZE
[NO. OF DAYS WITH] [WEATHER - DAYS WITH] 9 = BLOWING SNOW
X = TORNADO
MAX 32 OR BELOW: 0 0.01 INCH OR MORE: 0
MAX 90 OR ABOVE: 0 0.10 INCH OR MORE: 0
MIN 32 OR BELOW: 0 0.50 INCH OR MORE: 0
MIN 0 OR BELOW: 0 1.00 INCH OR MORE: 0
[HDD (BASE 65) ]
TOTAL THIS MO. 121 CLEAR (SCALE 0-3) 21
DPTR FM NORMAL -63 PTCLDY (SCALE 4-7) 6
TOTAL FM JUL 1 576 CLOUDY (SCALE 8-10) 1
DPTR FM NORMAL -201
[CDD (BASE 65) ]
TOTAL THIS MO. 2
DPTR FM NORMAL -12 [PRESSURE DATA]
TOTAL FM JAN 1 21 HIGHEST SLP M ON M
DPTR FM NORMAL -3 LOWEST SLP 29.79 ON 13
[REMARKS]
#FINAL-02-21#