000
CXUS52 KILM 011100
CF6CRE
PRELIMINARY LOCAL CLIMATOLOGICAL DATA (WS FORM: F-6)
STATION: N.MYRTLE BEACH SOUTH CAROLINA
MONTH: NOVEMBER
YEAR: 2021
LATITUDE: 33 49 N
LONGITUDE: 78 43 W
TEMPERATURE IN F: :PCPN: SNOW: WIND :SUNSHINE: SKY :PK WND
================================================================================
1 2 3 4 5 6A 6B 7 8 9 10 11 12 13 14 15 16 17 18
12Z AVG MX 2MIN
DY MAX MIN AVG DEP HDD CDD WTR SNW DPTH SPD SPD DIR MIN PSBL S-S WX SPD DR
================================================================================
1 72 49 61 1 4 0 0.00 M M 4.0 12 20 M M 0 1 16 30
2 73 46 60 0 5 0 0.00 M M 3.8 16 20 M M 0 12 23 30
3 64 49 57 -3 8 0 0.00 M M 12.1 21 40 M M 2 27 40
4 60 44 52 -7 13 0 0.00 M M 11.2 17 40 M M 5 24 30
5 52 41 47 -12 18 0 0.00 M M 11.0 21 40 M M 0 28 40
6 57 46 52 -7 13 0 0.52 M M 17.7 30 10 M M 9 1 42 360
7 61 46 54 -4 11 0 0.53 M M 14.3 24 350 M M 4 1 40 10
8 71 43 57 -1 8 0 0.00 M M 7.3 18 20 M M 0 26 10
9 74 41 58 0 7 0 0.00 M M 2.6 9 200 M M 0 12 320
10 70 46 58 1 7 0 0.00 M M 2.3 10 200 M M 1 12 12 200
11 74 47 61 4 4 0 0.22 M M 5.0 16 170 M M 4 12 21 230
12 75 52 64 7 1 0 0.02 M M 5.8 15 220 M M 3 12 18 220
13 71 43 57 1 8 0 0.00 M M 5.2 13 20 M M 0 17 20
14 62 40 51 -5 14 0 0.00 M M 7.7 15 210 M M 0 18 210
15 64 40 52 -4 13 0 0.00 M M 4.5 13 310 M M 0 20 310
16 66 37 52 -4 13 0 0.00 M M 4.8 15 200 M M 0 17 200
17 68 44 56 1 9 0 0.00 M M 3.3 10 170 M M 0 12 170
18 74 51 63 8 2 0 0.00 M M 4.4 14 210 M M 1 17 200
19 65 41 53 -2 12 0 0.00 M M 9.6 23 10 M M 0 1 32 20
20 62 37 50 -5 15 0 0.00 M M 10.4 17 20 M M 2 24 30
21 72 42 57 3 8 0 0.00 M M 3.8 9 10 M M 1 1 14 20
22 64 48 56 2 9 0 0.02 M M 4.8 16 360 M M 7 12 24 360
23 50 28 39 -15 26 0 0.00 M M 7.2 20 20 M M 1 26 20
24 53 27 40 -14 25 0 0.00 M M 2.7 12 30 M M 0 14 30
25 59 28 44 -10 21 0 0.00 M M 6.4 16 200 M M 0 19 200
26 64 36 50 -3 15 0 0.08 M M 7.5 15 240 M M 3 1 22 340
27 56 31 44 -9 21 0 0.00 M M 4.1 12 20 M M 0 15 20
28 64 40 52 -1 13 0 0.00 M M 6.7 14 210 M M 0 17 220
29 54 28 41 -12 24 0 0.00 M M 6.0 18 20 M M 0 27 360
30 58 27 43 -9 22 0 0.00 M M 5.2 15 220 M M 0 18 210
================================================================================
SM 1929 1218 369 0 1.39 M 201.4 M 43
================================================================================
AV 64.3 40.6 6.7 FASTST M M 1 MAX(MPH)
MISC ----> 30 10 42 360
================================================================================
NOTES:
# LAST OF SEVERAL OCCURRENCES
COLUMN 17 PEAK WIND IN M.P.H.
PRELIMINARY LOCAL CLIMATOLOGICAL DATA (WS FORM: F-6) , PAGE 2
STATION: N.MYRTLE BEACH SOUTH CAROLINA
MONTH: NOVEMBER
YEAR: 2021
LATITUDE: 33 49 N
LONGITUDE: 78 43 W
[TEMPERATURE DATA] [PRECIPITATION DATA] SYMBOLS USED IN COLUMN 16
AVERAGE MONTHLY: 52.5 TOTAL FOR MONTH: 1.39 1 = FOG OR MIST
DPTR FM NORMAL: -3.5 DPTR FM NORMAL: -1.90 2 = FOG REDUCING VISIBILITY
HIGHEST: 75 ON 12 GRTST 24HR 1.05 ON 6- 7 TO 1/4 MILE OR LESS
LOWEST: 27 ON 30,24 3 = THUNDER
SNOW, ICE PELLETS, HAIL 4 = ICE PELLETS
TOTAL MONTH: M 5 = HAIL
GRTST 24HR M ON M 6 = FREEZING RAIN OR DRIZZLE
GRTST DEPTH: M ON M 7 = DUSTSTORM OR SANDSTORM:
VSBY 1/2 MILE OR LESS
8 = SMOKE OR HAZE
[NO. OF DAYS WITH] [WEATHER - DAYS WITH] 9 = BLOWING SNOW
X = TORNADO
MAX 32 OR BELOW: 0 0.01 INCH OR MORE: 6
MAX 90 OR ABOVE: 0 0.10 INCH OR MORE: 3
MIN 32 OR BELOW: 6 0.50 INCH OR MORE: 2
MIN 0 OR BELOW: 0 1.00 INCH OR MORE: 0
[HDD (BASE 65) ]
TOTAL THIS MO. 369 CLEAR (SCALE 0-3) 23
DPTR FM NORMAL 83 PTCLDY (SCALE 4-7) 6
TOTAL FM JUL 1 408 CLOUDY (SCALE 8-10) 1
DPTR FM NORMAL 40
[CDD (BASE 65) ]
TOTAL THIS MO. 0
DPTR FM NORMAL -16 [PRESSURE DATA]
TOTAL FM JAN 1 1983 HIGHEST SLP 30.48 ON 20
DPTR FM NORMAL -19 LOWEST SLP 29.81 ON 22
[REMARKS]
#FINAL-11-21#