000
CXUS52 KILM 011100
CF6CRE
PRELIMINARY LOCAL CLIMATOLOGICAL DATA (WS FORM: F-6)
STATION: N.MYRTLE BEACH SOUTH CAROLINA
MONTH: JANUARY
YEAR: 2021
LATITUDE: 33 49 N
LONGITUDE: 78 43 W
TEMPERATURE IN F: :PCPN: SNOW: WIND :SUNSHINE: SKY :PK WND
================================================================================
1 2 3 4 5 6A 6B 7 8 9 10 11 12 13 14 15 16 17 18
12Z AVG MX 2MIN
DY MAX MIN AVG DEP HDD CDD WTR SNW DPTH SPD SPD DIR MIN PSBL S-S WX SPD DR
================================================================================
1 65 57 61 15 4 0 0.54 M M 7.1 16 190 M M 10 1 23 200
2 67 59 63 17 2 0 0.15 M M 7.5 24 220 M M 9 12 32 210
3 69 50 60 14 5 0 0.22 M M 7.3 16 240 M M 5 12 21 220
4 55 41 48 2 17 0 0.00 M M 4.0 13 40 M M 7 1 17 360
5 54 39 47 1 18 0 0.04 M M 2.7 10 350 M M 4 12 14 340
6 52 34 43 -3 22 0 0.00 M M 4.0 10 290 M M 0 1 14 330
7 53 31 42 -4 23 0 0.13 M M 6.2 16 50 M M 2 12 20 60
8 50 39 45 -1 20 0 0.64 M M 9.9 30 50 M M 10 1 36 50
9 51 36 44 -2 21 0 T M M 5.5 13 340 M M 4 1 17 330
10 52 31 42 -4 23 0 0.00 M M 4.0 13 50 M M 0 17 40
11 50 31 41 -5 24 0 0.21 M M 5.9 14 40 M M 7 1 18 40
12 51 40 46 0 19 0 0.19 M M 5.7 13 360 M M 9 1 18 10
13 53 39 46 0 19 0 0.06 M M 3.9 15 230 M M 6 12 18 230
14 58 39 49 4 16 0 0.06 M M 5.4 14 290 M M 3 1 23 300
15 58 36 47 2 18 0 0.18 M M 7.2 21 210 M M 4 1 25 220
16 51 39 45 0 20 0 T M M 10.0 26 250 M M 3 12 36 250
17 51 31 41 -4 24 0 0.00 M M 7.5 18 230 M M 0 24 230
18 56 36 46 1 19 0 0.00 M M 7.8 21 270 M M 1 29 290
19 55 30 43 -3 22 0 0.00 M M 7.9 17 210 M M 0 22 210
20 63 36 50 4 15 0 0.00 M M 7.1 16 300 M M 2 24 300
21 57 38 48 2 17 0 T M M 6.4 18 240 M M 7 1 23 230
22 57 36 47 1 18 0 0.00 M M 3.0 12 210 M M 0 14 140
23 55 30 43 -3 22 0 0.00 M M 6.9 16 10 M M 0 1 24 20
24 52 31 42 -4 23 0 0.00 M M 5.4 13 110 M M 4 16 120
25 58 46 52 6 13 0 0.09 M M 5.1 18 230 M M 10 12 22 230
26 67 54 61 15 4 0 0.05 M M 9.7 20 210 M M 8 12 24 210
27 64 50 57 11 8 0 0.79 M M 4.7 13 10 M M 10 123 21 340
28 54 34 44 -2 21 0 0.03 M M 10.1 28 10 M M 6 1 42 10
29 46 28 37 -9 28 0 0.00 M M 6.2 16 30 M M 0 23 20
30 47 26 37 -9 28 0 0.00 M M 5.1 13 100 M M 2 19 90
31 59 47 53 7 12 0 1.57 M M 8.7 22 220 M M 9 1 29 210
================================================================================
SM 1730 1194 545 0 4.95 M 197.9 M 142
================================================================================
AV 55.8 38.5 6.4 FASTST M M 5 MAX(MPH)
MISC ----> 30 50 42 10
================================================================================
NOTES:
# LAST OF SEVERAL OCCURRENCES
COLUMN 17 PEAK WIND IN M.P.H.
PRELIMINARY LOCAL CLIMATOLOGICAL DATA (WS FORM: F-6) , PAGE 2
STATION: N.MYRTLE BEACH SOUTH CAROLINA
MONTH: JANUARY
YEAR: 2021
LATITUDE: 33 49 N
LONGITUDE: 78 43 W
[TEMPERATURE DATA] [PRECIPITATION DATA] SYMBOLS USED IN COLUMN 16
AVERAGE MONTHLY: 47.2 TOTAL FOR MONTH: 4.95 1 = FOG OR MIST
DPTR FM NORMAL: 1.5 DPTR FM NORMAL: 1.26 2 = FOG REDUCING VISIBILITY
HIGHEST: 69 ON 3 GRTST 24HR 1.57 ON 31-31 TO 1/4 MILE OR LESS
LOWEST: 26 ON 30 3 = THUNDER
SNOW, ICE PELLETS, HAIL 4 = ICE PELLETS
TOTAL MONTH: M 5 = HAIL
GRTST 24HR M ON M 6 = FREEZING RAIN OR DRIZZLE
GRTST DEPTH: M ON M 7 = DUSTSTORM OR SANDSTORM:
VSBY 1/2 MILE OR LESS
8 = SMOKE OR HAZE
[NO. OF DAYS WITH] [WEATHER - DAYS WITH] 9 = BLOWING SNOW
X = TORNADO
MAX 32 OR BELOW: 0 0.01 INCH OR MORE: 16
MAX 90 OR ABOVE: 0 0.10 INCH OR MORE: 10
MIN 32 OR BELOW: 9 0.50 INCH OR MORE: 4
MIN 0 OR BELOW: 0 1.00 INCH OR MORE: 1
[HDD (BASE 65) ]
TOTAL THIS MO. 545 CLEAR (SCALE 0-3) 12
DPTR FM NORMAL -55 PTCLDY (SCALE 4-7) 12
TOTAL FM JUL 1 1219 CLOUDY (SCALE 8-10) 7
DPTR FM NORMAL -249
[CDD (BASE 65) ]
TOTAL THIS MO. 0
DPTR FM NORMAL 0 [PRESSURE DATA]
TOTAL FM JAN 1 0 HIGHEST SLP 30.41 ON 30
DPTR FM NORMAL 0 LOWEST SLP 29.67 ON 15
[REMARKS]
#FINAL-01-21#