000
CXUS52 KILM 011000
CF6CRE
PRELIMINARY LOCAL CLIMATOLOGICAL DATA (WS FORM: F-6)
STATION: N.MYRTLE BEACH SOUTH CAROLINA
MONTH: SEPTEMBER
YEAR: 2023
LATITUDE: 33 49 N
LONGITUDE: 78 43 W
TEMPERATURE IN F: :PCPN: SNOW: WIND :SUNSHINE: SKY :PK WND
================================================================================
1 2 3 4 5 6A 6B 7 8 9 10 11 12 13 14 15 16 17 18
12Z AVG MX 2MIN
DY MAX MIN AVG DEP HDD CDD WTR SNW DPTH SPD SPD DIR MIN PSBL S-S WX SPD DR
================================================================================
1 83 63 73 -5 0 8 0.00 M M 7.8 17 50 M M 1 24 40
2 83 62 73 -5 0 8 0.00 M M 4.5 12 30 M M 0 17 10
3 84 58 71 -7 0 6 0.00 M M 4.7 14 210 M M 0 18 200
4 88 67 78 0 0 13 0.00 M M 7.0 15 220 M M 0 19 230
5 93 72 83 5 0 18 0.00 M M 5.2 12 200 M M 0 17 200
6 91 74 83 5 0 18 0.00 M M 7.5 14 230 M M 0 19 230
7 88 74 81 4 0 16 0.00 M M 7.0 15 210 M M 0 20 200
8 87 74 81 4 0 16 0.00 M M 6.8 17 230 M M 2 13 23 230
9 83 71 77 0 0 12 0.46 M M 6.0 17 220 M M 3 13 22 230
10 84 72 78 1 0 13 0.25 M M 4.8 12 220 M M 2 18 16 220
11 86 71 79 2 0 14 0.00 M M 5.1 13 210 M M 2 16 220
12 86 71 79 3 0 14 0.00 M M 5.9 14 200 M M 1 1 18 190
13 85 73 79 3 0 14 0.59 M M 3.9 20 190 M M 2 13 26 200
14 86 70 78 2 0 13 0.22 M M 7.3 16 40 M M 3 1 21 30
15 80 59 70 -6 0 5 0.00 M M 6.9 21 30 M M 0 31 30
16 78 54 66 -10 0 1 0.00 M M 3.4 10 160 M M 0 14 160
17 83 61 72 -3 0 7 1.05 M M 5.6 17 190 M M 6 13 27 200
18 81 62 72 -3 0 7 0.00 M M 5.2 13 280 M M 2 20 290
19 82 60 71 -4 0 6 0.00 M M 3.0 10 200 M M 1 14 310
20 82 61 72 -3 0 7 0.00 M M 6.3 13 100 M M 3 19 90
21 75 69 72 -2 0 7 0.16 M M 5.2 12 50 M M 9 13 19 40
22 70 63 67 -7 0 2 0.77 M M 14.3 24 350 M M 6 13 41 330
23 67 59 63 -11 2 0 0.05 M M 8.4 20 340 M M 10 18 39 350
24 82 61 72 -2 0 7 0.00 M M 6.9 16 210 M M 2 22 190
25 83 67 75 2 0 10 0.00 M M 4.8 16 200 M M 0 1 19 200
26 83 63 73 0 0 8 0.00 M M 6.6 15 40 M M 3 12 20 110
27 75 64 70 -3 0 5 0.00 M M 11.5 18 40 M M 7 25 50
28 75 63 69 -3 0 4 0.00 M M 9.8 16 20 M M 10 26 350
29 79 66 73 1 0 8 0.00 M M 7.6 14 20 M M 7 1 21 10
30 78 63 71 -1 0 6 0.00 M M 6.2 17 50 M M 6 23 50
================================================================================
SM 2460 1967 2 273 3.55 M 195.2 M 88
================================================================================
AV 82.0 65.6 6.5 FASTST M M 3 MAX(MPH)
MISC ----> 24 350 41 330
================================================================================
NOTES:
# LAST OF SEVERAL OCCURRENCES
COLUMN 17 PEAK WIND IN M.P.H.
PRELIMINARY LOCAL CLIMATOLOGICAL DATA (WS FORM: F-6) , PAGE 2
STATION: N.MYRTLE BEACH SOUTH CAROLINA
MONTH: SEPTEMBER
YEAR: 2023
LATITUDE: 33 49 N
LONGITUDE: 78 43 W
[TEMPERATURE DATA] [PRECIPITATION DATA] SYMBOLS USED IN COLUMN 16
AVERAGE MONTHLY: 73.8 TOTAL FOR MONTH: 3.55 1 = FOG OR MIST
DPTR FM NORMAL: -1.7 DPTR FM NORMAL: -3.10 2 = FOG REDUCING VISIBILITY
HIGHEST: 93 ON 5 GRTST 24HR 1.05 ON 17-17 TO 1/4 MILE OR LESS
LOWEST: 54 ON 16 3 = THUNDER
SNOW, ICE PELLETS, HAIL 4 = ICE PELLETS
TOTAL MONTH: M 5 = HAIL
GRTST 24HR M ON M 6 = FREEZING RAIN OR DRIZZLE
GRTST DEPTH: M ON M 7 = DUSTSTORM OR SANDSTORM:
VSBY 1/2 MILE OR LESS
8 = SMOKE OR HAZE
[NO. OF DAYS WITH] [WEATHER - DAYS WITH] 9 = BLOWING SNOW
X = TORNADO
MAX 32 OR BELOW: 0 0.01 INCH OR MORE: 8
MAX 90 OR ABOVE: 2 0.10 INCH OR MORE: 7
MIN 32 OR BELOW: 0 0.50 INCH OR MORE: 3
MIN 0 OR BELOW: 0 1.00 INCH OR MORE: 1
[HDD (BASE 65) ]
TOTAL THIS MO. 2 CLEAR (SCALE 0-3) 21
DPTR FM NORMAL -1 PTCLDY (SCALE 4-7) 6
TOTAL FM JUL 1 2 CLOUDY (SCALE 8-10) 3
DPTR FM NORMAL 2
[CDD (BASE 65) ]
TOTAL THIS MO. 273
DPTR FM NORMAL -44 [PRESSURE DATA]
TOTAL FM JAN 1 1842 HIGHEST SLP 30.22 ON 2
DPTR FM NORMAL -35 LOWEST SLP 29.62 ON 23
[REMARKS]
#FINAL-09-23#