000
CXUS54 KFWD 010730
CF6CRS
PRELIMINARY LOCAL CLIMATOLOGICAL DATA (WS FORM: F-6)
STATION: CORSICANA
MONTH: MAY
YEAR: 2021
LATITUDE: 32 1 N
LONGITUDE: 96 24 W
TEMPERATURE IN F: :PCPN: SNOW: WIND :SUNSHINE: SKY :PK WND
================================================================================
1 2 3 4 5 6A 6B 7 8 9 10 11 12 13 14 15 16 17 18
12Z AVG MX 2MIN
DY MAX MIN AVG DEP HDD CDD WTR SNW DPTH SPD SPD DIR MIN PSBL S-S WX SPD DR
================================================================================
1 74 65 70 0 0 5 0.32 M M 7.2 18 60 M M 9 1 28 60
2 83 63 73 3 0 8 T M M 9.7 20 230 M M 4 1 27 220
3 90 67 79 9 0 14 0.43 M M 13.6 23 180 M M 4 138 32 340
4 76 58 67 -3 0 2 T M M 10.4 24 340 M M 3 33 350
5 76 52 64 -7 1 0 0.00 M M 5.2 14 30 M M 0 19 40
6 81 54 68 -3 0 3 0.00 M M 4.5 13 50 M M 0 19 50
7 85 57 71 0 0 6 0.00 M M 7.8 18 170 M M 0 25 180
8 88 62 75 3 0 10 0.00 M M 16.6 29 180 M M 3 38 200
9 84 70 77 5 0 12 0.12 M M 11.5 26 170 M M 8 13 40 190
10 70 59 65 -7 0 0 0.01 M M 8.6 15 350 M M 10 1 22 360
11 72 59 66 -7 0 1 0.75 M M 7.6 26 340 M M 10 13 39 340
12 65 58 62 -11 3 0 T M M 8.1 15 340 M M 10 1 21 10
13 76 60 68 -5 0 3 0.00 M M 5.3 13 60 M M 5 18 60
14 78 58 68 -6 0 3 0.00 M M 7.6 14 150 M M 5 20 160
15 82 61 72 -2 0 7 0.00 M M 9.5 17 160 M M 2 22 160
16 75 67 71 -3 0 6 0.58 M M 9.1 20 170 M M 6 1 26 160
17 79 65 72 -2 0 7 1.04 M M 8.7 25 310 M M 5 123 38 310
18 79 65 72 -3 0 7 0.79 M M 10.2 24 60 M M 6 13 35 60
19 77 63 70 -5 0 5 0.06 M M 6.8 31 80 M M 3 3 44 80
20 81 67 74 -1 0 9 0.02 M M 6.2 14 100 M M 7 1 18 130
21 83 70 77 1 0 12 T M M 9.5 18 120 M M 7 27 120
22 80 71 76 0 0 11 0.62 M M 9.9 17 100 M M 9 1 26 100
23 71 70 71 -5 0 6 0.01 M M 6.5 9 120 M M 1 1 14 130
24 82 72 77 0 0 12 0.19 M M 10.7 25 150 M M 3 13 34 160
25 80 67 74 -3 0 9 0.33 M M 9.8 25 310 M M 7 13 34 300
26 87 72 80 3 0 15 0.00 M M 9.4 16 180 M M 5 22 180
27 88 74 81 4 0 16 0.00 M M 11.2 21 190 M M 5 27 160
28 78 66 72 -6 0 7 0.74 M M 7.9 26 150 M M 6 13 38 140
29 86 68 77 -1 0 12 0.00 M M 6.1 13 40 M M 3 1 19 30
30 76 65 71 -7 0 6 0.00 M M 9.7 15 80 M M 5 22 80
31 84 67 76 -2 0 11 1.09 M M 8.3 20 150 M M 7 13 27 160
================================================================================
SM 2466 1992 4 225 7.10 M 273.2 M 158
================================================================================
AV 79.5 64.3 8.8 FASTST M M 5 MAX(MPH)
MISC ----> 31 80 44 80
================================================================================
NOTES:
# LAST OF SEVERAL OCCURRENCES
COLUMN 17 PEAK WIND IN M.P.H.
PRELIMINARY LOCAL CLIMATOLOGICAL DATA (WS FORM: F-6) , PAGE 2
STATION: CORSICANA
MONTH: MAY
YEAR: 2021
LATITUDE: 32 1 N
LONGITUDE: 96 24 W
[TEMPERATURE DATA] [PRECIPITATION DATA] SYMBOLS USED IN COLUMN 16
AVERAGE MONTHLY: 71.9 TOTAL FOR MONTH: 7.10 1 = FOG OR MIST
DPTR FM NORMAL: -2.2 DPTR FM NORMAL: 2.68 2 = FOG REDUCING VISIBILITY
HIGHEST: 90 ON 3 GRTST 24HR 1.54 ON 16-17 TO 1/4 MILE OR LESS
LOWEST: 52 ON 5 3 = THUNDER
SNOW, ICE PELLETS, HAIL 4 = ICE PELLETS
TOTAL MONTH: M 5 = HAIL
GRTST 24HR M ON M 6 = FREEZING RAIN OR DRIZZLE
GRTST DEPTH: M ON M 7 = DUSTSTORM OR SANDSTORM:
VSBY 1/2 MILE OR LESS
8 = SMOKE OR HAZE
[NO. OF DAYS WITH] [WEATHER - DAYS WITH] 9 = BLOWING SNOW
X = TORNADO
MAX 32 OR BELOW: 0 0.01 INCH OR MORE: 16
MAX 90 OR ABOVE: 1 0.10 INCH OR MORE: 12
MIN 32 OR BELOW: 0 0.50 INCH OR MORE: 7
MIN 0 OR BELOW: 0 1.00 INCH OR MORE: 2
[HDD (BASE 65) ]
TOTAL THIS MO. 4 CLEAR (SCALE 0-3) 7
DPTR FM NORMAL -3 PTCLDY (SCALE 4-7) 19
TOTAL FM JUL 1 2025 CLOUDY (SCALE 8-10) 5
DPTR FM NORMAL 6
[CDD (BASE 65) ]
TOTAL THIS MO. 225
DPTR FM NORMAL -64 [PRESSURE DATA]
TOTAL FM JAN 1 354 HIGHEST SLP M ON M
DPTR FM NORMAL -95 LOWEST SLP 29.50 ON 3
[REMARKS]
#FINAL-05-21#