000
CXUS54 KFWD 110128
CF6CRS
PRELIMINARY LOCAL CLIMATOLOGICAL DATA (WS FORM: F-6)
STATION: CORSICANA
MONTH: JUNE
YEAR: 2020
LATITUDE: 32 1 N
LONGITUDE: 96 24 W
TEMPERATURE IN F: :PCPN: SNOW: WIND :SUNSHINE: SKY :PK WND
================================================================================
1 2 3 4 5 6A 6B 7 8 9 10 11 12 13 14 15 16 17 18
12Z AVG MX 2MIN
DY MAX MIN AVG DEP HDD CDD WTR SNW DPTH SPD SPD DIR MIN PSBL S-S WX SPD DR
================================================================================
1 85 71 78 0 0 13 0.00 0.0 0 6.8 13 110 M M 0 17 120
2 91 71 81 3 0 16 0.00 0.0 0 6.0 15 160 M M 2 18 160
3 91 73 82 4 0 17 0.00 0.0 0 7.2 13 180 M M 1 23 160
4 92 73 83 5 0 18 0.00 0.0 0 9.0 15 170 M M 1 21 180
5 94 75 85 7 0 20 0.00 0.0 0 6.8 14 150 M M 1 21 180
6 96 74 85 6 0 20 0.00 0.0 0 5.1 17 80 M M 1 25 80
7 94 75 85 6 0 20 0.00 0.0 0 5.6 14 40 M M 1 20 40
8 97 74 86 7 0 21 0.00 0.0 0 5.5 12 280 M M 2 16 280
9 99 75 87 8 0 22 0.00 0.0 0 13.3 22 340 M M 3 8 33 350
10 90 64 77 -2 0 12 0.00 0.0 0 9.1 20 340 M M 0 27 350
11 92 61 77 -3 0 12 0.00 0.0 0 4.7 10 30 M M 0 8 16 30
12 91 66 79 -1 0 14 0.00 0.0 0 5.8 13 80 M M 0 8 18 50
13 93 67 80 0 0 15 0.00 0.0 0 5.7 13 80 M M 0 22 70
14 92 70 81 1 0 16 0.00 0.0 0 5.5 14 140 M M 0 19 80
15 94 71 83 3 0 18 0.00 0.0 0 6.1 14 120 M M 1 19 110
16 93 72 83 3 0 18 0.00 0.0 0 6.3 15 140 M M 1 21 150
17 94 71 83 2 0 18 0.00 0.0 0 8.8 17 160 M M 0 24 180
18 93 71 82 1 0 17 0.00 0.0 0 11.2 18 160 M M 0 26 160
19 95 73 84 3 0 19 0.00 0.0 0 11.8 20 150 M M 3 26 160
20 89 68 79 -2 0 14 0.34 0.0 0 8.3 28 280 M M 5 13 42 290
21 90 75 83 2 0 18 0.01 0.0 0 11.0 16 160 M M 2 35 160
22 92 72 82 1 0 17 0.01 0.0 0 11.2 23 150 M M 3 34 160
23 91 72 82 1 0 17 0.20 0.0 0 10.1 18 220 M M 6 13 25 200
24 88 72 80 -2 0 15 T 0.0 0 7.3 15 70 M M 4 1 22 90
25 89 72 81 -1 0 16 0.02 0.0 0 6.7 20 180 M M 6 13 25 180
26 88 73 81 -1 0 16 0.04 0.0 0 12.2 32 210 M M 8 18 48 180
27 93 75 84 2 0 19 0.00 0.0 0 12.8 22 170 M M 6 8 30 150
28 92 77 85 3 0 20 0.08 0.0 0 13.8 28 150 M M 4 3 38 160
29 94 80 87 5 0 22 0.00 0.0 0 16.5 26 190 M M 5 36 170
30 92 80 86 4 0 21 0.00 0.0 0 14.4 28 180 M M 5 37 170
================================================================================
SM 2764 2163 0 521 0.70 0.0 264.6 M 71
================================================================================
AV 92.1 72.1 8.8 FASTST M M 2 MAX(MPH)
MISC ----> # 32 210 # 48 180
================================================================================
NOTES:
# LAST OF SEVERAL OCCURRENCES
COLUMN 17 PEAK WIND IN M.P.H.
PRELIMINARY LOCAL CLIMATOLOGICAL DATA (WS FORM: F-6) , PAGE 2
STATION: CORSICANA
MONTH: JUNE
YEAR: 2020
LATITUDE: 32 1 N
LONGITUDE: 96 24 W
[TEMPERATURE DATA] [PRECIPITATION DATA] SYMBOLS USED IN COLUMN 16
AVERAGE MONTHLY: 82.1 TOTAL FOR MONTH: 0.70 1 = FOG OR MIST
DPTR FM NORMAL: 1.9 DPTR FM NORMAL: -3.48 2 = FOG REDUCING VISIBILITY
HIGHEST: 99 ON 9 GRTST 24HR 0.34 ON 20-20 TO 1/4 MILE OR LESS
LOWEST: 61 ON 11 3 = THUNDER
SNOW, ICE PELLETS, HAIL 4 = ICE PELLETS
TOTAL MONTH: 0.0 INCH 5 = HAIL
GRTST 24HR 0.0 6 = FREEZING RAIN OR DRIZZLE
GRTST DEPTH: 0 7 = DUSTSTORM OR SANDSTORM:
VSBY 1/2 MILE OR LESS
8 = SMOKE OR HAZE
[NO. OF DAYS WITH] [WEATHER - DAYS WITH] 9 = BLOWING SNOW
X = TORNADO
MAX 32 OR BELOW: 0 0.01 INCH OR MORE: 7
MAX 90 OR ABOVE: 25 0.10 INCH OR MORE: 2
MIN 32 OR BELOW: 0 0.50 INCH OR MORE: 0
MIN 0 OR BELOW: 0 1.00 INCH OR MORE: 0
[HDD (BASE 65) ]
TOTAL THIS MO. 0 CLEAR (SCALE 0-3) 19
DPTR FM NORMAL 0 PTCLDY (SCALE 4-7) 11
TOTAL FM JUL 1 1819 CLOUDY (SCALE 8-10) 0
DPTR FM NORMAL -272
[CDD (BASE 65) ]
TOTAL THIS MO. 521
DPTR FM NORMAL 65 [PRESSURE DATA]
TOTAL FM JAN 1 1012 HIGHEST SLP 30.31 ON 12
DPTR FM NORMAL 135 LOWEST SLP 29.58 ON 8
[REMARKS]
#FINAL-06-20#