000
CXUS51 KRLX 042321
CF6CRW
PRELIMINARY LOCAL CLIMATOLOGICAL DATA (WS FORM: F-6)
STATION: CHARLESTON WV
MONTH: DECEMBER
YEAR: 2021
LATITUDE: 38 22 N
LONGITUDE: 81 36 W
TEMPERATURE IN F: :PCPN: SNOW: WIND :SUNSHINE: SKY :PK WND
================================================================================
1 2 3 4 5 6A 6B 7 8 9 10 11 12 13 14 15 16 17 18
12Z AVG MX 2MIN
DY MAX MIN AVG DEP HDD CDD WTR SNW DPTH SPD SPD DIR MIN PSBL S-S WX SPD DR
================================================================================
1 51 31 41 -1 24 0 T 0.0 0 4.1 10 230 M M 7 1 10 230
2 67 48 58 16 7 0 0.00 0.0 0 13.4 20 290 M M 6 29 260
3 59 39 49 7 16 0 0.00 0.0 0 3.3 10 290 M M 1 10 290
4 57 37 47 6 18 0 0.00 0.0 0 1.7 8 30 M M 2 8 30
5 64 32 48 7 17 0 0.00 0.0 0 7.5 18 160 M M 4 23 160
6 63 30 47 6 18 0 0.41 0.0 0 12.8 22 290 M M 7 1 33 290
7 37 27 32 -8 33 0 0.00 0.0 0 3.0 8 340 M M 4 11 340
8 40 26 33 -7 32 0 0.02 0.2 T 2.4 10 300 M M 7 1 16 310
9 54 22 38 -2 27 0 0.00 0.0 0 2.1 10 170 M M 5 1 14 180
10 65 49 57 17 8 0 T 0.0 0 4.2 10 170 M M 10 14 170
11 71 38 55 15 10 0 0.29 0.0 0 15.3 33 190 M M 10 1 52 280
12 47 28 38 -1 27 0 0.00 0.0 0 4.0 15 300 M M 2 19 310
13 55 23 39 0 26 0 0.00 0.0 0 2.1 13 230 M M 1 19 240
14 61 25 43 4 22 0 0.00 0.0 0 0.4 7 140 M M 0 11 150
15 70 34 52 13 13 0 0.00 0.0 0 5.6 13 150 M M 5 18 150
16 72 41 57 18 8 0 0.05 0.0 0 7.0 21 200 M M 6 1 29 200
17 53 44 49 11 16 0 0.17 0.0 0 3.2 9 340 M M 10 18 13 340
18 64 42 53 15 12 0 0.24 0.0 0 5.2 29 320 M M 9 1 40 320
19 41 33 37 -1 28 0 T 0.0 0 5.8 15 330 M M 10 19 330
20 48 24 36 -2 29 0 0.00 0.0 0 0.9 8 80 M M 2 10 100
21 43 24 34 -4 31 0 0.00 0.0 0 0.4 8 150 M M 4 9 150
22 39 25 32 -5 33 0 0.00 0.0 0 5.9 16 270 M M 3 1 23 320
23 53 20 37 0 28 0 0.00 0.0 0 2.7 15 200 M M 3 23 220
24 63 50 57 20 8 0 0.00 0.0 0 7.9 20 180 M M 9 25 180
25 66 49 58 21 7 0 0.25 0.0 0 11.4 23 240 M M 9 1 32 230
26 58 42 50 13 15 0 0.00 0.0 0 1.3 8 220 M M 10 1 11 200
27 67 41 54 18 11 0 0.13 0.0 0 8.5 18 250 M M 8 1 28 240
28 67 48 58 22 7 0 0.30 0.0 0 6.6 24 200 M M 10 1 32 200
29 63 52 58 22 7 0 0.19 0.0 0 2.3 21 320 M M 9 1 27 340
30 60 44 52 16 13 0 T 0.0 0 2.3 10 210 M M 8 1 13 210
31 62 38 50 14 15 0 0.01 0.0 0 2.5 14 200 M M 8 1 17 200
================================================================================
SM 1780 1106 566 0 2.06 0.2 155.8 M 189
================================================================================
AV 57.4 35.7 5.0 FASTST M M 6 MAX(MPH)
MISC ----> 33 190 52 280
================================================================================
NOTES:
# LAST OF SEVERAL OCCURRENCES
COLUMN 17 PEAK WIND IN M.P.H.
PRELIMINARY LOCAL CLIMATOLOGICAL DATA (WS FORM: F-6) , PAGE 2
STATION: CHARLESTON WV
MONTH: DECEMBER
YEAR: 2021
LATITUDE: 38 22 N
LONGITUDE: 81 36 W
[TEMPERATURE DATA] [PRECIPITATION DATA] SYMBOLS USED IN COLUMN 16
AVERAGE MONTHLY: 46.5 TOTAL FOR MONTH: 2.06 1 = FOG OR MIST
DPTR FM NORMAL: 7.8 DPTR FM NORMAL: -1.50 2 = FOG REDUCING VISIBILITY
HIGHEST: 72 ON 16 GRTST 24HR 1.43 ON 6- 6 TO 1/4 MILE OR LESS
LOWEST: 20 ON 23 3 = THUNDER
SNOW, ICE PELLETS, HAIL 4 = ICE PELLETS
TOTAL MONTH: 0.2 INCH 5 = HAIL
GRTST 24HR 0.2 ON 8- 8 6 = FREEZING RAIN OR DRIZZLE
GRTST DEPTH: T 7 = DUSTSTORM OR SANDSTORM:
VSBY 1/2 MILE OR LESS
8 = SMOKE OR HAZE
[NO. OF DAYS WITH] [WEATHER - DAYS WITH] 9 = BLOWING SNOW
X = TORNADO
MAX 32 OR BELOW: 0 0.01 INCH OR MORE: 11
MAX 90 OR ABOVE: 0 0.10 INCH OR MORE: 8
MIN 32 OR BELOW: 13 0.50 INCH OR MORE: 0
MIN 0 OR BELOW: 0 1.00 INCH OR MORE: 0
[HDD (BASE 65) ]
TOTAL THIS MO. 566 CLEAR (SCALE 0-3) 7
DPTR FM NORMAL -250 PTCLDY (SCALE 4-7) 14
TOTAL FM JUL 1 1378 CLOUDY (SCALE 8-10) 10
DPTR FM NORMAL -312
[CDD (BASE 65) ]
TOTAL THIS MO. 0
DPTR FM NORMAL 0 [PRESSURE DATA]
TOTAL FM JAN 1 1256 HIGHEST SLP 30.53 ON 14
DPTR FM NORMAL 96 LOWEST SLP 29.57 ON 11
[REMARKS]
#FINAL-12-21#