000
CXUS52 KFFC 011110
CF6CSG
PRELIMINARY LOCAL CLIMATOLOGICAL DATA (WS FORM: F-6)
STATION: COLUMBUS
MONTH: MARCH
YEAR: 2020
LATITUDE: 32 31 N
LONGITUDE: 84 56 W
TEMPERATURE IN F: :PCPN: SNOW: WIND :SUNSHINE: SKY :PK WND
================================================================================
1 2 3 4 5 6A 6B 7 8 9 10 11 12 13 14 15 16 17 18
12Z AVG MX 2MIN
DY MAX MIN AVG DEP HDD CDD WTR SNW DPTH SPD SPD DIR MIN PSBL S-S WX SPD DR
================================================================================
1 67 35 51 -3 14 0 0.00 0.0 0 4.4 14 220 M M 0 8 17 220
2 63 46 55 0 10 0 0.06 M 0 4.9 10 210 M M 6 1 14 200
3 68 58 63 8 2 0 0.97 0.0 0 4.9 14 280 M M 10 1 20 320
4 62 54 58 3 7 0 2.08 0.0 0 5.2 16 30 M M 10 123 25 10
5 56 51 54 -1 11 0 1.70 0.0 M 8.6 20 100 M M 10 13 24 90
6 64 47 56 0 9 0 0.00 0.0 0 11.6 26 330 M M 1 35 320
7 64 37 51 -5 14 0 0.00 0.0 0 5.4 15 10 M M 0 20 10
8 66 39 53 -3 12 0 0.00 0.0 0 5.8 17 160 M M 0 21 120
9 72 44 58 2 7 0 0.00 0.0 0 5.8 20 180 M M 2 8 25 180
10 70 54 62 6 3 0 0.01 0.0 0 3.9 16 270 M M 4 1 20 280
11 76 53 65 8 0 0 0.00 0.0 0 3.1 14 240 M M 5 12 17 270
12 80 57 69 12 0 4 0.00 0.0 0 5.3 16 200 M M 4 1 21 210
13 81 60 71 14 0 6 0.00 0.0 0 4.1 12 30 M M 4 17 290
14 85 58 72 15 0 7 0.00 0.0 0 3.5 13 230 M M 0 8 17 230
15 81 62 72 14 0 7 T 0.0 0 3.2 16 20 M M 4 8 22 20
16 70 62 66 8 0 1 0.00 0.0 0 9.2 16 90 M M 7 8 21 100
17 77 60 69 11 0 4 0.00 0.0 0 3.8 9 90 M M 7 18 11 200
18 83 60 72 14 0 7 0.00 0.0 0 5.9 22 210 M M 4 1 28 210
19 85 58 72 14 0 7 0.00 0.0 0 5.2 20 240 M M 2 1 25 210
20 84 63 74 15 0 9 0.00 0.0 0 6.0 18 10 M M 6 1 23 10
21 79 62 71 12 0 6 0.00 0.0 0 5.7 14 360 M M 5 20 350
22 65 55 60 1 5 0 0.30 0.0 0 6.0 17 330 M M 6 1 21 330
23 74 59 67 8 0 2 0.14 0.0 0 4.3 10 260 M M 10 1 13 120
24 82 66 74 14 0 9 0.01 0.0 0 9.2 21 240 M M 8 1 26 260
25 85 61 73 13 0 8 0.26 0.0 0 7.6 18 270 M M 5 1 26 240
26 84 53 69 9 0 4 0.00 0.0 0 2.3 12 200 M M 0 16 210
27 83 58 71 11 0 6 0.00 0.0 0 4.3 13 210 M M 3 1 16 260
28 87 66 77 17 0 12 0.00 0.0 0 8.2 18 230 M M 3 1 24 260
29 86 67 77 16 0 12 0.00 0.0 0 8.2 17 320 M M 5 1 22 280
30 81 60 71 10 0 6 0.00 0.0 0 4.1 14 330 M M 0 16 320
31 75 53 64 3 1 0 0.10 0.0 0 10.2 25 330 M M 7 1 37 330
================================================================================
SM 2335 1718 95 117 5.63 0.0 179.9 M 138
================================================================================
AV 75.3 55.4 5.8 FASTST M M 4 MAX(MPH)
MISC ----> # 26 330 # 37 330
================================================================================
NOTES:
# LAST OF SEVERAL OCCURRENCES
COLUMN 17 PEAK WIND IN M.P.H.
PRELIMINARY LOCAL CLIMATOLOGICAL DATA (WS FORM: F-6) , PAGE 2
STATION: COLUMBUS
MONTH: MARCH
YEAR: 2020
LATITUDE: 32 31 N
LONGITUDE: 84 56 W
[TEMPERATURE DATA] [PRECIPITATION DATA] SYMBOLS USED IN COLUMN 16
AVERAGE MONTHLY: 65.4 TOTAL FOR MONTH: 5.63 1 = FOG OR MIST
DPTR FM NORMAL: 7.6 DPTR FM NORMAL: 0.17 2 = FOG REDUCING VISIBILITY
HIGHEST: 87 ON 28 GRTST 24HR 2.08 ON 4- 4 TO 1/4 MILE OR LESS
LOWEST: 35 ON 1 3 = THUNDER
SNOW, ICE PELLETS, HAIL 4 = ICE PELLETS
TOTAL MONTH: 0.0 INCH 5 = HAIL
GRTST 24HR 0.0 6 = FREEZING RAIN OR DRIZZLE
GRTST DEPTH: 0 7 = DUSTSTORM OR SANDSTORM:
VSBY 1/2 MILE OR LESS
8 = SMOKE OR HAZE
[NO. OF DAYS WITH] [WEATHER - DAYS WITH] 9 = BLOWING SNOW
X = TORNADO
MAX 32 OR BELOW: 0 0.01 INCH OR MORE: 10
MAX 90 OR ABOVE: 0 0.10 INCH OR MORE: 7
MIN 32 OR BELOW: 0 0.50 INCH OR MORE: 3
MIN 0 OR BELOW: 0 1.00 INCH OR MORE: 2
[HDD (BASE 65) ]
TOTAL THIS MO. 95 CLEAR (SCALE 0-3) 10
DPTR FM NORMAL -151 PTCLDY (SCALE 4-7) 17
TOTAL FM JUL 1 1508 CLOUDY (SCALE 8-10) 4
DPTR FM NORMAL -515
[CDD (BASE 65) ]
TOTAL THIS MO. 117
DPTR FM NORMAL 94 [PRESSURE DATA]
TOTAL FM JAN 1 140 HIGHEST SLP 30.58 ON 8
DPTR FM NORMAL 113 LOWEST SLP 29.60 ON 31
[REMARKS]
#FINAL-03-20#