000
CXUS55 KOHX 011110
CF6CSV
PRELIMINARY LOCAL CLIMATOLOGICAL DATA (WS FORM: F-6)
STATION: CROSSVILLE
MONTH: APRIL
YEAR: 2022
LATITUDE: 35 57 N
LONGITUDE: 85 5 W
TEMPERATURE IN F: :PCPN: SNOW: WIND :SUNSHINE: SKY :PK WND
================================================================================
1 2 3 4 5 6A 6B 7 8 9 10 11 12 13 14 15 16 17 18
12Z AVG MX 2MIN
DY MAX MIN AVG DEP HDD CDD WTR SNW DPTH SPD SPD DIR MIN PSBL S-S WX SPD DR
================================================================================
1 52 35 44 -7 21 0 T M M 7.3 20 280 M M 4 1 26 290
2 58 29 44 -7 21 0 0.00 M M 5.4 16 280 M M 2 23 260
3 58 38 48 -3 17 0 0.00 M M 6.0 15 20 M M 1 22 350
4 69 34 52 0 13 0 0.00 M M 5.6 15 270 M M 3 28 220
5 59 50 55 3 10 0 0.30 M M 7.2 20 270 M M 7 18 30 120
6 74 47 61 9 4 0 0.17 M M 6.8 20 300 M M 8 123 32 300
7 55 40 48 -5 17 0 0.00 M M 8.8 25 280 M M 6 1 34 270
8 44 32 38 -15 27 0 0.05 M M 9.3 29 280 M M 9 18 43 280
9 47 30 39 -14 26 0 0.01 M M 7.6 22 270 M M 7 1 34 320
10 67 28 48 -6 17 0 0.00 M M 4.5 14 190 M M 0 21 160
11 61 53 57 3 8 0 0.07 M M 6.7 16 210 M M 6 13 33 220
12 68 55 62 8 3 0 0.82 M M 5.3 17 330 M M 6 13 28 330
13 77 57 67 12 0 2 0.47 M M 10.3 36 280 M M 4 13 54 280
14 61 40 51 -4 14 0 0.11 M M 6.5 21 290 M M 4 1 34 130
15 68 35 52 -3 13 0 0.22 M M 5.6 17 170 M M 1 13 31 190
16 67 49 58 2 7 0 0.48 M M 7.3 15 140 M M 5 1 24 130
17 65 44 55 -1 10 0 0.02 M M 6.9 14 40 M M 5 19 60
18 50 35 43 -13 22 0 0.50 M M 9.2 17 290 M M 8 13 28 280
19 53 33 43 -14 22 0 0.00 M M 6.4 15 270 M M 0 23 280
20 66 33 50 -7 15 0 0.00 M M 8.4 18 170 M M 0 35 170
21 72 56 64 7 1 0 T M M 6.8 17 190 M M 7 32 170
22 78 52 65 7 0 0 0.00 M M 2.8 12 270 M M 1 8 16 100
23 77 53 65 7 0 0 0.00 M M 6.7 15 170 M M 0 34 210
24 77 60 69 11 0 4 0.00 M M 6.8 13 160 M M 1 27 150
25 77 59 68 10 0 3 0.71 M M 5.8 17 280 M M 6 1 27 180
26 60 40 50 -9 15 0 0.70 M M 8.7 16 330 M M 4 1 24 340
27 66 37 52 -7 13 0 0.00 M M 6.2 16 40 M M 0 26 40
28 72 41 57 -2 8 0 0.00 M M 2.8 10 150 M M 0 17 110
29 72 50 61 2 4 0 0.00 M M 4.1 12 160 M M 5 19 200
30 74 59 67 7 0 2 0.00 M M 6.7 14 160 M M 3 25 180
================================================================================
SM 1944 1304 328 11 4.63 M 198.5 M 113
================================================================================
AV 64.8 43.5 6.6 FASTST M M 4 MAX(MPH)
MISC ----> 36 280 54 280
================================================================================
NOTES:
# LAST OF SEVERAL OCCURRENCES
COLUMN 17 PEAK WIND IN M.P.H.
PRELIMINARY LOCAL CLIMATOLOGICAL DATA (WS FORM: F-6) , PAGE 2
STATION: CROSSVILLE
MONTH: APRIL
YEAR: 2022
LATITUDE: 35 57 N
LONGITUDE: 85 5 W
[TEMPERATURE DATA] [PRECIPITATION DATA] SYMBOLS USED IN COLUMN 16
AVERAGE MONTHLY: 54.1 TOTAL FOR MONTH: 4.63 1 = FOG OR MIST
DPTR FM NORMAL: -1.3 DPTR FM NORMAL: -0.84 2 = FOG REDUCING VISIBILITY
HIGHEST: 78 ON 22 GRTST 24HR 0.89 ON 11-12 TO 1/4 MILE OR LESS
LOWEST: 28 ON 10 3 = THUNDER
SNOW, ICE PELLETS, HAIL 4 = ICE PELLETS
TOTAL MONTH: M 5 = HAIL
GRTST 24HR M ON M 6 = FREEZING RAIN OR DRIZZLE
GRTST DEPTH: M ON M 7 = DUSTSTORM OR SANDSTORM:
VSBY 1/2 MILE OR LESS
8 = SMOKE OR HAZE
[NO. OF DAYS WITH] [WEATHER - DAYS WITH] 9 = BLOWING SNOW
X = TORNADO
MAX 32 OR BELOW: 0 0.01 INCH OR MORE: 14
MAX 90 OR ABOVE: 0 0.10 INCH OR MORE: 10
MIN 32 OR BELOW: 4 0.50 INCH OR MORE: 4
MIN 0 OR BELOW: 0 1.00 INCH OR MORE: 0
[HDD (BASE 65) ]
TOTAL THIS MO. 328 CLEAR (SCALE 0-3) 12
DPTR FM NORMAL 28 PTCLDY (SCALE 4-7) 17
TOTAL FM JUL 1 3857 CLOUDY (SCALE 8-10) 1
DPTR FM NORMAL -406
[CDD (BASE 65) ]
TOTAL THIS MO. 11
DPTR FM NORMAL -1 [PRESSURE DATA]
TOTAL FM JAN 1 11 HIGHEST SLP 30.42 ON 22
DPTR FM NORMAL -2 LOWEST SLP 29.52 ON 5
[REMARKS]
#FINAL-04-22#