000
CXUS56 KTFX 080601
CF6CTB
PRELIMINARY LOCAL CLIMATOLOGICAL DATA (WS FORM: F-6)
STATION: CUT BANK MT
MONTH: SEPTEMBER
YEAR: 2022
LATITUDE: 48 37 N
LONGITUDE: 112 23 W
TEMPERATURE IN F: :PCPN: SNOW: WIND :SUNSHINE: SKY :PK WND
================================================================================
1 2 3 4 5 6A 6B 7 8 9 10 11 12 13 14 15 16 17 18
12Z AVG MX 2MIN
DY MAX MIN AVG DEP HDD CDD WTR SNW DPTH SPD SPD DIR MIN PSBL S-S WX SPD DR
================================================================================
1 91 59 75 16 0 10 T M 0 13.5 30 250 M M 1 38 250
2 89 47 68 9 0 3 0.00 M 0 7.6 16 140 M M 0 21 170
3 96 48 72 14 0 7 T M 0 9.6 54 240 M M 1 38 69 250
4 89 63 76 18 0 11 0.00 M 0 19.5 33 250 M M 0 8 43 250
5 84 51 68 10 0 3 0.00 M 0 20.9 40 250 M M 0 8 53 240
6 81 41 61 3 4 0 0.00 M 0 9.0 17 130 M M 0 22 120
7 95 47 71 14 0 6 0.00 M 0 17.9 47 240 M M 0 8 61 250
8 60 41 51 -6 14 0 0.05 M 0 11.5 25 360 M M 5 1 32 20
9 59 41 50 -7 15 0 0.13 M 0 8.5 22 340 M M 6 1 28 340
10 75 33 54 -2 11 0 0.00 M 0 4.9 15 180 M M 0 20 190
11 86 37 62 6 3 0 0.00 M 0 11.5 31 250 M M 0 40 250
12 75 52 64 8 1 0 0.00 M 0 12.7 24 330 M M 0 8 32 330
13 70 53 62 7 3 0 0.00 M 0 4.2 13 20 M M 4 8 15 130
14 72 48 60 5 5 0 0.00 M 0 9.5 20 320 M M 3 24 320
15 75 41 58 3 7 0 0.01 M 0 7.5 26 130 M M 4 13 42 140
16 69 52 61 7 4 0 0.03 M 0 8.2 20 240 M M 4 25 230
17 72 41 57 3 8 0 0.00 M 0 10.1 22 260 M M 0 28 260
18 71 34 53 -1 12 0 0.00 M 0 5.8 14 130 M M 0 18 140
19 69 42 56 3 9 0 0.13 M 0 15.8 32 350 M M 6 40 350
20 56 32 44 -9 21 0 T M 0 7.9 17 350 M M 6 22 350
21 63 24 44 -9 21 0 0.00 M 0 10.2 24 150 M M 0 33 130
22 59 44 52 0 13 0 0.06 M 0 11.1 28 260 M M 9 36 250
23 65 47 56 4 9 0 0.00 M 0 26.4 41 260 M M 1 52 260
24 73 43 58 6 7 0 0.00 M 0 11.2 22 260 M M 0 33 280
25 81 34 58 7 7 0 0.00 M 0 6.9 18 260 M M 0 24 260
26 80 42 61 10 4 0 0.00 M 0 5.9 13 130 M M M 16 150
27 84 40 62 12 3 0 0.00 M 0 4.9 16 200 M M 0 21 220
28 91 41 66 16 0 1 0.00 M 0 4.8 17 270 M M 0 21 260
29 75 46 61 11 4 0 0.28 M 0 9.9 32 240 M M 4 1 42 240
30 57 45 51 2 14 0 0.02 M 0 13.8 22 340 M M 7 1 27 330
================================================================================
SM 2262 1309 199 41 0.71 M 321.2 M 61
================================================================================
AV 75.4 43.6 10.7 FASTST M M 2 MAX(MPH)
MISC ----> 54 240 69 250
================================================================================
NOTES:
# LAST OF SEVERAL OCCURRENCES
COLUMN 17 PEAK WIND IN M.P.H.
PRELIMINARY LOCAL CLIMATOLOGICAL DATA (WS FORM: F-6) , PAGE 2
STATION: CUT BANK MT
MONTH: SEPTEMBER
YEAR: 2022
LATITUDE: 48 37 N
LONGITUDE: 112 23 W
[TEMPERATURE DATA] [PRECIPITATION DATA] SYMBOLS USED IN COLUMN 16
AVERAGE MONTHLY: 59.5 TOTAL FOR MONTH: 0.71 1 = FOG OR MIST
DPTR FM NORMAL: 5.1 DPTR FM NORMAL: -0.37 2 = FOG REDUCING VISIBILITY
HIGHEST: 96 ON 3 GRTST 24HR 0.32 ON 29-30 TO 1/4 MILE OR LESS
LOWEST: 24 ON 21 3 = THUNDER
SNOW, ICE PELLETS, HAIL 4 = ICE PELLETS
TOTAL MONTH: M 5 = HAIL
GRTST 24HR M ON M 6 = FREEZING RAIN OR DRIZZLE
GRTST DEPTH: 0 7 = DUSTSTORM OR SANDSTORM:
VSBY 1/2 MILE OR LESS
8 = SMOKE OR HAZE
[NO. OF DAYS WITH] [WEATHER - DAYS WITH] 9 = BLOWING SNOW
X = TORNADO
MAX 32 OR BELOW: 0 0.01 INCH OR MORE: 8
MAX 90 OR ABOVE: 4 0.10 INCH OR MORE: 3
MIN 32 OR BELOW: 2 0.50 INCH OR MORE: 0
MIN 0 OR BELOW: 0 1.00 INCH OR MORE: 0
[HDD (BASE 65) ]
TOTAL THIS MO. 199 CLEAR (SCALE 0-3) 18
DPTR FM NORMAL -127 PTCLDY (SCALE 4-7) 10
TOTAL FM JUL 1 253 CLOUDY (SCALE 8-10) 2
DPTR FM NORMAL -255
[CDD (BASE 65) ]
TOTAL THIS MO. 41
DPTR FM NORMAL 33 [PRESSURE DATA]
TOTAL FM JAN 1 299 HIGHEST SLP 30.37 ON 21
DPTR FM NORMAL 137 LOWEST SLP 29.68 ON 19
[REMARKS]
#FINAL-09-22#