000
CXUS52 KTAE 010900
CF6CTY
PRELIMINARY LOCAL CLIMATOLOGICAL DATA (WS FORM: F-6)
STATION: CROSS CITY
MONTH: JANUARY
YEAR: 2023
LATITUDE: 29 37 N
LONGITUDE: 83 6 W
TEMPERATURE IN F: :PCPN: SNOW: WIND :SUNSHINE: SKY :PK WND
================================================================================
1 2 3 4 5 6A 6B 7 8 9 10 11 12 13 14 15 16 17 18
12Z AVG MX 2MIN
DY MAX MIN AVG DEP HDD CDD WTR SNW DPTH SPD SPD DIR MIN PSBL S-S WX SPD DR
================================================================================
1 80 57 69 15 0 4 0.00 0.0 M 1.8 7 250 M M 7 12 M M
2 81 53 67 13 0 2 0.00 0.0 0 1.4 7 140 M M 6 12 M M
3 82 56 69 15 0 4 0.00 M M 8.4 17 190 M M 3 128 23 170
4 78 65 72 18 0 7 0.47 0.0 M 9.5 18 210 M M 7 1 24 180
5 76 47 62 8 3 0 0.00 0.0 0 5.7 15 270 M M 3 18 23 270
6 67 35 51 -3 14 0 0.00 0.0 0 3.5 12 360 M M 0 17 360
7 71 32 52 -2 13 0 0.00 0.0 0 1.6 8 40 M M 0 M M
8 74 33 54 0 11 0 0.00 0.0 0 3.6 14 230 M M 0 17 230
9 74 45 60 6 5 0 0.00 0.0 M 3.5 12 300 M M 1 17 320
10 69 38 54 0 11 0 0.00 0.0 0 1.9 9 260 M M 0 M M
11 76 35 56 3 9 0 0.00 0.0 0 2.9 9 220 M M 1 12 M M
12 77 42 60 7 5 0 0.00 0.0 0 7.2 16 190 M M 1 18 21 200
13 68 40 54 1 11 0 1.02 0.0 0 9.2 16 340 M M 6 13 24 310
14 52 32 42 -11 23 0 0.00 0.0 0 6.9 12 330 M M 0 22 330
15 61 29 45 -9 20 0 0.00 M M M 8 M M M M M M
16 69 31 50 -4 15 0 0.00 0.0 0 M M M M M M M M
17 72 36 54 0 11 0 0.00 M 0 M M M M M M M M
18 77 53 65 11 0 0 0.00 0.0 0 M M M M M M M M
19 78 52 65 11 0 0 0.01 0.0 0 M M M M M M M M
20 77 51 64 10 1 0 0.00 0.0 0 M M M M M M M M
21 56 51 54 0 11 0 0.16 0.0 0 M M M M M M M M
22 77 55 66 12 0 1 0.11 0.0 0 M 16 210 M M M 27 210
23 64 45 55 1 10 0 0.00 0.0 0 M M M M M M 18 300
24 71 41 56 2 9 0 0.00 0.0 M M M M M M M M M
25 76 61 69 15 0 4 0.85 M M M M M M M M 3 M M
26 M M M M M M 0.00 M M M M M M M M M M
27 60 34 47 -7 18 0 0.00 0.0 0 M 10 360 M M M 10 360
28 63 33 48 -6 17 0 0.00 0.0 0 M M M M M M M M
29 79 54 67 12 0 2 0.13 0.0 0 M M M M M M M M
30 81 59 70 15 0 5 0.01 0.0 M M M M M M M M M
31 83 64 74 19 0 9 0.00 0.0 0 M M M M M M 1 M M
================================================================================
SM 2169 1359 217 38 2.76 0.0 67.1 M 35
================================================================================
AV 72.3 45.3 4.8 FASTST M M 3 MAX(MPH)
MISC ----> 18 210 27 210
================================================================================
NOTES:
# LAST OF SEVERAL OCCURRENCES
COLUMN 17 PEAK WIND IN M.P.H.
PRELIMINARY LOCAL CLIMATOLOGICAL DATA (WS FORM: F-6) , PAGE 2
STATION: CROSS CITY
MONTH: JANUARY
YEAR: 2023
LATITUDE: 29 37 N
LONGITUDE: 83 6 W
[TEMPERATURE DATA] [PRECIPITATION DATA] SYMBOLS USED IN COLUMN 16
AVERAGE MONTHLY: 58.8 TOTAL FOR MONTH: 2.76 1 = FOG OR MIST
DPTR FM NORMAL: 4.9 DPTR FM NORMAL: -0.62 2 = FOG REDUCING VISIBILITY
HIGHEST: 83 ON 31 GRTST 24HR 2.28 ON 29-30 TO 1/4 MILE OR LESS
LOWEST: 29 ON 15 3 = THUNDER
SNOW, ICE PELLETS, HAIL 4 = ICE PELLETS
TOTAL MONTH: 0.0 INCH 5 = HAIL
GRTST 24HR 0.0 6 = FREEZING RAIN OR DRIZZLE
GRTST DEPTH: 0 7 = DUSTSTORM OR SANDSTORM:
VSBY 1/2 MILE OR LESS
8 = SMOKE OR HAZE
[NO. OF DAYS WITH] [WEATHER - DAYS WITH] 9 = BLOWING SNOW
X = TORNADO
MAX 32 OR BELOW: 0 0.01 INCH OR MORE: 8
MAX 90 OR ABOVE: 0 0.10 INCH OR MORE: 6
MIN 32 OR BELOW: 4 0.50 INCH OR MORE: 2
MIN 0 OR BELOW: 0 1.00 INCH OR MORE: 1
[HDD (BASE 65) ]
TOTAL THIS MO. 217 CLEAR (SCALE 0-3) 10
DPTR FM NORMAL -143 PTCLDY (SCALE 4-7) 4
TOTAL FM JUL 1 620 CLOUDY (SCALE 8-10) 17
DPTR FM NORMAL -220
[CDD (BASE 65) ]
TOTAL THIS MO. 38
DPTR FM NORMAL 23 [PRESSURE DATA]
TOTAL FM JAN 1 38 HIGHEST SLP M ON M
DPTR FM NORMAL 23 LOWEST SLP M ON M
[REMARKS]
#FINAL-01-23#