000
CXUS54 KHGX 020623
CF6CXO
PRELIMINARY LOCAL CLIMATOLOGICAL DATA (WS FORM: F-6)
STATION: CONROE
MONTH: JANUARY
YEAR: 2022
LATITUDE: 30 21 N
LONGITUDE: 95 25 W
TEMPERATURE IN F: :PCPN: SNOW: WIND :SUNSHINE: SKY :PK WND
================================================================================
1 2 3 4 5 6A 6B 7 8 9 10 11 12 13 14 15 16 17 18
12Z AVG MX 2MIN
DY MAX MIN AVG DEP HDD CDD WTR SNW DPTH SPD SPD DIR MIN PSBL S-S WX SPD DR
================================================================================
1 84 52 68 17 0 3 T 0.0 0 10.8 20 330 M M 7 18 29 180
2 52 26 39 -11 26 0 0.01 0.0 0 14.9 26 320 M M 4 43 320
3 53 25 39 -11 26 0 0.00 0.0 0 2.0 9 350 M M 0 13 10
4 64 28 46 -4 19 0 0.00 0.0 0 4.6 17 210 M M 0 25 180
5 75 39 57 7 8 0 0.00 0.0 0 4.0 16 230 M M 3 12 24 190
6 67 39 53 3 12 0 0.00 0.0 0 6.4 17 330 M M 4 1 26 340
7 49 31 40 -10 25 0 0.00 0.0 0 4.9 12 100 M M 5 16 110
8 72 48 60 10 5 0 0.97 0.0 0 9.7 18 180 M M 10 13 29 210
9 75 53 64 14 1 0 0.09 0.0 0 9.4 18 330 M M 9 13 26 350
10 58 35 47 -3 18 0 0.00 0.0 0 7.8 16 10 M M 2 29 350
11 56 31 44 -6 21 0 0.01 0.0 0 2.7 9 70 M M 4 15 50
12 63 40 52 2 13 0 T 0.0 0 0.8 8 280 M M 5 13 160
13 71 35 53 3 12 0 0.00 0.0 0 1.8 10 290 M M 0 17 250
14 74 36 55 5 10 0 0.00 0.0 0 4.3 17 180 M M 0 30 190
15 60 33 47 -3 18 0 T 0.0 0 16.1 28 330 M M 2 46 350
16 56 30 43 -8 22 0 0.00 0.0 0 7.6 17 320 M M 0 26 320
17 66 28 47 -4 18 0 0.00 0.0 0 1.5 7 150 M M 0 11 220
18 74 33 54 3 11 0 0.00 0.0 0 7.9 23 190 M M 3 32 180
19 75 47 61 10 4 0 1.92 0.0 0 4.9 29 350 M M 8 13 40 350
20 47 33 40 -11 25 0 0.01 0.0 0 11.2 20 340 M M 9 33 350
21 50 30 40 -11 25 0 0.00 0.0 0 5.5 14 20 M M 2 22 360
22 53 25 39 -12 26 0 0.00 0.0 0 2.9 13 10 M M 0 20 350
23 61 27 44 -7 21 0 0.00 0.0 0 2.2 10 200 M M 4 14 200
24 48 43 46 -5 19 0 0.54 0.0 0 2.4 9 100 M M 10 1 15 110
25 57 39 48 -3 17 0 0.00 0.0 0 4.3 13 30 M M 9 1 19 30
26 56 35 46 -5 19 0 0.00 0.0 0 3.3 13 50 M M 1 1 19 70
27 62 34 48 -3 17 0 0.00 0.0 0 2.6 9 350 M M 4 14 40
28 57 31 44 -8 21 0 0.00 0.0 0 7.6 18 330 M M 1 30 330
29 63 26 45 -7 20 0 0.00 0.0 0 2.6 13 210 M M 0 20 200
30 68 30 49 -3 16 0 0.00 0.0 0 3.5 14 180 M M 0 20 250
31 59 39 49 -3 16 0 0.93 0.0 0 4.4 13 110 M M 9 1 20 110
================================================================================
SM 1925 1081 511 3 4.48 0.0 174.6 M 115
================================================================================
AV 62.1 34.9 5.6 FASTST M M 4 MAX(MPH)
MISC ----> 29 350 46 350
================================================================================
NOTES:
# LAST OF SEVERAL OCCURRENCES
COLUMN 17 PEAK WIND IN M.P.H.
PRELIMINARY LOCAL CLIMATOLOGICAL DATA (WS FORM: F-6) , PAGE 2
STATION: CONROE
MONTH: JANUARY
YEAR: 2022
LATITUDE: 30 21 N
LONGITUDE: 95 25 W
[TEMPERATURE DATA] [PRECIPITATION DATA] SYMBOLS USED IN COLUMN 16
AVERAGE MONTHLY: 48.5 TOTAL FOR MONTH: 4.48 1 = FOG OR MIST
DPTR FM NORMAL: -2.3 DPTR FM NORMAL: 0.23 2 = FOG REDUCING VISIBILITY
HIGHEST: 84 ON 1 GRTST 24HR 1.92 ON 19-19 TO 1/4 MILE OR LESS
LOWEST: 25 ON 22, 3 3 = THUNDER
SNOW, ICE PELLETS, HAIL 4 = ICE PELLETS
TOTAL MONTH: 0.0 INCH 5 = HAIL
GRTST 24HR 0.0 6 = FREEZING RAIN OR DRIZZLE
GRTST DEPTH: 0 7 = DUSTSTORM OR SANDSTORM:
VSBY 1/2 MILE OR LESS
8 = SMOKE OR HAZE
[NO. OF DAYS WITH] [WEATHER - DAYS WITH] 9 = BLOWING SNOW
X = TORNADO
MAX 32 OR BELOW: 0 0.01 INCH OR MORE: 8
MAX 90 OR ABOVE: 0 0.10 INCH OR MORE: 4
MIN 32 OR BELOW: 13 0.50 INCH OR MORE: 4
MIN 0 OR BELOW: 0 1.00 INCH OR MORE: 1
[HDD (BASE 65) ]
TOTAL THIS MO. 511 CLEAR (SCALE 0-3) 16
DPTR FM NORMAL 60 PTCLDY (SCALE 4-7) 9
TOTAL FM JUL 1 911 CLOUDY (SCALE 8-10) 6
DPTR FM NORMAL -235
[CDD (BASE 65) ]
TOTAL THIS MO. 3
DPTR FM NORMAL -8 [PRESSURE DATA]
TOTAL FM JAN 1 3 HIGHEST SLP 30.60 ON 10
DPTR FM NORMAL -8 LOWEST SLP 29.64 ON 1
[REMARKS]
#FINAL-01-22#