000
CXUS54 KHGX 011515
CF6CXO
PRELIMINARY LOCAL CLIMATOLOGICAL DATA (WS FORM: F-6)
STATION: CONROE
MONTH: FEBRUARY
YEAR: 2020
LATITUDE: 30 21 N
LONGITUDE: 95 25 W
TEMPERATURE IN F: :PCPN: SNOW: WIND :SUNSHINE: SKY :PK WND
================================================================================
1 2 3 4 5 6A 6B 7 8 9 10 11 12 13 14 15 16 17 18
12Z AVG MX 2MIN
DY MAX MIN AVG DEP HDD CDD WTR SNW DPTH SPD SPD DIR MIN PSBL S-S WX SPD DR
================================================================================
1 68 31 50 -2 15 0 0.00 0.0 0 3.2 14 270 M M 1 1 18 320
2 77 33 55 3 10 0 0.00 0.0 0 4.9 15 190 M M 0 20 190
3 76 45 61 9 4 0 T M 0 10.0 23 180 M M 6 34 190
4 78 56 67 15 0 2 0.00 0.0 0 9.3 18 190 M M 9 18 24 190
5 56 39 48 -4 17 0 0.01 0.0 0 11.5 23 330 M M 10 1 33 320
6 51 28 40 -12 25 0 0.01 0.0 0 9.2 23 310 M M 3 32 320
7 71 27 49 -3 16 0 0.00 0.0 0 4.0 21 220 M M 0 31 220
8 70 41 56 4 9 0 0.00 0.0 0 6.6 16 150 M M 5 22 160
9 73 55 64 11 1 0 0.07 0.0 0 10.0 21 150 M M 9 1 28 140
10 80 50 65 12 0 0 0.06 0.0 0 9.8 21 320 M M 10 1 27 320
11 54 47 51 -2 14 0 0.07 0.0 0 6.4 14 340 M M 10 1 19 360
12 54 45 50 -3 15 0 0.25 0.0 0 5.9 18 320 M M 10 12 24 320
13 57 37 47 -6 18 0 0.00 0.0 0 7.5 16 330 M M 2 12 23 330
14 59 32 46 -7 19 0 0.00 0.0 0 4.3 13 80 M M 0 1 17 80
15 67 36 52 -2 13 0 0.00 0.0 0 5.5 17 150 M M 8 22 160
16 73 57 65 11 0 0 0.00 0.0 0 3.8 16 160 M M 9 12 20 150
17 81 60 71 17 0 6 0.01 0.0 0 6.9 20 200 M M 9 128 25 200
18 79 57 68 14 0 3 0.01 0.0 0 8.3 16 160 M M 8 1 21 340
19 57 48 53 -1 12 0 T 0.0 0 6.6 12 50 M M 10 1 18 20
20 49 42 46 -9 19 0 0.36 0.0 0 8.7 20 10 M M 9 1 33 360
21 56 33 45 -10 20 0 0.00 0.0 0 5.2 15 320 M M 0 24 320
22 63 32 48 -7 17 0 0.00 0.0 0 3.4 12 160 M M 2 14 170
23 65 43 54 -1 11 0 0.00 0.0 0 6.8 17 150 M M 9 8 22 150
24 73 49 61 6 4 0 0.42 0.0 0 5.1 16 290 M M 5 1 23 310
25 70 41 56 0 9 0 0.00 0.0 0 6.9 23 340 M M 0 31 360
26 55 31 43 -13 22 0 0.00 0.0 0 12.6 25 330 M M 5 35 350
27 59 26 43 -13 22 0 0.00 0.0 0 2.0 12 330 M M 0 18 240
28 73 31 52 -4 13 0 0.00 0.0 0 3.9 15 280 M M 0 1 22 280
29 75 36 56 0 9 0 0.00 0.0 0 7.3 22 160 M M 1 28 150
================================================================================
SM 1919 1188 334 11 1.27 0.0 195.6 M 150
================================================================================
AV 66.2 41.0 6.7 FASTST M M 5 MAX(MPH)
MISC ----> # 25 330 # 35 350
================================================================================
NOTES:
# LAST OF SEVERAL OCCURRENCES
COLUMN 17 PEAK WIND IN M.P.H.
PRELIMINARY LOCAL CLIMATOLOGICAL DATA (WS FORM: F-6) , PAGE 2
STATION: CONROE
MONTH: FEBRUARY
YEAR: 2020
LATITUDE: 30 21 N
LONGITUDE: 95 25 W
[TEMPERATURE DATA] [PRECIPITATION DATA] SYMBOLS USED IN COLUMN 16
AVERAGE MONTHLY: 53.6 TOTAL FOR MONTH: 1.27 1 = FOG OR MIST
DPTR FM NORMAL: -0.1 DPTR FM NORMAL: -1.99 2 = FOG REDUCING VISIBILITY
HIGHEST: 81 ON 17 GRTST 24HR 0.42 ON 24-24 TO 1/4 MILE OR LESS
LOWEST: 26 ON 27 3 = THUNDER
SNOW, ICE PELLETS, HAIL 4 = ICE PELLETS
TOTAL MONTH: 0.0 INCH 5 = HAIL
GRTST 24HR 0.0 6 = FREEZING RAIN OR DRIZZLE
GRTST DEPTH: 0 7 = DUSTSTORM OR SANDSTORM:
VSBY 1/2 MILE OR LESS
8 = SMOKE OR HAZE
[NO. OF DAYS WITH] [WEATHER - DAYS WITH] 9 = BLOWING SNOW
X = TORNADO
MAX 32 OR BELOW: 0 0.01 INCH OR MORE: 10
MAX 90 OR ABOVE: 0 0.10 INCH OR MORE: 3
MIN 32 OR BELOW: 8 0.50 INCH OR MORE: 0
MIN 0 OR BELOW: 0 1.00 INCH OR MORE: 0
[HDD (BASE 65) ]
TOTAL THIS MO. 334 CLEAR (SCALE 0-3) 11
DPTR FM NORMAL 1 PTCLDY (SCALE 4-7) 6
TOTAL FM JUL 1 1385 CLOUDY (SCALE 8-10) 12
DPTR FM NORMAL -104
[CDD (BASE 65) ]
TOTAL THIS MO. 11
DPTR FM NORMAL -4 [PRESSURE DATA]
TOTAL FM JAN 1 31 HIGHEST SLP 30.69 ON 21
DPTR FM NORMAL 7 LOWEST SLP 29.72 ON 5
[REMARKS]
#FINAL-02-20#