378
CXUS56 KSGX 011245
CF6CZZ
PRELIMINARY LOCAL CLIMATOLOGICAL DATA (WS FORM: F-6)
STATION: CAMPO ASOS CA
MONTH: AUGUST
YEAR: 2020
LATITUDE: 32 37 N
LONGITUDE: 116 28 W
TEMPERATURE IN F: :PCPN: SNOW: WIND :SUNSHINE: SKY :PK WND
================================================================================
1 2 3 4 5 6A 6B 7 8 9 10 11 12 13 14 15 16 17 18
12Z AVG MX 2MIN
DY MAX MIN AVG DEP HDD CDD WTR SNW DPTH SPD SPD DIR MIN PSBL S-S WX SPD DR
================================================================================
1 101 63 82 8 0 17 0.00 0.0 0 8.7 22 220 M M 0 27 220
2 96 57 77 3 0 12 0.00 0.0 0 9.1 23 230 M M 0 29 210
3 100 52 76 2 0 11 0.00 0.0 0 7.5 22 280 M M 0 27 280
4 94 54 74 0 0 9 0.00 0.0 0 9.3 21 220 M M 0 28 210
5 89 47 68 -6 0 3 0.00 0.0 0 9.7 22 220 M M 0 27 210
6 84 44 64 -10 1 0 0.00 0.0 0 8.6 18 230 M M 0 24 230
7 89 44 67 -7 0 2 0.00 0.0 0 7.7 18 220 M M 0 24 220
8 92 47 70 -4 0 5 0.00 0.0 0 8.6 18 220 M M 0 24 230
9 94 47 71 -3 0 6 0.00 0.0 0 7.9 18 220 M M 0 24 210
10 96 44 70 -4 0 5 0.00 0.0 0 7.3 16 220 M M 0 21 230
11 98 55 77 3 0 12 0.00 0.0 0 7.3 16 200 M M 0 20 220
12 98 58 78 4 0 13 0.00 0.0 0 8.1 21 220 M M 0 25 230
13 102 66 84 10 0 19 0.00 0.0 0 7.2 21 230 M M 0 30 250
14 105 62 84 10 0 19 0.00 0.0 0 6.8 18 210 M M 0 27 230
15 107 70 89 15 0 24 0.00 0.0 0 8.1 21 200 M M 0 25 210
16 98 66 82 8 0 17 0.00 0.0 0 7.9 22 230 M M 0 26 220
17 107 65 86 12 0 21 0.00 0.0 0 7.7 23 50 M M 0 30 60
18 107 69 88 14 0 23 0.00 0.0 0 8.6 22 220 M M 0 27 220
19 105 65 85 11 0 20 0.00 0.0 0 7.6 22 220 M M 0 26 230
20 105 64 85 11 0 20 0.00 0.0 0 7.2 25 220 M M 0 31 220
21 97 66 82 8 0 17 0.00 0.0 0 7.7 21 210 M M 0 26 230
22 96 66 81 7 0 16 0.00 0.0 0 7.7 21 220 M M 0 27 260
23 95 63 79 5 0 14 0.00 0.0 0 7.4 20 230 M M 0 26 230
24 97 62 80 7 0 15 0.00 0.0 0 7.5 20 220 M M 0 24 220
25 100 60 80 7 0 15 0.00 0.0 0 7.3 20 210 M M 0 26 220
26 102 60 81 8 0 16 0.00 0.0 0 6.7 17 310 M M 0 24 320
27 101 58 80 7 0 15 0.00 0.0 0 7.4 18 280 M M 0 25 320
28 99 59 79 6 0 14 0.00 0.0 0 7.4 21 220 M M 0 25 220
29 96 54 75 2 0 10 0.00 0.0 0 8.1 20 230 M M 0 25 210
30 92 51 72 -1 0 7 0.00 0.0 0 7.2 18 220 M M 0 26 210
31 91 51 71 -2 0 6 0.00 0.0 0 8.1 20 210 M M 0 23 220
================================================================================
SM 3033 1789 1 403 0.00 0.0 243.4 M 0
================================================================================
AV 97.8 57.7 7.9 FASTST M M 0 MAX(MPH)
MISC ----> # 25 220 # 31 220
================================================================================
NOTES:
# LAST OF SEVERAL OCCURRENCES
COLUMN 17 PEAK WIND IN M.P.H.
PRELIMINARY LOCAL CLIMATOLOGICAL DATA (WS FORM: F-6) , PAGE 2
STATION: CAMPO ASOS CA
MONTH: AUGUST
YEAR: 2020
LATITUDE: 32 37 N
LONGITUDE: 116 28 W
[TEMPERATURE DATA] [PRECIPITATION DATA] SYMBOLS USED IN COLUMN 16
AVERAGE MONTHLY: 77.8 TOTAL FOR MONTH: 0.00 1 = FOG OR MIST
DPTR FM NORMAL: 4.1 DPTR FM NORMAL: -0.70 2 = FOG REDUCING VISIBILITY
HIGHEST: 107 ON 18,17 GRTST 24HR 0.00 ON 31-31 TO 1/4 MILE OR LESS
LOWEST: 44 ON 10, 7 3 = THUNDER
SNOW, ICE PELLETS, HAIL 4 = ICE PELLETS
TOTAL MONTH: 0.0 INCH 5 = HAIL
GRTST 24HR 0.0 6 = FREEZING RAIN OR DRIZZLE
GRTST DEPTH: 0 7 = DUSTSTORM OR SANDSTORM:
VSBY 1/2 MILE OR LESS
8 = SMOKE OR HAZE
[NO. OF DAYS WITH] [WEATHER - DAYS WITH] 9 = BLOWING SNOW
X = TORNADO
MAX 32 OR BELOW: 0 0.01 INCH OR MORE: 0
MAX 90 OR ABOVE: 28 0.10 INCH OR MORE: 0
MIN 32 OR BELOW: 0 0.50 INCH OR MORE: 0
MIN 0 OR BELOW: 0 1.00 INCH OR MORE: 0
[HDD (BASE 65) ]
TOTAL THIS MO. 1 CLEAR (SCALE 0-3) 31
DPTR FM NORMAL -6 PTCLDY (SCALE 4-7) 0
TOTAL FM JUL 1 3 CLOUDY (SCALE 8-10) 0
DPTR FM NORMAL -11
[CDD (BASE 65) ]
TOTAL THIS MO. 403
DPTR FM NORMAL 125 [PRESSURE DATA]
TOTAL FM JAN 1 746 HIGHEST SLP M ON M
DPTR FM NORMAL 96 LOWEST SLP 29.65 ON M
[REMARKS]
#FINAL-08-20#