000
CXUS52 KMLB 010624
CF6DAB
PRELIMINARY LOCAL CLIMATOLOGICAL DATA (WS FORM: F-6)
STATION: DAYTONA BEACH
MONTH: MARCH
YEAR: 2024
LATITUDE: 29 10 N
LONGITUDE: 81 3 W
TEMPERATURE IN F: :PCPN: SNOW: WIND :SUNSHINE: SKY :PK WND
================================================================================
1 2 3 4 5 6A 6B 7 8 9 10 11 12 13 14 15 16 17 18
12Z AVG MX 2MIN
DY MAX MIN AVG DEP HDD CDD WTR SNW DPTH SPD SPD DIR MIN PSBL S-S WX SPD DR
================================================================================
1 79 65 72 9 0 7 T 0.0 0 6.9 18 160 M M 9 1 32 150
2 78 65 72 9 0 7 0.18 0.0 0 4.0 14 300 M M 8 1 20 320
3 77 63 70 7 0 5 0.64 0.0 0 5.0 16 60 M M 6 13 20 70
4 75 60 68 4 0 3 0.00 0.0 0 7.9 14 30 M M 8 12 19 30
5 77 62 70 6 0 5 0.00 0.0 0 5.0 12 90 M M 9 12 17 120
6 83 66 75 11 0 10 0.05 0.0 0 12.0 23 250 M M 7 1 37 140
7 75 62 69 5 0 4 0.00 0.0 0 6.7 14 80 M M 5 1 19 70
8 79 64 72 8 0 7 0.00 0.0 0 8.2 17 90 M M 6 26 80
9 87 72 80 16 0 15 T 0.0 0 9.0 21 230 M M 7 30 230
10 77 58 68 4 0 3 1.50 0.0 0 9.6 23 260 M M 6 13 31 260
11 67 51 59 -5 6 0 0.00 0.0 0 8.5 21 30 M M 8 27 10
12 74 52 63 -1 2 0 0.00 0.0 0 3.6 14 70 M M 3 1 18 70
13 78 59 69 4 0 4 0.00 0.0 0 3.1 13 60 M M 5 18 130
14 79 58 69 4 0 4 0.00 0.0 0 3.4 13 60 M M 4 1 17 60
15 85 61 73 8 0 8 0.00 0.0 0 5.2 13 210 M M 2 1 17 110
16 85 66 76 11 0 11 0.00 0.0 0 7.1 17 210 M M 5 1 27 280
17 84 66 75 10 0 10 0.00 0.0 0 6.6 14 60 M M 5 19 280
18 82 66 74 9 0 9 0.10 0.0 0 7.2 20 240 M M 9 13 27 250
19 67 46 57 -9 8 0 0.00 0.0 0 9.2 23 10 M M 2 30 20
20 70 44 57 -9 8 0 0.00 0.0 0 3.8 14 60 M M 2 1 17 60
21 75 49 62 -4 3 0 0.00 0.0 0 3.9 16 70 M M 4 21 60
22 73 65 69 3 0 4 0.27 0.0 0 7.0 20 160 M M 10 1 36 150
23 81 61 71 5 0 6 0.38 0.0 0 7.0 21 10 M M 6 13 27 270
24 71 61 66 0 0 1 T 0.0 0 16.3 29 10 M M 7 18 37 10
25 75 61 68 2 0 3 0.00 0.0 0 9.8 18 60 M M 6 29 80
26 80 68 74 7 0 9 0.00 0.0 0 8.1 18 160 M M 7 29 160
27 78 69 74 7 0 9 0.01 0.0 0 5.0 13 180 M M 8 21 150
28 77 61 69 2 0 4 0.26 0.0 0 9.1 24 20 M M 6 1 31 20
29 74 54 64 -3 1 0 0.00 0.0 0 7.2 17 40 M M 1 23 10
30 79 52 66 -1 0 1 0.00 0.0 0 3.3 13 240 M M 2 1 18 270
31 82 54 68 1 0 3 0.00 0.0 0 4.9 15 240 M M 3 1 21 220
================================================================================
SM 2403 1861 28 152 3.39 0.0 213.6 M 176
================================================================================
AV 77.5 60.0 6.9 FASTST M M 6 MAX(MPH)
MISC ----> 29 10 # 37 140
================================================================================
NOTES:
# LAST OF SEVERAL OCCURRENCES
COLUMN 17 PEAK WIND IN M.P.H.
PRELIMINARY LOCAL CLIMATOLOGICAL DATA (WS FORM: F-6) , PAGE 2
STATION: DAYTONA BEACH
MONTH: MARCH
YEAR: 2024
LATITUDE: 29 10 N
LONGITUDE: 81 3 W
[TEMPERATURE DATA] [PRECIPITATION DATA] SYMBOLS USED IN COLUMN 16
AVERAGE MONTHLY: 68.8 TOTAL FOR MONTH: 3.39 1 = FOG OR MIST
DPTR FM NORMAL: 3.6 DPTR FM NORMAL: -0.24 2 = FOG REDUCING VISIBILITY
HIGHEST: 87 ON 9 GRTST 24HR 1.50 ON 9-10 TO 1/4 MILE OR LESS
LOWEST: 44 ON 20 3 = THUNDER
SNOW, ICE PELLETS, HAIL 4 = ICE PELLETS
TOTAL MONTH: 0.0 INCH 5 = HAIL
GRTST 24HR 0.0 6 = FREEZING RAIN OR DRIZZLE
GRTST DEPTH: 0 7 = DUSTSTORM OR SANDSTORM:
VSBY 1/2 MILE OR LESS
8 = SMOKE OR HAZE
[NO. OF DAYS WITH] [WEATHER - DAYS WITH] 9 = BLOWING SNOW
X = TORNADO
MAX 32 OR BELOW: 0 0.01 INCH OR MORE: 9
MAX 90 OR ABOVE: 0 0.10 INCH OR MORE: 7
MIN 32 OR BELOW: 0 0.50 INCH OR MORE: 2
MIN 0 OR BELOW: 0 1.00 INCH OR MORE: 1
[HDD (BASE 65) ]
TOTAL THIS MO. 28 CLEAR (SCALE 0-3) 6
DPTR FM NORMAL -57 PTCLDY (SCALE 4-7) 19
TOTAL FM JUL 1 521 CLOUDY (SCALE 8-10) 6
DPTR FM NORMAL -168
[CDD (BASE 65) ]
TOTAL THIS MO. 152
DPTR FM NORMAL 62 [PRESSURE DATA]
TOTAL FM JAN 1 229 HIGHEST SLP M ON M
DPTR FM NORMAL 62 LOWEST SLP 29.64 ON 23
[REMARKS]
#FINAL-03-24#