000
CXUS52 KMLB 010625
CF6DAB
PRELIMINARY LOCAL CLIMATOLOGICAL DATA (WS FORM: F-6)
STATION: DAYTONA BEACH
MONTH: MAY
YEAR: 2022
LATITUDE: 29 10 N
LONGITUDE: 81 3 W
TEMPERATURE IN F: :PCPN: SNOW: WIND :SUNSHINE: SKY :PK WND
================================================================================
1 2 3 4 5 6A 6B 7 8 9 10 11 12 13 14 15 16 17 18
12Z AVG MX 2MIN
DY MAX MIN AVG DEP HDD CDD WTR SNW DPTH SPD SPD DIR MIN PSBL S-S WX SPD DR
================================================================================
1 83 65 74 1 0 9 0.00 0.0 0 4.5 17 70 M M 3 1 23 70
2 84 66 75 2 0 10 0.00 0.0 0 4.6 15 80 M M 3 1 21 80
3 84 69 77 4 0 12 0.00 0.0 0 3.9 14 110 M M 5 18 19 110
4 88 68 78 5 0 13 0.00 0.0 0 3.5 13 70 M M 3 1 17 60
5 93 68 81 7 0 16 0.01 0.0 0 4.8 14 60 M M 3 1 18 60
6 94 72 83 9 0 18 T 0.0 0 9.2 23 230 M M 7 3 29 240
7 91 70 81 7 0 16 0.59 0.0 0 13.3 29 240 M M 4 13 39 240
8 84 66 75 1 0 10 0.00 0.0 0 9.2 17 40 M M 3 21 20
9 77 67 72 -2 0 7 T 0.0 0 14.0 22 20 M M 6 26 360
10 78 63 71 -3 0 6 0.00 0.0 0 14.9 25 10 M M 3 34 10
11 77 62 70 -5 0 5 0.00 0.0 0 14.2 25 20 M M 2 35 20
12 78 64 71 -4 0 6 0.21 0.0 0 10.6 22 30 M M 5 1 27 30
13 82 62 72 -3 0 7 0.00 0.0 0 4.7 15 80 M M 6 3 20 70
14 85 65 75 0 0 10 0.00 0.0 0 4.6 14 70 M M 4 1 18 80
15 86 68 77 2 0 12 0.22 0.0 0 4.8 22 240 M M 7 13 27 240
16 90 65 78 2 0 13 T 0.0 0 5.8 15 60 M M 4 138 19 260
17 90 68 79 3 0 14 T 0.0 0 3.6 18 30 M M 4 1 23 30
18 88 70 79 3 0 14 T 0.0 0 3.9 14 70 M M 4 138 17 80
19 90 71 81 5 0 16 0.00 0.0 0 4.1 12 90 M M 4 18 15 80
20 89 72 81 5 0 16 0.33 0.0 0 5.7 18 200 M M 7 13 29 190
21 88 69 79 3 0 14 0.88 0.0 0 6.4 23 230 M M 10 138 36 230
22 91 70 81 4 0 16 T 0.0 0 5.4 14 170 M M 8 13 20 160
23 88 75 82 5 0 17 0.00 0.0 0 6.2 14 100 M M 6 20 110
24 88 73 81 4 0 16 0.00 0.0 0 5.6 16 100 M M 4 1 26 100
25 87 76 82 5 0 17 0.00 0.0 0 6.8 17 100 M M 6 24 120
26 88 72 80 2 0 15 0.00 0.0 0 6.4 15 100 M M 4 25 110
27 89 72 81 3 0 16 0.61 0.0 0 5.7 25 260 M M 7 13 29 270
28 91 71 81 3 0 16 0.00 0.0 0 4.8 14 70 M M 4 1 18 70
29 88 72 80 2 0 15 0.00 0.0 0 5.1 16 70 M M 3 1 20 90
30 88 70 79 1 0 14 0.00 0.0 0 5.0 14 80 M M 2 1 18 130
31 86 73 80 2 0 15 0.02 0.0 0 7.4 17 60 M M 4 1 24 70
================================================================================
SM 2683 2134 0 401 2.87 0.0 208.7 M 145
================================================================================
AV 86.5 68.8 6.7 FASTST M M 5 MAX(MPH)
MISC ----> 29 240 39 240
================================================================================
NOTES:
# LAST OF SEVERAL OCCURRENCES
COLUMN 17 PEAK WIND IN M.P.H.
PRELIMINARY LOCAL CLIMATOLOGICAL DATA (WS FORM: F-6) , PAGE 2
STATION: DAYTONA BEACH
MONTH: MAY
YEAR: 2022
LATITUDE: 29 10 N
LONGITUDE: 81 3 W
[TEMPERATURE DATA] [PRECIPITATION DATA] SYMBOLS USED IN COLUMN 16
AVERAGE MONTHLY: 77.7 TOTAL FOR MONTH: 2.87 1 = FOG OR MIST
DPTR FM NORMAL: 2.1 DPTR FM NORMAL: -0.82 2 = FOG REDUCING VISIBILITY
HIGHEST: 94 ON 6 GRTST 24HR 0.88 ON 21-21 TO 1/4 MILE OR LESS
LOWEST: 62 ON 13,11 3 = THUNDER
SNOW, ICE PELLETS, HAIL 4 = ICE PELLETS
TOTAL MONTH: 0.0 INCH 5 = HAIL
GRTST 24HR 0.0 6 = FREEZING RAIN OR DRIZZLE
GRTST DEPTH: 0 7 = DUSTSTORM OR SANDSTORM:
VSBY 1/2 MILE OR LESS
8 = SMOKE OR HAZE
[NO. OF DAYS WITH] [WEATHER - DAYS WITH] 9 = BLOWING SNOW
X = TORNADO
MAX 32 OR BELOW: 0 0.01 INCH OR MORE: 8
MAX 90 OR ABOVE: 8 0.10 INCH OR MORE: 6
MIN 32 OR BELOW: 0 0.50 INCH OR MORE: 3
MIN 0 OR BELOW: 0 1.00 INCH OR MORE: 0
[HDD (BASE 65) ]
TOTAL THIS MO. 0 CLEAR (SCALE 0-3) 7
DPTR FM NORMAL -1 PTCLDY (SCALE 4-7) 22
TOTAL FM JUL 1 449 CLOUDY (SCALE 8-10) 2
DPTR FM NORMAL -258
[CDD (BASE 65) ]
TOTAL THIS MO. 401
DPTR FM NORMAL 71 [PRESSURE DATA]
TOTAL FM JAN 1 906 HIGHEST SLP M ON M
DPTR FM NORMAL 235 LOWEST SLP 29.68 ON 7
[REMARKS]
#FINAL-05-22#