000
CXUS52 KMLB 010631
CF6DAB
PRELIMINARY LOCAL CLIMATOLOGICAL DATA (WS FORM: F-6)
STATION: DAYTONA BEACH
MONTH: AUGUST
YEAR: 2021
LATITUDE: 29 10 N
LONGITUDE: 81 3 W
TEMPERATURE IN F: :PCPN: SNOW: WIND :SUNSHINE: SKY :PK WND
================================================================================
1 2 3 4 5 6A 6B 7 8 9 10 11 12 13 14 15 16 17 18
12Z AVG MX 2MIN
DY MAX MIN AVG DEP HDD CDD WTR SNW DPTH SPD SPD DIR MIN PSBL S-S WX SPD DR
================================================================================
1 93 75 84 2 0 19 0.13 0.0 0 9.1 22 260 M M 6 13 39 310
2 93 75 84 2 0 19 0.46 0.0 0 6.3 17 60 M M 7 13 23 30
3 88 74 81 -1 0 16 1.03 0.0 0 6.6 25 260 M M 9 18 36 260
4 87 74 81 -1 0 16 1.17 0.0 0 6.9 25 240 M M 8 138 33 250
5 90 74 82 0 0 17 T 0.0 0 6.3 16 210 M M 7 21 200
6 93 75 84 2 0 19 1.27 0.0 0 4.6 18 360 M M 5 13 26 10
7 92 75 84 2 0 19 0.90 0.0 0 4.2 16 30 M M 7 13 21 100
8 91 76 84 2 0 19 T 0.0 0 4.1 12 90 M M 5 13 16 80
9 91 77 84 2 0 19 0.00 0.0 0 3.5 13 70 M M 3 13 16 80
10 90 77 84 2 0 19 0.00 0.0 0 3.4 15 80 M M 3 13 19 80
11 90 77 84 2 0 19 0.00 0.0 0 4.0 14 70 M M 4 138 17 70
12 90 76 83 1 0 18 0.00 0.0 0 5.1 16 40 M M 4 20 50
13 89 75 82 0 0 17 0.49 0.0 0 6.4 21 60 M M 6 13 27 130
14 89 76 83 1 0 18 0.50 0.0 0 4.5 14 80 M M 8 13 22 80
15 89 77 83 1 0 18 T 0.0 0 5.7 14 80 M M 7 20 80
16 88 75 82 0 0 17 0.10 0.0 0 5.3 21 130 M M 10 13 21 130
17 93 79 86 4 0 21 T 0.0 0 6.5 16 80 M M 6 21 80
18 92 78 85 3 0 20 0.00 0.0 0 4.4 15 80 M M 4 1 19 80
19 92 77 85 3 0 20 0.00 0.0 0 3.4 12 70 M M 2 1 15 80
20 95 77 86 4 0 21 T 0.0 0 4.1 16 30 M M 5 38 18 30
21 97 78 88 6 0 23 0.00 0.0 0 4.8 12 240 M M 5 3 16 240
22 95 76 86 4 0 21 T 0.0 0 4.5 18 280 M M 8 3 24 280
23 93 79 86 4 0 21 T 0.0 0 4.6 13 270 M M 9 3 16 210
24 91 69 80 -2 0 15 1.01 0.0 0 5.1 24 210 M M 8 13 33 220
25 89 72 81 -1 0 16 0.00 0.0 0 5.8 14 90 M M 5 18 90
26 88 74 81 -1 0 16 0.82 0.0 0 7.5 18 50 M M 7 138 30 100
27 88 76 82 0 0 17 0.43 0.0 0 5.2 16 60 M M 8 138 22 110
28 89 79 84 2 0 19 0.03 0.0 0 6.9 14 100 M M 8 13 22 90
29 90 79 85 3 0 20 0.00 0.0 0 5.1 14 90 M M 6 19 110
30 90 75 83 2 0 18 0.00 0.0 0 4.1 12 90 M M 4 1 17 60
31 94 76 85 4 0 20 0.00 0.0 0 5.8 15 240 M M 6 1 18 210
================================================================================
SM 2819 2352 0 577 8.34 0.0 163.8 M 190
================================================================================
AV 90.9 75.9 5.3 FASTST M M 6 MAX(MPH)
MISC ----> # 25 260 39 310
================================================================================
NOTES:
# LAST OF SEVERAL OCCURRENCES
COLUMN 17 PEAK WIND IN M.P.H.
PRELIMINARY LOCAL CLIMATOLOGICAL DATA (WS FORM: F-6) , PAGE 2
STATION: DAYTONA BEACH
MONTH: AUGUST
YEAR: 2021
LATITUDE: 29 10 N
LONGITUDE: 81 3 W
[TEMPERATURE DATA] [PRECIPITATION DATA] SYMBOLS USED IN COLUMN 16
AVERAGE MONTHLY: 83.4 TOTAL FOR MONTH: 8.34 1 = FOG OR MIST
DPTR FM NORMAL: 1.5 DPTR FM NORMAL: 1.76 2 = FOG REDUCING VISIBILITY
HIGHEST: 97 ON 21 GRTST 24HR 2.14 ON 6- 7 TO 1/4 MILE OR LESS
LOWEST: 69 ON 24 3 = THUNDER
SNOW, ICE PELLETS, HAIL 4 = ICE PELLETS
TOTAL MONTH: 0.0 INCH 5 = HAIL
GRTST 24HR 0.0 6 = FREEZING RAIN OR DRIZZLE
GRTST DEPTH: 0 7 = DUSTSTORM OR SANDSTORM:
VSBY 1/2 MILE OR LESS
8 = SMOKE OR HAZE
[NO. OF DAYS WITH] [WEATHER - DAYS WITH] 9 = BLOWING SNOW
X = TORNADO
MAX 32 OR BELOW: 0 0.01 INCH OR MORE: 13
MAX 90 OR ABOVE: 21 0.10 INCH OR MORE: 12
MIN 32 OR BELOW: 0 0.50 INCH OR MORE: 7
MIN 0 OR BELOW: 0 1.00 INCH OR MORE: 4
[HDD (BASE 65) ]
TOTAL THIS MO. 0 CLEAR (SCALE 0-3) 2
DPTR FM NORMAL 0 PTCLDY (SCALE 4-7) 25
TOTAL FM JUL 1 0 CLOUDY (SCALE 8-10) 4
DPTR FM NORMAL 0
[CDD (BASE 65) ]
TOTAL THIS MO. 577
DPTR FM NORMAL 52 [PRESSURE DATA]
TOTAL FM JAN 1 2352 HIGHEST SLP M ON M
DPTR FM NORMAL 178 LOWEST SLP 29.83 ON 31
[REMARKS]
#FINAL-08-21#