000
CXUS52 KMLB 011634
CLMDAB
CLIMATE REPORT
NATIONAL WEATHER SERVICE MELBOURNE FL
1234 PM EDT WED NOV 01 2023
...................................
...THE DAYTONA BEACH CLIMATE SUMMARY FOR THE MONTH OF OCTOBER 2023...
CLIMATE NORMAL PERIOD 1991 TO 2020
CLIMATE RECORD PERIOD 1923 TO 2023
WEATHER OBSERVED NORMAL DEPART LAST YEAR`S
VALUE DATE(S) VALUE FROM VALUE
NORMAL
..............................................................
TEMPERATURE (F)
MONTHLY RECORD
HOTTEST 79.3 2019
COLDEST 68.6 1940
DAILY RECORD
HIGH 95 10/02/1959
10/06/1934
LOW 39 10/24/1937
OCTOBER 2023
HIGHEST 89 10/12 88
10/13
LOWEST 53 10/17 52
10/18
AVG. MAXIMUM 81.8 82.2 -0.4 82.0
AVG. MINIMUM 66.6 66.7 -0.1 64.3
MEAN 74.2 74.4 -0.2 73.1
DAYS MAX >= 90 0 1.0 -1.0 0
DAYS MAX <= 32 0 0.0 0.0 0
DAYS MIN <= 32 0 0.0 0.0 0
DAYS MIN <= 0 0 0.0 0.0 0
PRECIPITATION (INCHES)
MONTHLY RECORD
MAXIMUM 24.82 1924
MINIMUM 0.04 1940
DAILY RECORD
MAXIMUM 12.85 10/10/1924
OCTOBER 2023
TOTALS 4.05 4.85 -0.80 0.36
DAYS >= .01 7 10.8 -3.8 3
DAYS >= .10 4 6.1 -2.1 1
DAYS >= .50 3 2.7 0.3 0
DAYS >= 1.00 2 1.6 0.4 0
GREATEST
24 HR. TOTAL 2.30 09/30 TO 10/01
SNOWFALL (INCHES)
TOTALS 0.0 MM MM 0.0
SINCE 7/1 0.0 MM MM MM
DAYS >= TRACE 0 0
DEGREE DAYS
HEATING TOTAL 4 8 -4 6
SINCE 7/1 4 6 -2 MM
COOLING TOTAL 296 301 -5 266
SINCE 1/1 3452 2928 524 MM
..............................................................
WIND (MPH)
AVERAGE WIND SPEED 8.4
HIGHEST WIND SPEED/DIRECTION 29/040 DATE 10/01
HIGHEST GUST SPEED/DIRECTION 41/230 DATE 10/12
SKY COVER
POSSIBLE SUNSHINE (PERCENT) MM
AVERAGE SKY COVER 0.46
NUMBER OF DAYS FAIR 9
NUMBER OF DAYS PC 18
NUMBER OF DAYS CLOUDY 4
AVERAGE RH (PERCENT) 73
WEATHER CONDITIONS. NUMBER OF DAYS WITH
THUNDERSTORM 2 MIXED PRECIP 0
HEAVY RAIN 4 RAIN 6
LIGHT RAIN 10 LT FREEZING RAIN 0
HAIL 0 LIGHT SNOW 0
SLEET 0 FOG 13
FOG W/VIS <= 1/4 MILE 0 HAZE 3
- INDICATES NEGATIVE NUMBERS.
R INDICATES RECORD WAS SET OR TIED.
MM INDICATES DATA IS MISSING.
T INDICATES TRACE AMOUNT.
$$