000
CXUS51 KRNK 030243
CF6DAN
PRELIMINARY LOCAL CLIMATOLOGICAL DATA (WS FORM: F-6)
STATION: DANVILLE VA
MONTH: AUGUST
YEAR: 2022
LATITUDE: 36 34 N
LONGITUDE: 79 20 W
TEMPERATURE IN F: :PCPN: SNOW: WIND :SUNSHINE: SKY :PK WND
================================================================================
1 2 3 4 5 6A 6B 7 8 9 10 11 12 13 14 15 16 17 18
12Z AVG MX 2MIN
DY MAX MIN AVG DEP HDD CDD WTR SNW DPTH SPD SPD DIR MIN PSBL S-S WX SPD DR
================================================================================
1 90 73 82 4 0 17 0.01 0.0 0 6.9 18 250 M M 4 1 25 270
2 92 71 82 4 0 17 0.00 0.0 0 5.5 15 300 M M 1 20 260
3 92 67 80 2 0 15 0.00 0.0 0 1.5 7 180 M M 0 10 160
4 94 70 82 4 0 17 0.00 0.0 0 2.7 13 260 M M 2 1 18 240
5 90 71 81 3 0 16 1.17 0.0 0 4.6 25 260 M M 5 13 30 290
6 87 71 79 1 0 14 0.21 0.0 0 2.0 14 50 M M 6 138 23 170
7 90 68 79 1 0 14 0.00 0.0 0 1.2 6 80 M M 3 12 10 100
8 91 71 81 4 0 16 T 0.0 0 2.7 14 310 M M 1 3 17 310
9 92 72 82 5 0 17 0.00 0.0 0 4.0 17 240 M M 2 3 23 240
10 92 71 82 5 0 17 0.21 0.0 0 3.8 13 330 M M 1 13 19 340
11 85 70 78 1 0 13 0.33 0.0 0 4.4 15 310 M M 5 123 20 310
12 80 62 71 -6 0 6 T 0.0 0 5.4 15 50 M M 4 20 40
13 83 57 70 -7 0 5 0.00 0.0 0 2.9 13 20 M M 0 16 20
14 83 59 71 -6 0 6 T 0.0 0 1.6 9 200 M M 6 11 230
15 76 65 71 -6 0 6 T 0.0 0 3.6 14 50 M M 10 17 50
16 76 64 70 -7 0 5 T 0.0 0 5.9 12 20 M M 9 15 40
17 81 62 72 -5 0 7 0.00 0.0 0 3.9 13 40 M M 4 18 40
18 84 59 72 -4 0 7 T 0.0 0 1.5 12 360 M M 5 14 360
19 83 63 73 -3 0 8 0.00 0.0 0 1.5 7 120 M M 3 12 100
20 84 65 75 -1 0 10 0.00 0.0 0 1.0 7 90 M M 5 10 90
21 82 66 74 -2 0 9 0.90 0.0 0 2.3 17 240 M M 6 13 22 230
22 83 67 75 -1 0 10 0.16 0.0 0 4.1 10 280 M M 6 1 14 260
23 86 63 75 -1 0 10 0.00 0.0 0 3.0 10 260 M M 1 14 350
24 88 64 76 0 0 11 0.00 0.0 0 0.5 7 240 M M 1 1 8 230
25 83 67 75 -1 0 10 0.00 0.0 0 1.2 6 190 M M 3 1 9 220
26 87 64 76 1 0 11 T 0.0 0 2.3 12 330 M M 3 12 14 330
27 90 65 78 3 0 13 0.00 0.0 0 1.7 9 40 M M 1 1 11 30
28 90 67 79 4 0 14 0.00 0.0 0 2.4 8 150 M M 0 13 150
29 90 67 79 4 0 14 0.00 0.0 0 1.3 8 220 M M 1 1 11 140
30 89 68 79 4 0 14 0.46 0.0 0 4.8 18 340 M M 2 138 24 340
31 86 64 75 1 0 10 0.00 0.0 0 5.8 13 290 M M 1 1 18 340
================================================================================
SM 2679 2053 0 359 3.45 0.0 96.0 M 101
================================================================================
AV 86.4 66.2 3.1 FASTST M M 3 MAX(MPH)
MISC ----> 25 260 30 290
================================================================================
NOTES:
# LAST OF SEVERAL OCCURRENCES
COLUMN 17 PEAK WIND IN M.P.H.
PRELIMINARY LOCAL CLIMATOLOGICAL DATA (WS FORM: F-6) , PAGE 2
STATION: DANVILLE VA
MONTH: AUGUST
YEAR: 2022
LATITUDE: 36 34 N
LONGITUDE: 79 20 W
[TEMPERATURE DATA] [PRECIPITATION DATA] SYMBOLS USED IN COLUMN 16
AVERAGE MONTHLY: 76.3 TOTAL FOR MONTH: 3.45 1 = FOG OR MIST
DPTR FM NORMAL: -0.2 DPTR FM NORMAL: -0.02 2 = FOG REDUCING VISIBILITY
HIGHEST: 94 ON 4 GRTST 24HR 1.17 ON 5- 5 TO 1/4 MILE OR LESS
LOWEST: 57 ON 13 3 = THUNDER
SNOW, ICE PELLETS, HAIL 4 = ICE PELLETS
TOTAL MONTH: 0.0 INCH 5 = HAIL
GRTST 24HR 0.0 6 = FREEZING RAIN OR DRIZZLE
GRTST DEPTH: 0 7 = DUSTSTORM OR SANDSTORM:
VSBY 1/2 MILE OR LESS
8 = SMOKE OR HAZE
[NO. OF DAYS WITH] [WEATHER - DAYS WITH] 9 = BLOWING SNOW
X = TORNADO
MAX 32 OR BELOW: 0 0.01 INCH OR MORE: 8
MAX 90 OR ABOVE: 12 0.10 INCH OR MORE: 7
MIN 32 OR BELOW: 0 0.50 INCH OR MORE: 2
MIN 0 OR BELOW: 0 1.00 INCH OR MORE: 1
[HDD (BASE 65) ]
TOTAL THIS MO. 0 CLEAR (SCALE 0-3) 17
DPTR FM NORMAL -1 PTCLDY (SCALE 4-7) 12
TOTAL FM JUL 1 0 CLOUDY (SCALE 8-10) 2
DPTR FM NORMAL 0
[CDD (BASE 65) ]
TOTAL THIS MO. 359
DPTR FM NORMAL 2 [PRESSURE DATA]
TOTAL FM JAN 1 1284 HIGHEST SLP 30.26 ON 6
DPTR FM NORMAL 111 LOWEST SLP 29.81 ON 30
[REMARKS]
#FINAL-08-22#