000
CXUS51 KILN 010758
CF6DAY
PRELIMINARY LOCAL CLIMATOLOGICAL DATA (WS FORM: F-6)
STATION: DAYTON OH
MONTH: AUGUST
YEAR: 2021
LATITUDE: 39 54 N
LONGITUDE: 84 12 W
TEMPERATURE IN F: :PCPN: SNOW: WIND :SUNSHINE: SKY :PK WND
================================================================================
1 2 3 4 5 6A 6B 7 8 9 10 11 12 13 14 15 16 17 18
12Z AVG MX 2MIN
DY MAX MIN AVG DEP HDD CDD WTR SNW DPTH SPD SPD DIR MIN PSBL S-S WX SPD DR
================================================================================
1 81 59 70 -6 0 5 T 0.0 0 9.8 23 330 M M 2 8 28 330
2 79 55 67 -9 0 2 0.00 0.0 0 6.2 14 50 M M 2 17 60
3 81 56 69 -7 0 4 0.00 0.0 0 5.2 15 40 M M 2 19 40
4 83 56 70 -5 0 5 0.00 0.0 0 6.4 14 50 M M 2 19 60
5 84 62 73 -2 0 8 0.33 0.0 0 5.0 17 200 M M 6 1 23 200
6 84 66 75 0 0 10 0.00 0.0 0 7.8 20 250 M M 5 22 240
7 87 68 78 3 0 13 0.38 0.0 0 6.4 26 150 M M 7 13 31 150
8 89 67 78 3 0 13 T 0.0 0 7.9 15 140 M M 4 138 19 140
9 82 71 77 2 0 12 0.39 0.0 0 10.4 18 190 M M 7 23 190
10 86 72 79 4 0 14 0.04 0.0 0 13.3 23 220 M M 6 3 29 230
11 92 76 84 9 0 19 T 0.0 0 12.5 23 210 M M 6 29 210
12 93 76 85 10 0 20 0.00 0.0 0 11.9 23 330 M M 5 3 33 330
13 89 73 81 6 0 16 T 0.0 0 9.0 18 270 M M 9 3 24 250
14 83 64 74 -1 0 9 T 0.0 0 8.7 17 20 M M 7 21 20
15 78 63 71 -4 0 6 T 0.0 0 8.3 16 50 M M 9 20 50
16 81 64 73 -2 0 8 0.01 0.0 0 4.8 9 130 M M 9 14 130
17 82 68 75 0 0 10 0.01 0.0 0 4.8 16 140 M M 9 18 20 130
18 87 68 78 4 0 13 0.00 0.0 0 4.5 10 290 M M 7 12 17 340
19 86 71 79 5 0 14 T 0.0 0 2.7 9 80 M M 8 11 80
20 88 64 76 2 0 11 0.14 0.0 0 2.2 13 160 M M 4 1238 16 170
21 88 67 78 4 0 13 0.00 0.0 0 3.6 8 40 M M 4 18 12 180
22 91 68 80 6 0 15 0.05 0.0 0 2.3 16 40 M M 2 18 21 40
23 91 71 81 7 0 16 0.00 0.0 0 4.6 14 300 M M 3 18 21 300
24 93 70 82 8 0 17 0.00 0.0 0 3.8 10 250 M M 2 13 250
25 92 75 84 10 0 19 0.01 0.0 0 7.7 17 270 M M 7 20 270
26 92 70 81 8 0 16 0.16 0.0 0 4.2 25 130 M M 5 13 32 160
27 94 67 81 8 0 16 0.09 0.0 0 5.3 29 170 M M 5 13 34 170
28 91 71 81 8 0 16 0.00 0.0 0 5.7 13 220 M M 6 15 180
29 91 73 82 9 0 17 T 0.0 0 9.4 20 240 M M 5 3 23 220
30 82 69 76 3 0 11 0.91 0.0 0 7.2 22 320 M M 9 13 29 320
31 80 69 75 3 0 10 0.39 0.0 0 5.5 15 30 M M 10 18 17 40
================================================================================
SM 2680 2089 0 378 2.91 0.0 207.1 M 174
================================================================================
AV 86.5 67.4 6.7 FASTST M M 6 MAX(MPH)
MISC ----> 29 170 34 170
================================================================================
NOTES:
# LAST OF SEVERAL OCCURRENCES
COLUMN 17 PEAK WIND IN M.P.H.
PRELIMINARY LOCAL CLIMATOLOGICAL DATA (WS FORM: F-6) , PAGE 2
STATION: DAYTON OH
MONTH: AUGUST
YEAR: 2021
LATITUDE: 39 54 N
LONGITUDE: 84 12 W
[TEMPERATURE DATA] [PRECIPITATION DATA] SYMBOLS USED IN COLUMN 16
AVERAGE MONTHLY: 76.9 TOTAL FOR MONTH: 2.91 1 = FOG OR MIST
DPTR FM NORMAL: 2.4 DPTR FM NORMAL: -0.05 2 = FOG REDUCING VISIBILITY
HIGHEST: 94 ON 27 GRTST 24HR 0.91 ON 29-30 TO 1/4 MILE OR LESS
LOWEST: 55 ON 2 3 = THUNDER
SNOW, ICE PELLETS, HAIL 4 = ICE PELLETS
TOTAL MONTH: 0.0 INCH 5 = HAIL
GRTST 24HR 0.0 6 = FREEZING RAIN OR DRIZZLE
GRTST DEPTH: 0 7 = DUSTSTORM OR SANDSTORM:
VSBY 1/2 MILE OR LESS
8 = SMOKE OR HAZE
[NO. OF DAYS WITH] [WEATHER - DAYS WITH] 9 = BLOWING SNOW
X = TORNADO
MAX 32 OR BELOW: 0 0.01 INCH OR MORE: 13
MAX 90 OR ABOVE: 10 0.10 INCH OR MORE: 7
MIN 32 OR BELOW: 0 0.50 INCH OR MORE: 1
MIN 0 OR BELOW: 0 1.00 INCH OR MORE: 0
[HDD (BASE 65) ]
TOTAL THIS MO. 0 CLEAR (SCALE 0-3) 7
DPTR FM NORMAL -3 PTCLDY (SCALE 4-7) 18
TOTAL FM JUL 1 0 CLOUDY (SCALE 8-10) 6
DPTR FM NORMAL 0
[CDD (BASE 65) ]
TOTAL THIS MO. 378
DPTR FM NORMAL 82 [PRESSURE DATA]
TOTAL FM JAN 1 1100 HIGHEST SLP 30.25 ON 14
DPTR FM NORMAL 110 LOWEST SLP 29.87 ON 21
[REMARKS]
#FINAL-08-21#