000
CXUS53 KARX 011335
CF6DEH
PRELIMINARY LOCAL CLIMATOLOGICAL DATA (WS FORM: F-6)
STATION: DECORAH IA
MONTH: DECEMBER
YEAR: 2022
LATITUDE: 43 16 N
LONGITUDE: 91 44 W
TEMPERATURE IN F: :PCPN: SNOW: WIND :SUNSHINE: SKY :PK WND
================================================================================
1 2 3 4 5 6A 6B 7 8 9 10 11 12 13 14 15 16 17 18
12Z AVG MX 2MIN
DY MAX MIN AVG DEP HDD CDD WTR SNW DPTH SPD SPD DIR MIN PSBL S-S WX SPD DR
================================================================================
1 36 10 23 M 42 0 0.00 0.0 0 10.1 20 170 M M 1 28 160
2 45 19 32 M 33 0 M M 0 11.7 21 300 M M 5 33 300
3 19 7 13 M 52 0 M M 0 9.0 20 310 M M 4 33 300
4 37 16 27 M 38 0 0.00 0.0 0 7.0 10 220 M M 0 23 220
5 36 27 32 M 33 0 0.07 0.0 0 6.9 15 330 M M 8 21 220
6 32 21 27 M 38 0 0.00 0.0 0 3.0 7 160 M M 3 1 M M
7 28 18 23 M 42 0 0.00 0.0 0 3.4 7 20 M M 6 12 M M
8 32 12 22 M 43 0 0.00 0.0 0 4.8 9 100 M M 4 1 15 99
9 34 28 31 M 34 0 0.34 M M 10.8 15 100 M M 10 1 23 100
10 36 32 34 M 31 0 0.00 0.0 M 5.3 12 100 M M 10 1 12 0
11 34 30 32 M 33 0 0.00 0.0 M 3.6 7 350 M M 9 M M
12 36 30 33 M 32 0 0.00 0.0 M 9.0 12 130 M M 10 23 140
13 34 32 33 M 32 0 0.12 0.0 M 15.4 22 120 M M 10 1 38 120
14 39 32 36 M 29 0 0.22 M M 10.7 16 110 M M 10 12 29 110
15 32 23 28 M 37 0 M M M 8.0 13 230 M M 10 1 25 230
16 27 19 23 M 42 0 M M M 9.6 15 220 M M 9 25 220
17 21 10 16 M 49 0 M M M 8.6 12 300 M M 10 21 300
18 10 1 6 M 59 0 0.00 0.0 M 7.2 13 300 M M 3 20 300
19 25 -2 12 M 53 0 M M M 5.0 10 150 M M 7 16 150
20 25 -6 10 M 55 0 M M M 7.6 13 340 M M 2 21 300
21 10 -8 1 M 64 0 M M M 5.4 10 100 M M 6 16 120
22 10 -13 -1 M 66 0 M M M 11.7 17 300 M M 8 89 30 310
23 -4 -11 -7 M 72 0 M M M 15.8 17 300 M M 8 18 41 300
24 5 -4 1 M 64 0 0.00 0.0 M 11.6 15 310 M M 4 1 29 290
25 10 -2 4 M 61 0 M M M 6.1 12 290 M M 3 21 300
26 10 -4 3 M 62 0 M M M 6.1 13 330 M M 5 17 340
27 23 -4 10 M 55 0 0.00 0.0 M 10.4 20 180 M M 1 27 180
28 39 25 32 M 33 0 0.00 0.0 M 12.6 17 170 M M 3 25 180
29 43 32 38 M 27 0 0.00 0.0 M 5.3 13 180 M M 7 12 20 180
30 32 18 25 M 40 0 M M M 5.9 12 290 M M 5 1 18 260
31 32 18 25 M 40 0 0.04 M M 6.6 12 160 M M 6 1 21 140
================================================================================
SM 828 406 1391 0 0.79 0.0 254.2 M 187
================================================================================
AV 26.7 13.1 8.2 FASTST M M 6 MAX(MPH)
MISC ----> 22 120 41 300
================================================================================
NOTES:
# LAST OF SEVERAL OCCURRENCES
COLUMN 17 PEAK WIND IN M.P.H.
PRELIMINARY LOCAL CLIMATOLOGICAL DATA (WS FORM: F-6) , PAGE 2
STATION: DECORAH IA
MONTH: DECEMBER
YEAR: 2022
LATITUDE: 43 16 N
LONGITUDE: 91 44 W
[TEMPERATURE DATA] [PRECIPITATION DATA] SYMBOLS USED IN COLUMN 16
AVERAGE MONTHLY: 19.9 TOTAL FOR MONTH: 0.79 1 = FOG OR MIST
DPTR FM NORMAL: 0.0 DPTR FM NORMAL: M 2 = FOG REDUCING VISIBILITY
HIGHEST: 45 ON 2 GRTST 24HR 0.34 ON 9- 9 TO 1/4 MILE OR LESS
LOWEST: -13 ON 22 3 = THUNDER
SNOW, ICE PELLETS, HAIL 4 = ICE PELLETS
TOTAL MONTH: 0.0 INCH 5 = HAIL
GRTST 24HR 0.0 6 = FREEZING RAIN OR DRIZZLE
GRTST DEPTH: 0 7 = DUSTSTORM OR SANDSTORM:
VSBY 1/2 MILE OR LESS
8 = SMOKE OR HAZE
[NO. OF DAYS WITH] [WEATHER - DAYS WITH] 9 = BLOWING SNOW
X = TORNADO
MAX 32 OR BELOW: 19 0.01 INCH OR MORE: 5
MAX 90 OR ABOVE: 0 0.10 INCH OR MORE: 3
MIN 32 OR BELOW: 31 0.50 INCH OR MORE: 0
MIN 0 OR BELOW: 9 1.00 INCH OR MORE: 0
[HDD (BASE 65) ]
TOTAL THIS MO. 1391 CLEAR (SCALE 0-3) 7
DPTR FM NORMAL M PTCLDY (SCALE 4-7) 15
TOTAL FM JUL 1 2815 CLOUDY (SCALE 8-10) 9
DPTR FM NORMAL M
[CDD (BASE 65) ]
TOTAL THIS MO. 0
DPTR FM NORMAL M [PRESSURE DATA]
TOTAL FM JAN 1 632 HIGHEST SLP M ON M
DPTR FM NORMAL M LOWEST SLP M ON M
[REMARKS]
#FINAL-12-22#