000
CXUS54 KFWD 010730
CF6DFW
PRELIMINARY LOCAL CLIMATOLOGICAL DATA (WS FORM: F-6)
STATION: DALLAS/FORT WORTH
MONTH: SEPTEMBER
YEAR: 2022
LATITUDE: 32 54 N
LONGITUDE: 97 2 W
TEMPERATURE IN F: :PCPN: SNOW: WIND :SUNSHINE: SKY :PK WND
================================================================================
1 2 3 4 5 6A 6B 7 8 9 10 11 12 13 14 15 16 17 18
12Z AVG MX 2MIN
DY MAX MIN AVG DEP HDD CDD WTR SNW DPTH SPD SPD DIR MIN PSBL S-S WX SPD DR
================================================================================
1 85 75 80 -3 0 15 0.23 0.0 0 4.2 25 290 M M 9 138 33 310
2 86 74 80 -3 0 15 0.10 0.0 0 7.9 18 190 M M 8 1 23 190
3 97 73 85 3 0 20 0.00 0.0 0 4.2 22 110 M M 5 3 31 100
4 95 72 84 2 0 19 T 0.0 0 5.2 31 50 M M 5 3 41 50
5 92 68 80 -2 0 15 0.00 0.0 0 7.4 23 240 M M 4 3 30 240
6 95 73 84 2 0 19 0.00 0.0 0 4.0 17 170 M M 4 22 170
7 95 73 84 3 0 19 0.00 0.0 0 5.8 18 360 M M 2 27 360
8 90 75 83 2 0 18 0.00 0.0 0 5.9 13 100 M M 3 19 70
9 89 70 80 -1 0 15 0.00 0.0 0 6.2 14 130 M M 2 19 120
10 90 66 78 -2 0 13 0.00 0.0 0 4.1 13 60 M M 1 19 40
11 85 69 77 -3 0 12 0.00 0.0 0 11.1 21 340 M M 5 29 10
12 87 65 76 -4 0 11 0.00 0.0 0 4.3 9 180 M M 3 12 130
13 90 67 79 0 0 14 0.00 0.0 0 8.4 16 160 M M 2 21 180
14 88 64 76 -3 0 11 0.00 0.0 0 8.3 15 140 M M 2 19 150
15 88 63 76 -3 0 11 0.00 0.0 0 7.7 15 130 M M 3 22 130
16 92 67 80 2 0 15 0.00 0.0 0 9.5 20 160 M M 2 28 170
17 94 76 85 7 0 20 0.00 0.0 0 12.4 18 190 M M 4 28 160
18 95 76 86 8 0 21 0.00 0.0 0 10.4 17 190 M M 1 23 180
19 95 75 85 7 0 20 0.00 0.0 0 7.6 15 190 M M 1 20 160
20 96 76 86 9 0 21 0.00 0.0 0 7.8 15 170 M M 1 22 170
21 96 74 85 8 0 20 0.00 0.0 0 5.8 14 140 M M 1 19 170
22 98 70 84 7 0 19 0.00 0.0 0 3.3 14 310 M M 1 19 300
23 97 72 85 9 0 20 0.00 0.0 0 7.4 21 200 M M 2 27 170
24 96 76 86 10 0 21 0.00 0.0 0 9.3 16 190 M M 1 21 180
25 98 75 87 11 0 22 0.00 0.0 0 7.0 18 70 M M 5 3 26 80
26 87 66 77 2 0 12 0.00 0.0 0 9.8 20 10 M M 0 27 360
27 88 59 74 -1 0 9 0.00 0.0 0 6.1 12 130 M M 1 15 130
28 91 65 78 4 0 13 0.00 0.0 0 7.7 16 200 M M 2 21 180
29 81 64 73 -1 0 8 0.00 0.0 0 9.1 20 140 M M 0 29 150
30 81 58 70 -4 0 5 0.00 0.0 0 5.7 10 150 M M 0 15 130
================================================================================
SM 2737 2096 0 473 0.33 0.0 213.6 M 80
================================================================================
AV 91.2 69.9 7.1 FASTST M M 3 MAX(MPH)
MISC ----> 31 50 41 50
================================================================================
NOTES:
# LAST OF SEVERAL OCCURRENCES
COLUMN 17 PEAK WIND IN M.P.H.
PRELIMINARY LOCAL CLIMATOLOGICAL DATA (WS FORM: F-6) , PAGE 2
STATION: DALLAS/FORT WORTH
MONTH: SEPTEMBER
YEAR: 2022
LATITUDE: 32 54 N
LONGITUDE: 97 2 W
[TEMPERATURE DATA] [PRECIPITATION DATA] SYMBOLS USED IN COLUMN 16
AVERAGE MONTHLY: 80.6 TOTAL FOR MONTH: 0.33 1 = FOG OR MIST
DPTR FM NORMAL: 2.1 DPTR FM NORMAL: -2.39 2 = FOG REDUCING VISIBILITY
HIGHEST: 98 ON 25,22 GRTST 24HR 0.34 ON 31- 1 TO 1/4 MILE OR LESS
LOWEST: 58 ON 30 3 = THUNDER
SNOW, ICE PELLETS, HAIL 4 = ICE PELLETS
TOTAL MONTH: 0.0 INCH 5 = HAIL
GRTST 24HR 0.0 6 = FREEZING RAIN OR DRIZZLE
GRTST DEPTH: 0 7 = DUSTSTORM OR SANDSTORM:
VSBY 1/2 MILE OR LESS
8 = SMOKE OR HAZE
[NO. OF DAYS WITH] [WEATHER - DAYS WITH] 9 = BLOWING SNOW
X = TORNADO
MAX 32 OR BELOW: 0 0.01 INCH OR MORE: 2
MAX 90 OR ABOVE: 19 0.10 INCH OR MORE: 2
MIN 32 OR BELOW: 0 0.50 INCH OR MORE: 0
MIN 0 OR BELOW: 0 1.00 INCH OR MORE: 0
[HDD (BASE 65) ]
TOTAL THIS MO. 0 CLEAR (SCALE 0-3) 20
DPTR FM NORMAL -3 PTCLDY (SCALE 4-7) 9
TOTAL FM JUL 1 0 CLOUDY (SCALE 8-10) 1
DPTR FM NORMAL 0
[CDD (BASE 65) ]
TOTAL THIS MO. 473
DPTR FM NORMAL 63 [PRESSURE DATA]
TOTAL FM JAN 1 3248 HIGHEST SLP M ON M
DPTR FM NORMAL 610 LOWEST SLP 29.73 ON 8
[REMARKS]
#FINAL-09-22#