000
CXUS54 KFWD 220501
CF6DFW
PRELIMINARY LOCAL CLIMATOLOGICAL DATA (WS FORM: F-6)
STATION: DALLAS/FORT WORTH
MONTH: JULY
YEAR: 2022
LATITUDE: 32 54 N
LONGITUDE: 97 2 W
TEMPERATURE IN F: :PCPN: SNOW: WIND :SUNSHINE: SKY :PK WND
================================================================================
1 2 3 4 5 6A 6B 7 8 9 10 11 12 13 14 15 16 17 18
12Z AVG MX 2MIN
DY MAX MIN AVG DEP HDD CDD WTR SNW DPTH SPD SPD DIR MIN PSBL S-S WX SPD DR
================================================================================
1 95 75 85 1 0 20 0.00 0.0 0 9.2 18 170 M M 3 25 180
2 99 77 88 4 0 23 0.00 0.0 0 8.1 20 130 M M 4 25 130
3 101 80 91 7 0 26 0.00 0.0 0 9.5 20 150 M M 3 3 27 160
4 100 81 91 7 0 26 0.00 0.0 0 12.9 21 180 M M 1 30 190
5 102 81 92 8 0 27 0.00 0.0 0 12.6 23 200 M M 1 29 210
6 103 82 93 8 0 28 0.00 0.0 0 12.3 20 200 M M 3 28 170
7 103 82 93 8 0 28 0.00 0.0 0 11.9 20 190 M M 3 8 26 190
8 106 83 95 10 0 30 0.00 0.0 0 9.8 18 190 M M 2 23 190
9 105 82 94 9 0 29 0.00 0.0 0 6.4 16 40 M M 5 22 20
10 102 81 92 7 0 27 0.00 0.0 0 9.2 16 30 M M 2 26 10
11 102 81 92 7 0 27 0.00 0.0 0 8.5 17 70 M M 1 24 140
12 102 80 91 6 0 26 0.00 0.0 0 7.9 22 50 M M 2 33 70
13 105 79 92 6 0 27 0.00 0.0 0 6.1 14 50 M M 2 19 40
14 96 79 88 2 0 23 0.00 0.0 0 10.8 29 130 M M 5 37 130
15 99 75 87 1 0 22 0.00 0.0 0 7.3 16 160 M M 2 22 110
16 100 78 89 3 0 24 0.00 0.0 0 9.2 17 160 M M 3 28 190
17 106 83 95 9 0 30 0.00 0.0 0 11.9 20 170 M M 6 25 170
18 109 86 98 12 0 33 0.00 0.0 0 15.9 24 170 M M 2 31 170
19 109 84 97 11 0 32 0.00 0.0 0 17.2 28 190 M M 2 36 200
20 109 82 96 10 0 31 0.00 0.0 0 14.4 28 190 M M 5 35 200
21 101 85 93 7 0 28 T 0.0 0 11.1 24 190 M M 8 31 190
22 100 83 92 6 0 27 0.00 0.0 0 12.8 24 120 M M 6 32 150
23 100 78 89 3 0 24 0.00 0.0 0 11.5 20 190 M M 4 26 190
24 102 82 92 5 0 27 0.00 0.0 0 13.6 21 170 M M 4 29 160
25 104 83 94 7 0 29 0.00 0.0 0 13.3 21 200 M M 3 27 200
26 103 81 92 5 0 27 0.00 0.0 0 12.3 25 190 M M 4 35 180
27 103 83 93 6 0 28 0.00 0.0 0 12.7 22 180 M M 4 8 33 180
28 102 82 92 5 0 27 0.00 0.0 0 12.3 22 190 M M 3 29 190
29 102 82 92 5 0 27 T 0.0 0 11.9 28 360 M M 4 35 10
30 100 82 91 4 0 26 0.00 0.0 0 10.4 23 190 M M 7 27 200
31 104 83 94 7 0 29 0.00 0.0 0 13.5 21 190 M M 6 27 180
================================================================================
SM 3174 2515 0 838 T 0.0 346.5 M 110
================================================================================
AV102.4 81.1 11.2 FASTST M M 4 MAX(MPH)
MISC ----> 29 130 37 130
================================================================================
NOTES:
# LAST OF SEVERAL OCCURRENCES
COLUMN 17 PEAK WIND IN M.P.H.
PRELIMINARY LOCAL CLIMATOLOGICAL DATA (WS FORM: F-6) , PAGE 2
STATION: DALLAS/FORT WORTH
MONTH: JULY
YEAR: 2022
LATITUDE: 32 54 N
LONGITUDE: 97 2 W
[TEMPERATURE DATA] [PRECIPITATION DATA] SYMBOLS USED IN COLUMN 16
AVERAGE MONTHLY: 91.8 TOTAL FOR MONTH: T 1 = FOG OR MIST
DPTR FM NORMAL: 6.1 DPTR FM NORMAL: -2.08 2 = FOG REDUCING VISIBILITY
HIGHEST: 109 ON 18,20 GRTST 24HR T ON 21-21 TO 1/4 MILE OR LESS
LOWEST: 75 ON 15, 1 3 = THUNDER
SNOW, ICE PELLETS, HAIL 4 = ICE PELLETS
TOTAL MONTH: 0.0 INCH 5 = HAIL
GRTST 24HR 0.0 6 = FREEZING RAIN OR DRIZZLE
GRTST DEPTH: 0 7 = DUSTSTORM OR SANDSTORM:
VSBY 1/2 MILE OR LESS
8 = SMOKE OR HAZE
[NO. OF DAYS WITH] [WEATHER - DAYS WITH] 9 = BLOWING SNOW
X = TORNADO
MAX 32 OR BELOW: 0 0.01 INCH OR MORE: 0
MAX 90 OR ABOVE: 31 0.10 INCH OR MORE: 0
MIN 32 OR BELOW: 0 0.50 INCH OR MORE: 0
MIN 0 OR BELOW: 0 1.00 INCH OR MORE: 0
[HDD (BASE 65) ]
TOTAL THIS MO. 0 CLEAR (SCALE 0-3) 16
DPTR FM NORMAL 0 PTCLDY (SCALE 4-7) 15
TOTAL FM JUL 1 0 CLOUDY (SCALE 8-10) 0
DPTR FM NORMAL 0
[CDD (BASE 65) ]
TOTAL THIS MO. 838
DPTR FM NORMAL 196 [PRESSURE DATA]
TOTAL FM JAN 1 2093 HIGHEST SLP 30.05 ON 15
DPTR FM NORMAL 508 LOWEST SLP 29.70 ON 19
[REMARKS]
#FINAL-07-22#