000
CXUS54 KFWD 031909
CF6DFW
PRELIMINARY LOCAL CLIMATOLOGICAL DATA (WS FORM: F-6)
STATION: DALLAS/FORT WORTH
MONTH: MAY
YEAR: 2021
LATITUDE: 32 54 N
LONGITUDE: 97 2 W
TEMPERATURE IN F: :PCPN: SNOW: WIND :SUNSHINE: SKY :PK WND
================================================================================
1 2 3 4 5 6A 6B 7 8 9 10 11 12 13 14 15 16 17 18
12Z AVG MX 2MIN
DY MAX MIN AVG DEP HDD CDD WTR SNW DPTH SPD SPD DIR MIN PSBL S-S WX SPD DR
================================================================================
1 74 63 69 0 0 4 0.02 0.0 0 7.5 17 50 M M 10 1 21 60
2 82 65 74 4 0 9 0.04 0.0 0 9.4 17 170 M M 6 1 24 160
3 92 69 81 11 0 16 0.07 0.0 0 13.6 23 30 M M 5 3 30 200
4 77 55 66 -4 0 1 0.00 0.0 0 12.7 24 340 M M 6 33 350
5 77 52 65 -5 0 0 0.00 0.0 0 5.0 14 60 M M 2 19 60
6 83 58 71 0 0 6 0.00 0.0 0 5.5 16 20 M M 3 22 20
7 87 59 73 2 0 8 0.00 0.0 0 11.0 23 170 M M 3 32 180
8 90 64 77 6 0 12 0.00 0.0 0 21.1 33 200 M M 6 44 180
9 84 63 74 2 0 9 0.00 0.0 0 17.0 31 200 M M 6 44 170
10 63 57 60 -12 5 0 0.88 0.0 0 11.5 21 310 M M 10 138 31 300
11 62 57 60 -12 5 0 0.81 0.0 0 10.7 23 20 M M 10 13 32 360
12 63 56 60 -13 5 0 T 0.0 0 10.3 17 10 M M 10 1 22 10
13 76 61 69 -4 0 4 0.00 0.0 0 6.0 13 70 M M 6 17 70
14 79 60 70 -3 0 5 0.00 0.0 0 10.4 18 150 M M 7 26 140
15 84 62 73 -1 0 8 0.00 0.0 0 12.6 23 190 M M 7 30 190
16 77 68 73 -1 0 8 1.48 0.0 0 12.8 24 180 M M 9 13 31 180
17 81 66 74 0 0 9 0.61 0.0 0 10.1 29 190 M M 8 13 37 190
18 74 63 69 -6 0 4 0.61 0.0 0 7.5 24 300 M M 9 13 32 290
19 82 64 73 -2 0 8 T 0.0 0 6.5 17 140 M M 9 24 140
20 79 67 73 -2 0 8 0.02 0.0 0 5.8 13 100 M M 8 18 100
21 86 70 78 2 0 13 T 0.0 M 11.2 21 130 M M 8 27 140
22 79 70 75 -1 0 10 0.43 0.0 0 11.0 20 140 M M 10 1 25 130
23 77 68 73 -3 0 8 0.02 0.0 0 7.6 16 130 M M 10 21 140
24 78 68 73 -4 0 8 0.60 0.0 0 8.8 20 140 M M 10 13 25 140
25 83 67 75 -2 0 10 0.48 0.0 0 9.2 20 230 M M 8 13 29 230
26 91 73 82 5 0 17 0.00 0.0 0 9.9 17 180 M M 7 24 190
27 91 74 83 5 0 18 T 0.0 0 16.2 33 30 M M 8 3 43 30
28 80 67 74 -4 0 9 T 0.0 0 4.6 31 20 M M 8 3 39 30
29 85 66 76 -2 0 11 0.00 0.0 0 8.9 15 80 M M 6 20 80
30 76 65 71 -7 0 6 0.00 0.0 0 9.9 16 110 M M 9 23 120
31 74 66 70 -9 0 5 1.70 0.0 0 8.4 22 300 M M 10 13 26 300
================================================================================
SM 2466 1983 15 234 7.77 0.0 312.7 M 234
================================================================================
AV 79.5 64.0 10.1 FASTST M M 8 MAX(MPH)
MISC ----> # 33 200 # 44 180
================================================================================
NOTES:
# LAST OF SEVERAL OCCURRENCES
COLUMN 17 PEAK WIND IN M.P.H.
PRELIMINARY LOCAL CLIMATOLOGICAL DATA (WS FORM: F-6) , PAGE 2
STATION: DALLAS/FORT WORTH
MONTH: MAY
YEAR: 2021
LATITUDE: 32 54 N
LONGITUDE: 97 2 W
[TEMPERATURE DATA] [PRECIPITATION DATA] SYMBOLS USED IN COLUMN 16
AVERAGE MONTHLY: 71.8 TOTAL FOR MONTH: 7.77 1 = FOG OR MIST
DPTR FM NORMAL: -2.2 DPTR FM NORMAL: 2.99 2 = FOG REDUCING VISIBILITY
HIGHEST: 92 ON 3 GRTST 24HR 2.05 ON 16-17 TO 1/4 MILE OR LESS
LOWEST: 52 ON 5 3 = THUNDER
SNOW, ICE PELLETS, HAIL 4 = ICE PELLETS
TOTAL MONTH: 0.0 INCH 5 = HAIL
GRTST 24HR 0.0 6 = FREEZING RAIN OR DRIZZLE
GRTST DEPTH: 0 7 = DUSTSTORM OR SANDSTORM:
VSBY 1/2 MILE OR LESS
8 = SMOKE OR HAZE
[NO. OF DAYS WITH] [WEATHER - DAYS WITH] 9 = BLOWING SNOW
X = TORNADO
MAX 32 OR BELOW: 0 0.01 INCH OR MORE: 14
MAX 90 OR ABOVE: 4 0.10 INCH OR MORE: 9
MIN 32 OR BELOW: 0 0.50 INCH OR MORE: 7
MIN 0 OR BELOW: 0 1.00 INCH OR MORE: 2
[HDD (BASE 65) ]
TOTAL THIS MO. 15 CLEAR (SCALE 0-3) 3
DPTR FM NORMAL 5 PTCLDY (SCALE 4-7) 12
TOTAL FM JUL 1 2239 CLOUDY (SCALE 8-10) 16
DPTR FM NORMAL 23
[CDD (BASE 65) ]
TOTAL THIS MO. 234
DPTR FM NORMAL -56 [PRESSURE DATA]
TOTAL FM JAN 1 363 HIGHEST SLP 30.33 ON 13
DPTR FM NORMAL -74 LOWEST SLP 29.41 ON 3
[REMARKS]
#FINAL-05-21#