000
CXUS55 KCYS 012334
CF6DGW
PRELIMINARY LOCAL CLIMATOLOGICAL DATA (WS FORM: F-6)
STATION: CONVERSE CO (DOUGLAS) WY ARPT
MONTH: OCTOBER
YEAR: 2022
LATITUDE: 42 46 N
LONGITUDE: 105 22 W
TEMPERATURE IN F: :PCPN: SNOW: WIND :SUNSHINE: SKY :PK WND
================================================================================
1 2 3 4 5 6A 6B 7 8 9 10 11 12 13 14 15 16 17 18
12Z AVG MX 2MIN
DY MAX MIN AVG DEP HDD CDD WTR SNW DPTH SPD SPD DIR MIN PSBL S-S WX SPD DR
================================================================================
1 70 45 58 6 7 0 0.07 M M 5.8 18 150 M M 6 3 22 150
2 75 41 58 6 7 0 0.13 M M 6.1 38 260 M M 2 13 53 260
3 67 38 53 2 12 0 0.03 M M 3.9 15 350 M M 6 12 21 350
4 68 38 53 2 12 0 T M M 5.8 17 10 M M 5 25 340
5 72 32 52 2 13 0 0.00 M M 4.8 16 300 M M 0 22 300
6 74 30 52 2 13 0 0.00 M M 4.8 28 50 M M 3 37 50
7 60 36 48 -1 17 0 0.00 M M 6.0 9 120 M M 6 13 130
8 70 25 48 -1 17 0 0.00 M M 2.7 15 290 M M 0 1 19 310
9 75 27 51 3 14 0 0.00 M M 3.0 15 310 M M 0 24 280
10 77 34 56 8 9 0 0.00 M M 6.1 22 280 M M 1 33 290
11 67 27 47 -1 18 0 T M M 10.7 35 10 M M 2 45 10
12 55 24 40 -7 25 0 0.00 M M 8.8 26 10 M M 4 38 360
13 64 31 48 1 17 0 0.00 M M 13.8 30 300 M M 2 41 290
14 72 32 52 6 13 0 0.00 M M 12.2 29 330 M M 0 42 310
15 57 35 46 0 19 0 T M M 7.6 23 340 M M 5 30 340
16 58 27 43 -2 22 0 0.00 M M 7.6 23 330 M M 0 32 330
17 65 21 43 -2 22 0 0.00 M M 2.3 10 80 M M 0 13 340
18 72 22 47 3 18 0 0.00 M M 3.2 12 80 M M 0 16 300
19 74 33 54 10 11 0 0.00 M M 11.2 26 330 M M 0 36 360
20 78 27 53 9 12 0 0.00 M M 9.8 29 290 M M 0 38 300
21 76 30 53 10 12 0 0.00 M M 16.3 40 280 M M 0 52 290
22 68 54 61 18 4 0 0.00 M M 12.9 35 250 M M 1 52 230
23 58 32 45 2 20 0 0.01 M M 18.6 30 300 M M 10 40 300
24 49 28 39 -3 26 0 T M M 16.0 32 280 M M 6 1 43 280
25 52 21 37 -5 28 0 0.03 M M 12.7 31 260 M M 4 1 43 260
26 53 14 34 -8 31 0 0.00 M M 4.7 23 270 M M 2 12 29 260
27 53 23 38 -3 27 0 0.00 M M 9.1 20 290 M M 1 27 280
28 63 17 40 -1 25 0 0.00 M M 3.5 18 290 M M 0 24 300
29 60 23 42 2 23 0 0.00 M M 4.5 13 280 M M 1 17 290
30 62 21 42 2 23 0 0.00 M M 6.2 21 310 M M 0 28 310
31 63 21 42 2 23 0 0.00 M M 8.7 21 280 M M 0 32 270
================================================================================
SM 2027 909 540 0 0.27 M 249.4 M 67
================================================================================
AV 65.4 29.3 8.0 FASTST M M 2 MAX(MPH)
MISC ----> 40 280 53 260
================================================================================
NOTES:
# LAST OF SEVERAL OCCURRENCES
COLUMN 17 PEAK WIND IN M.P.H.
PRELIMINARY LOCAL CLIMATOLOGICAL DATA (WS FORM: F-6) , PAGE 2
STATION: CONVERSE CO (DOUGLAS) WY ARPT
MONTH: OCTOBER
YEAR: 2022
LATITUDE: 42 46 N
LONGITUDE: 105 22 W
[TEMPERATURE DATA] [PRECIPITATION DATA] SYMBOLS USED IN COLUMN 16
AVERAGE MONTHLY: 47.4 TOTAL FOR MONTH: 0.27 1 = FOG OR MIST
DPTR FM NORMAL: 1.8 DPTR FM NORMAL: -0.65 2 = FOG REDUCING VISIBILITY
HIGHEST: 78 ON 20 GRTST 24HR 0.16 ON 2- 3 TO 1/4 MILE OR LESS
LOWEST: 14 ON 26 3 = THUNDER
SNOW, ICE PELLETS, HAIL 4 = ICE PELLETS
TOTAL MONTH: M 5 = HAIL
GRTST 24HR M ON M 6 = FREEZING RAIN OR DRIZZLE
GRTST DEPTH: M ON M 7 = DUSTSTORM OR SANDSTORM:
VSBY 1/2 MILE OR LESS
8 = SMOKE OR HAZE
[NO. OF DAYS WITH] [WEATHER - DAYS WITH] 9 = BLOWING SNOW
X = TORNADO
MAX 32 OR BELOW: 0 0.01 INCH OR MORE: 5
MAX 90 OR ABOVE: 0 0.10 INCH OR MORE: 1
MIN 32 OR BELOW: 22 0.50 INCH OR MORE: 0
MIN 0 OR BELOW: 0 1.00 INCH OR MORE: 0
[HDD (BASE 65) ]
TOTAL THIS MO. 540 CLEAR (SCALE 0-3) 21
DPTR FM NORMAL -62 PTCLDY (SCALE 4-7) 9
TOTAL FM JUL 1 670 CLOUDY (SCALE 8-10) 1
DPTR FM NORMAL -165
[CDD (BASE 65) ]
TOTAL THIS MO. 0
DPTR FM NORMAL 0 [PRESSURE DATA]
TOTAL FM JAN 1 713 HIGHEST SLP M ON M
DPTR FM NORMAL 201 LOWEST SLP 29.19 ON 23
[REMARKS]
#FINAL-10-22#