000
CXUS52 KTAE 010800
CF6DHN
PRELIMINARY LOCAL CLIMATOLOGICAL DATA (WS FORM: F-6)
STATION: DOTHAN
MONTH: APRIL
YEAR: 2023
LATITUDE: 31 19 N
LONGITUDE: 85 27 W
TEMPERATURE IN F: :PCPN: SNOW: WIND :SUNSHINE: SKY :PK WND
================================================================================
1 2 3 4 5 6A 6B 7 8 9 10 11 12 13 14 15 16 17 18
12Z AVG MX 2MIN
DY MAX MIN AVG DEP HDD CDD WTR SNW DPTH SPD SPD DIR MIN PSBL S-S WX SPD DR
================================================================================
1 83 66 75 11 0 10 0.09 0.0 0 11.0 23 220 M M 5 138 31 210
2 74 52 63 -1 2 0 0.00 0.0 90 4.6 12 40 M M 0 14 40
3 75 58 67 3 0 2 1.54 0.0 0 7.2 25 20 M M 6 13 31 10
4 86 68 77 13 0 12 0.00 0.0 0 7.3 15 160 M M 6 1 19 140
5 87 64 76 11 0 11 0.00 0.0 0 7.3 20 190 M M 2 12 27 200
6 87 64 76 11 0 11 T 0.0 0 3.2 17 150 M M 4 1 22 150
7 84 65 75 10 0 10 0.00 0.0 0 2.9 13 230 M M 4 1 15 180
8 72 50 61 -4 4 0 1.64 0.0 0 10.2 18 50 M M 10 1 24 90
9 60 48 54 -12 11 0 0.00 0.0 0 11.2 20 70 M M 10 1 25 70
10 71 52 62 -4 3 0 T 0.0 0 10.2 21 50 M M 8 27 80
11 75 54 65 -1 0 0 0.00 0.0 0 8.2 16 60 M M 3 22 90
12 75 54 65 -1 0 0 0.00 M M 9.2 18 70 M M 1 25 100
13 80 61 71 5 0 6 0.11 M M 12.0 23 150 M M 6 13 28 130
14 78 61 70 3 0 5 0.25 0.0 0 6.9 16 220 M M 5 1 20 210
15 82 57 70 3 0 5 0.46 0.0 0 5.3 23 260 M M 2 13 30 230
16 78 59 69 2 0 4 T 0.0 0 7.5 16 290 M M 6 1 22 280
17 74 48 61 -7 4 0 0.00 0.0 0 9.0 17 330 M M 0 25 290
18 82 45 64 -4 1 0 0.00 0.0 0 3.9 12 60 M M 0 8 15 10
19 83 50 67 -1 0 2 0.00 0.0 0 4.8 15 140 M M 0 19 150
20 84 52 68 0 0 3 0.00 0.0 M 5.9 16 170 M M 0 20 120
21 82 58 70 1 0 5 0.00 0.0 M 7.7 15 120 M M 1 19 130
22 79 55 67 -2 0 2 0.00 0.0 M 9.1 18 340 M M 3 1 23 340
23 81 48 65 -4 0 0 0.00 0.0 0 6.4 14 20 M M 1 18 360
24 74 57 66 -3 0 1 0.00 0.0 M 7.7 15 40 M M 3 19 30
25 82 54 68 -2 0 3 0.00 0.0 0 5.8 12 60 M M 2 15 50
26 85 63 74 4 0 9 0.03 0.0 0 6.3 14 290 M M 3 3 17 180
27 69 62 66 -4 0 1 1.65 0.0 0 6.3 16 110 M M 6 13 22 100
28 84 64 74 3 0 9 0.00 0.0 0 7.7 16 290 M M 6 1 23 240
29 78 61 70 -1 0 5 0.14 M M 5.8 15 180 M M 6 123 19 180
30 79 56 68 -3 0 3 0.09 0.0 0 14.2 26 270 M M 3 1 33 280
================================================================================
SM 2363 1706 25 119 6.00 0.0 224.8 M 112
================================================================================
AV 78.8 56.9 7.5 FASTST M M 4 MAX(MPH)
MISC ----> 26 270 33 280
================================================================================
NOTES:
# LAST OF SEVERAL OCCURRENCES
COLUMN 17 PEAK WIND IN M.P.H.
PRELIMINARY LOCAL CLIMATOLOGICAL DATA (WS FORM: F-6) , PAGE 2
STATION: DOTHAN
MONTH: APRIL
YEAR: 2023
LATITUDE: 31 19 N
LONGITUDE: 85 27 W
[TEMPERATURE DATA] [PRECIPITATION DATA] SYMBOLS USED IN COLUMN 16
AVERAGE MONTHLY: 67.8 TOTAL FOR MONTH: 6.00 1 = FOG OR MIST
DPTR FM NORMAL: 0.6 DPTR FM NORMAL: 1.21 2 = FOG REDUCING VISIBILITY
HIGHEST: 87 ON 6, 5 GRTST 24HR 1.67 ON 26-27 TO 1/4 MILE OR LESS
LOWEST: 45 ON 18 3 = THUNDER
SNOW, ICE PELLETS, HAIL 4 = ICE PELLETS
TOTAL MONTH: 0.0 INCH 5 = HAIL
GRTST 24HR 0.0 6 = FREEZING RAIN OR DRIZZLE
GRTST DEPTH: 90 ON 2 7 = DUSTSTORM OR SANDSTORM:
VSBY 1/2 MILE OR LESS
8 = SMOKE OR HAZE
[NO. OF DAYS WITH] [WEATHER - DAYS WITH] 9 = BLOWING SNOW
X = TORNADO
MAX 32 OR BELOW: 0 0.01 INCH OR MORE: 10
MAX 90 OR ABOVE: 0 0.10 INCH OR MORE: 7
MIN 32 OR BELOW: 0 0.50 INCH OR MORE: 3
MIN 0 OR BELOW: 0 1.00 INCH OR MORE: 3
[HDD (BASE 65) ]
TOTAL THIS MO. 25 CLEAR (SCALE 0-3) 15
DPTR FM NORMAL -25 PTCLDY (SCALE 4-7) 12
TOTAL FM JUL 1 1185 CLOUDY (SCALE 8-10) 3
DPTR FM NORMAL -443
[CDD (BASE 65) ]
TOTAL THIS MO. 119
DPTR FM NORMAL 1 [PRESSURE DATA]
TOTAL FM JAN 1 318 HIGHEST SLP M ON M
DPTR FM NORMAL 132 LOWEST SLP 29.57 ON 30
[REMARKS]
#FINAL-04-23#