000
CXUS54 KAMA 010710
CF6DHT
PRELIMINARY LOCAL CLIMATOLOGICAL DATA (WS FORM: F-6)
STATION: DALHART
MONTH: MARCH
YEAR: 2024
LATITUDE: 36 1 N
LONGITUDE: 102 33 W
TEMPERATURE IN F: :PCPN: SNOW: WIND :SUNSHINE: SKY :PK WND
================================================================================
1 2 3 4 5 6A 6B 7 8 9 10 11 12 13 14 15 16 17 18
12Z AVG MX 2MIN
DY MAX MIN AVG DEP HDD CDD WTR SNW DPTH SPD SPD DIR MIN PSBL S-S WX SPD DR
================================================================================
1 77 19 48 5 17 0 0.00 M M 10.9 24 250 M M 1 12 34 250
2 75 38 57 14 8 0 0.00 M M 16.3 35 220 M M 0 49 230
3 78 48 63 20 2 0 0.00 M M 21.2 38 250 M M 0 52 240
4 59 30 45 1 20 0 0.00 M M 12.7 25 10 M M 0 33 10
5 59 28 44 0 21 0 0.00 M M 9.8 20 90 M M 0 24 90
6 64 25 45 1 20 0 0.00 M M 8.3 20 220 M M 2 26 220
7 70 37 54 10 11 0 0.00 M M 12.7 31 20 M M 2 40 20
8 38 32 35 -10 30 0 T M M 23.7 32 20 M M 10 18 41 10
9 54 21 38 -7 27 0 0.00 M M 7.9 21 10 M M 2 25 360
10 67 20 44 -1 21 0 0.00 M M 9.9 21 220 M M 0 29 220
11 76 22 49 3 16 0 0.00 M M 13.7 29 230 M M 0 36 230
12 73 32 53 7 12 0 0.00 M M 9.3 18 300 M M 0 24 320
13 73 35 54 8 11 0 0.00 M M 9.6 31 230 M M 1 8 42 250
14 55 35 45 -2 20 0 0.00 M M 13.8 28 10 M M 6 34 20
15 47 39 43 -4 22 0 T M M 14.6 28 40 M M 10 38 40
16 51 39 45 -2 20 0 0.01 M M 5.2 13 10 M M 10 1 16 360
17 59 40 50 2 15 0 0.01 M M 8.5 21 40 M M 9 27 40
18 62 29 46 -2 19 0 0.00 M M 7.5 15 40 M M 0 20 50
19 71 28 50 2 15 0 T M M 12.9 26 230 M M 1 34 240
20 73 33 53 5 12 0 0.00 M M 8.1 15 70 M M 2 24 60
21 71 37 54 5 11 0 0.00 M M 7.3 17 130 M M 3 12 24 130
22 65 37 51 2 14 0 0.00 M M 14.0 32 20 M M 0 39 20
23 62 30 46 -3 19 0 0.00 M M 15.5 32 190 M M 2 45 210
24 71 38 55 5 10 0 0.00 M M 20.5 41 240 M M 2 8 57 230
25 45 26 36 -14 29 0 0.02 M M 17.8 31 360 M M 9 128 44 10
26 51 20 36 -14 29 0 0.00 M M 7.3 16 150 M M 2 25 220
27 55 30 43 -7 22 0 0.15 M M 5.8 16 130 M M 4 1 25 130
28 75 28 52 1 13 0 0.00 M M 14.1 30 210 M M 0 43 220
29 80 37 59 8 6 0 0.00 M M 10.4 30 260 M M 0 38 260
30 78 37 58 7 7 0 0.00 M M 11.9 28 210 M M 0 37 210
31 79 45 62 11 3 0 0.00 M M 19.3 37 230 M M 0 48 230
================================================================================
SM 2013 995 502 0 0.19 M 380.5 M 78
================================================================================
AV 64.9 32.1 12.3 FASTST M M 3 MAX(MPH)
MISC ----> 41 240 57 230
================================================================================
NOTES:
# LAST OF SEVERAL OCCURRENCES
COLUMN 17 PEAK WIND IN M.P.H.
PRELIMINARY LOCAL CLIMATOLOGICAL DATA (WS FORM: F-6) , PAGE 2
STATION: DALHART
MONTH: MARCH
YEAR: 2024
LATITUDE: 36 1 N
LONGITUDE: 102 33 W
[TEMPERATURE DATA] [PRECIPITATION DATA] SYMBOLS USED IN COLUMN 16
AVERAGE MONTHLY: 48.5 TOTAL FOR MONTH: 0.19 1 = FOG OR MIST
DPTR FM NORMAL: 1.3 DPTR FM NORMAL: -0.74 2 = FOG REDUCING VISIBILITY
HIGHEST: 80 ON 29 GRTST 24HR 0.15 ON 27-27 TO 1/4 MILE OR LESS
LOWEST: 19 ON 1 3 = THUNDER
SNOW, ICE PELLETS, HAIL 4 = ICE PELLETS
TOTAL MONTH: M 5 = HAIL
GRTST 24HR M ON M 6 = FREEZING RAIN OR DRIZZLE
GRTST DEPTH: M ON M 7 = DUSTSTORM OR SANDSTORM:
VSBY 1/2 MILE OR LESS
8 = SMOKE OR HAZE
[NO. OF DAYS WITH] [WEATHER - DAYS WITH] 9 = BLOWING SNOW
X = TORNADO
MAX 32 OR BELOW: 0 0.01 INCH OR MORE: 4
MAX 90 OR ABOVE: 0 0.10 INCH OR MORE: 1
MIN 32 OR BELOW: 16 0.50 INCH OR MORE: 0
MIN 0 OR BELOW: 0 1.00 INCH OR MORE: 0
[HDD (BASE 65) ]
TOTAL THIS MO. 502 CLEAR (SCALE 0-3) 24
DPTR FM NORMAL -51 PTCLDY (SCALE 4-7) 2
TOTAL FM JUL 1 3664 CLOUDY (SCALE 8-10) 5
DPTR FM NORMAL -289
[CDD (BASE 65) ]
TOTAL THIS MO. 0
DPTR FM NORMAL -1 [PRESSURE DATA]
TOTAL FM JAN 1 0 HIGHEST SLP M ON M
DPTR FM NORMAL -1 LOWEST SLP 29.08 ON 24
[REMARKS]
#FINAL-03-24#