000
CXUS54 KAMA 010810
CF6DHT
PRELIMINARY LOCAL CLIMATOLOGICAL DATA (WS FORM: F-6)
STATION: DALHART
MONTH: FEBRUARY
YEAR: 2022
LATITUDE: 36 1 N
LONGITUDE: 102 33 W
TEMPERATURE IN F: :PCPN: SNOW: WIND :SUNSHINE: SKY :PK WND
================================================================================
1 2 3 4 5 6A 6B 7 8 9 10 11 12 13 14 15 16 17 18
12Z AVG MX 2MIN
DY MAX MIN AVG DEP HDD CDD WTR SNW DPTH SPD SPD DIR MIN PSBL S-S WX SPD DR
================================================================================
1 43 27 35 -3 30 0 0.00 M M 20.5 35 360 M M 2 52 20
2 31 6 19 -19 46 0 0.02 M M 22.4 30 10 M M 10 1 38 10
3 13 -5 4 -34 61 0 T M M 15.9 26 10 M M 7 18 38 360
4 37 -10 14 -24 51 0 0.00 M M 8.1 14 330 M M 0 8 20 340
5 48 6 27 -11 38 0 0.00 M M 11.4 24 210 M M 0 31 210
6 43 22 33 -5 32 0 0.00 M M 15.7 36 10 M M 1 44 10
7 53 20 37 -1 28 0 0.00 M M 9.1 20 260 M M 0 24 260
8 61 15 38 0 27 0 0.00 M M 11.5 35 360 M M 0 44 10
9 58 24 41 3 24 0 0.00 M M 7.9 14 40 M M 0 24 30
10 59 28 44 5 21 0 0.00 M M 11.0 23 240 M M 2 30 210
11 54 26 40 1 25 0 T M M 18.1 38 10 M M 1 47 10
12 42 18 30 -9 35 0 0.01 M M 11.9 30 30 M M 4 1 42 40
13 56 21 39 0 26 0 0.00 M M 10.1 25 210 M M 0 32 210
14 63 25 44 5 21 0 0.00 M M 9.4 18 120 M M 0 23 130
15 74 23 49 10 16 0 0.00 M M 16.9 37 210 M M 0 48 220
16 68 27 48 8 17 0 0.00 M M 14.7 33 30 M M 2 47 20
17 34 13 24 -16 41 0 T M M 18.5 38 10 M M 5 1 48 10
18 55 11 33 -7 32 0 0.00 M M 8.2 16 120 M M 0 20 120
19 64 19 42 2 23 0 0.00 M M 14.0 35 210 M M 0 44 210
20 71 25 48 8 17 0 0.00 M M 9.3 20 200 M M 0 27 210
21 69 19 44 4 21 0 0.00 M M 18.7 39 220 M M 0 8 52 230
22 28 10 19 -22 46 0 0.00 M M 16.9 28 10 M M 0 39 20
23 22 2 12 -29 53 0 0.00 M M 10.7 20 30 M M 0 27 40
24 44 5 25 -16 40 0 0.00 M M 10.4 21 80 M M 2 27 240
25 39 10 25 -17 40 0 0.00 M M 10.1 21 170 M M 2 18 31 140
26 48 7 28 -14 37 0 0.00 M M 6.2 17 30 M M 0 24 50
27 58 15 37 -5 28 0 0.00 M M 10.8 20 250 M M 0 26 240
28 64 16 40 -2 25 0 0.00 M M 4.4 12 290 M M 0 15 30
================================================================================
SM 1399 425 901 0 0.03 M 352.8 M 38
================================================================================
AV 50.0 15.2 12.6 FASTST M M 1 MAX(MPH)
MISC ----> 39 220 # 52 20
================================================================================
NOTES:
# LAST OF SEVERAL OCCURRENCES
COLUMN 17 PEAK WIND IN M.P.H.
PRELIMINARY LOCAL CLIMATOLOGICAL DATA (WS FORM: F-6) , PAGE 2
STATION: DALHART
MONTH: FEBRUARY
YEAR: 2022
LATITUDE: 36 1 N
LONGITUDE: 102 33 W
[TEMPERATURE DATA] [PRECIPITATION DATA] SYMBOLS USED IN COLUMN 16
AVERAGE MONTHLY: 32.6 TOTAL FOR MONTH: 0.03 1 = FOG OR MIST
DPTR FM NORMAL: -6.9 DPTR FM NORMAL: -0.32 2 = FOG REDUCING VISIBILITY
HIGHEST: 74 ON 15 GRTST 24HR 0.02 ON 2- 2 TO 1/4 MILE OR LESS
LOWEST: -10 ON 4 3 = THUNDER
SNOW, ICE PELLETS, HAIL 4 = ICE PELLETS
TOTAL MONTH: M 5 = HAIL
GRTST 24HR M ON M 6 = FREEZING RAIN OR DRIZZLE
GRTST DEPTH: M ON M 7 = DUSTSTORM OR SANDSTORM:
VSBY 1/2 MILE OR LESS
8 = SMOKE OR HAZE
[NO. OF DAYS WITH] [WEATHER - DAYS WITH] 9 = BLOWING SNOW
X = TORNADO
MAX 32 OR BELOW: 4 0.01 INCH OR MORE: 2
MAX 90 OR ABOVE: 0 0.10 INCH OR MORE: 0
MIN 32 OR BELOW: 28 0.50 INCH OR MORE: 0
MIN 0 OR BELOW: 2 1.00 INCH OR MORE: 0
[HDD (BASE 65) ]
TOTAL THIS MO. 901 CLEAR (SCALE 0-3) 24
DPTR FM NORMAL 187 PTCLDY (SCALE 4-7) 3
TOTAL FM JUL 1 3224 CLOUDY (SCALE 8-10) 1
DPTR FM NORMAL -176
[CDD (BASE 65) ]
TOTAL THIS MO. 0
DPTR FM NORMAL 0 [PRESSURE DATA]
TOTAL FM JAN 1 0 HIGHEST SLP M ON M
DPTR FM NORMAL 0 LOWEST SLP 29.45 ON 21
[REMARKS]
#FINAL-02-22#