000
CXUS54 KAMA 010710
CF6DHT
PRELIMINARY LOCAL CLIMATOLOGICAL DATA (WS FORM: F-6)
STATION: DALHART
MONTH: AUGUST
YEAR: 2020
LATITUDE: 36 1 N
LONGITUDE: 102 33 W
TEMPERATURE IN F: :PCPN: SNOW: WIND :SUNSHINE: SKY :PK WND
================================================================================
1 2 3 4 5 6A 6B 7 8 9 10 11 12 13 14 15 16 17 18
12Z AVG MX 2MIN
DY MAX MIN AVG DEP HDD CDD WTR SNW DPTH SPD SPD DIR MIN PSBL S-S WX SPD DR
================================================================================
1 91 59 75 -1 0 10 T 0.0 0 8.8 18 320 M M 0 3 27 30
2 92 61 77 1 0 12 T 0.0 0 7.1 21 220 M M 2 3 24 220
3 91 59 75 -1 0 10 T 0.0 0 7.7 17 270 M M 1 1 23 150
4 98 64 81 5 0 16 T 0.0 0 11.8 28 100 M M 0 3 35 100
5 93 60 77 1 0 12 T 0.0 0 13.8 33 20 M M 1 13 42 20
6 101 66 84 8 0 19 0.00 0.0 0 10.4 21 220 M M 0 28 170
7 103 59 81 5 0 16 0.00 0.0 0 11.7 32 190 M M 0 39 180
8 102 63 83 7 0 18 0.15 0.0 0 16.3 37 240 M M 1 3 51 240
9 100 67 84 8 0 19 M 0.0 0 13.2 24 200 M M 0 3 33 200
10 99 62 81 5 0 16 T 0.0 0 9.6 25 210 M M 0 3 36 210
11 99 62 81 5 0 16 0.00 0.0 0 9.2 21 150 M M 0 25 160
12 99 61 80 4 0 15 0.00 0.0 0 9.4 20 320 M M 0 26 10
13 95 64 80 4 0 15 0.00 0.0 0 9.8 22 10 M M 1 128 26 20
14 102 63 83 7 0 18 0.00 0.0 0 8.6 23 140 M M 0 18 33 170
15 95 63 79 3 0 14 0.00 0.0 0 7.8 18 120 M M 0 25 150
16 95 62 79 3 0 14 0.00 0.0 0 10.8 36 50 M M 0 38 42 50
17 91 60 76 1 0 11 0.00 0.0 0 8.8 32 60 M M 0 38 50
18 95 58 77 2 0 12 0.00 0.0 0 6.9 17 170 M M 0 23 180
19 99 64 82 7 0 17 0.00 0.0 0 14.2 28 130 M M 0 33 130
20 95 62 79 4 0 14 0.00 0.0 0 10.6 21 130 M M 0 3 26 10
21 96 63 80 5 0 15 0.00 0.0 0 6.9 16 150 M M 1 21 30
22 96 61 79 4 0 14 0.00 0.0 0 7.7 14 110 M M 0 17 130
23 99 61 80 5 0 15 0.00 0.0 0 11.4 21 140 M M 0 27 140
24 96 67 82 8 0 17 0.00 0.0 0 13.0 25 240 M M 1 38 33 240
25 95 57 76 2 0 11 0.00 0.0 0 11.9 21 170 M M 0 28 180
26 99 55 77 3 0 12 0.00 0.0 0 11.9 25 200 M M 0 31 200
27 101 60 81 7 0 16 0.00 0.0 0 8.6 20 190 M M 0 8 29 210
28 103 61 82 8 0 17 T 0.0 0 9.4 32 330 M M 1 38 39 330
29 87 63 75 1 0 10 0.24 0.0 0 10.5 40 330 M M 3 13 53 330
30 93 62 78 5 0 13 T 0.0 0 8.4 20 220 M M 1 13 25 210
31 78 59 69 -4 0 4 0.00 0.0 0 12.5 35 10 M M 0 42 10
================================================================================
SM 2978 1908 0 438 0.39 0.0 318.7 M 13
================================================================================
AV 96.1 61.5 10.3 FASTST M M 0 MAX(MPH)
MISC ----> 40 330 53 330
================================================================================
NOTES:
# LAST OF SEVERAL OCCURRENCES
COLUMN 17 PEAK WIND IN M.P.H.
PRELIMINARY LOCAL CLIMATOLOGICAL DATA (WS FORM: F-6) , PAGE 2
STATION: DALHART
MONTH: AUGUST
YEAR: 2020
LATITUDE: 36 1 N
LONGITUDE: 102 33 W
[TEMPERATURE DATA] [PRECIPITATION DATA] SYMBOLS USED IN COLUMN 16
AVERAGE MONTHLY: 78.8 TOTAL FOR MONTH: 0.39 1 = FOG OR MIST
DPTR FM NORMAL: 3.5 DPTR FM NORMAL: -2.46 2 = FOG REDUCING VISIBILITY
HIGHEST: 103 ON 28, 7 GRTST 24HR 0.24 ON 28-29 TO 1/4 MILE OR LESS
LOWEST: 55 ON 26 3 = THUNDER
SNOW, ICE PELLETS, HAIL 4 = ICE PELLETS
TOTAL MONTH: 0.0 INCH 5 = HAIL
GRTST 24HR 0.0 6 = FREEZING RAIN OR DRIZZLE
GRTST DEPTH: 0 7 = DUSTSTORM OR SANDSTORM:
VSBY 1/2 MILE OR LESS
8 = SMOKE OR HAZE
[NO. OF DAYS WITH] [WEATHER - DAYS WITH] 9 = BLOWING SNOW
X = TORNADO
MAX 32 OR BELOW: 0 0.01 INCH OR MORE: 2
MAX 90 OR ABOVE: 29 0.10 INCH OR MORE: 2
MIN 32 OR BELOW: 0 0.50 INCH OR MORE: 0
MIN 0 OR BELOW: 0 1.00 INCH OR MORE: 0
[HDD (BASE 65) ]
TOTAL THIS MO. 0 CLEAR (SCALE 0-3) 31
DPTR FM NORMAL -2 PTCLDY (SCALE 4-7) 0
TOTAL FM JUL 1 0 CLOUDY (SCALE 8-10) 0
DPTR FM NORMAL -1
[CDD (BASE 65) ]
TOTAL THIS MO. 438
DPTR FM NORMAL 119 [PRESSURE DATA]
TOTAL FM JAN 1 1473 HIGHEST SLP M ON M
DPTR FM NORMAL 477 LOWEST SLP 29.60 ON 30
[REMARKS]
#FINAL-08-20#