000
CXUS54 KAMA 010810
CF6DHT
PRELIMINARY LOCAL CLIMATOLOGICAL DATA (WS FORM: F-6)
STATION: DALHART
MONTH: NOVEMBER
YEAR: 2023
LATITUDE: 36 1 N
LONGITUDE: 102 33 W
TEMPERATURE IN F: :PCPN: SNOW: WIND :SUNSHINE: SKY :PK WND
================================================================================
1 2 3 4 5 6A 6B 7 8 9 10 11 12 13 14 15 16 17 18
12Z AVG MX 2MIN
DY MAX MIN AVG DEP HDD CDD WTR SNW DPTH SPD SPD DIR MIN PSBL S-S WX SPD DR
================================================================================
1 67 20 44 -7 21 0 0.00 M M M M M M M M M M
2 70 34 52 2 13 0 0.00 M M M 20 200 M M M 25 210
3 82 31 57 7 8 0 0.00 M M 8.1 15 50 M M 0 8 22 330
4 73 41 57 7 8 0 0.00 M M 10.0 17 60 M M 0 8 25 30
5 84 34 59 10 6 0 0.00 M M 12.7 28 230 M M 0 18 39 230
6 80 40 60 11 5 0 0.00 M M 7.4 16 230 M M 0 22 260
7 84 38 61 13 4 0 0.00 M M 11.7 24 220 M M 0 30 240
8 66 42 54 6 11 0 0.00 M M 14.4 23 40 M M 0 8 32 10
9 51 38 45 -3 20 0 0.00 M M 8.2 22 40 M M 7 28 40
10 55 32 44 -3 21 0 0.00 M M 9.2 18 200 M M 8 8 24 200
11 62 32 47 0 18 0 0.00 M M 10.4 17 220 M M 4 27 220
12 70 26 48 1 17 0 0.00 M M 5.7 13 110 M M 0 1 17 170
13 65 28 47 1 18 0 0.00 M M 7.2 15 170 M M 0 20 150
14 71 32 52 6 13 0 0.00 M M 11.2 22 200 M M 0 1 28 200
15 68 28 48 3 17 0 0.00 M M 6.7 12 190 M M 0 1 16 180
16 75 37 56 11 9 0 0.00 M M 11.1 21 210 M M 0 1 26 210
17 66 34 50 5 15 0 0.00 M M 8.0 20 30 M M 0 28 30
18 71 30 51 7 14 0 0.01 M M 11.6 25 220 M M 0 33 220
19 69 33 51 7 14 0 0.00 M M 8.8 17 360 M M M 23 10
20 56 41 49 6 16 0 T M M 20.9 39 360 M M M 61 10
21 55 29 42 -1 23 0 0.00 M M 14.0 28 10 M M M M 360
22 69 20 45 2 20 0 0.00 M M 9.2 17 220 M M 0 25 200
23 58 23 41 -1 24 0 0.00 M M 15.1 26 30 M M 0 8 35 40
24 33 25 29 -13 36 0 0.00 M M 13.7 26 40 M M 10 34 50
25 31 14 23 -18 42 0 0.15 M M 7.2 21 10 M M 8 12 27 360
26 45 13 29 -12 36 0 0.00 M M 8.7 20 360 M M 0 27 360
27 50 16 33 -8 32 0 0.00 M M 6.1 12 30 M M 0 23 30
28 57 17 37 -3 28 0 0.00 M M 8.0 18 230 M M 0 24 220
29 61 17 39 -1 26 0 0.00 M M 9.5 21 210 M M 0 28 210
30 44 24 34 -6 31 0 T M M 11.5 29 20 M M 3 36 10
================================================================================
SM 1888 869 566 0 0.16 M 286.3 M 40
================================================================================
AV 62.9 29.0 10.2 FASTST M M 2 MAX(MPH)
MISC ----> 39 360 61 10
================================================================================
NOTES:
# LAST OF SEVERAL OCCURRENCES
COLUMN 17 PEAK WIND IN M.P.H.
PRELIMINARY LOCAL CLIMATOLOGICAL DATA (WS FORM: F-6) , PAGE 2
STATION: DALHART
MONTH: NOVEMBER
YEAR: 2023
LATITUDE: 36 1 N
LONGITUDE: 102 33 W
[TEMPERATURE DATA] [PRECIPITATION DATA] SYMBOLS USED IN COLUMN 16
AVERAGE MONTHLY: 46.0 TOTAL FOR MONTH: 0.16 1 = FOG OR MIST
DPTR FM NORMAL: 0.9 DPTR FM NORMAL: -0.37 2 = FOG REDUCING VISIBILITY
HIGHEST: 84 ON 7, 5 GRTST 24HR 0.15 ON 25-25 TO 1/4 MILE OR LESS
LOWEST: 13 ON 26 3 = THUNDER
SNOW, ICE PELLETS, HAIL 4 = ICE PELLETS
TOTAL MONTH: M 5 = HAIL
GRTST 24HR M ON M 6 = FREEZING RAIN OR DRIZZLE
GRTST DEPTH: M ON M 7 = DUSTSTORM OR SANDSTORM:
VSBY 1/2 MILE OR LESS
8 = SMOKE OR HAZE
[NO. OF DAYS WITH] [WEATHER - DAYS WITH] 9 = BLOWING SNOW
X = TORNADO
MAX 32 OR BELOW: 1 0.01 INCH OR MORE: 2
MAX 90 OR ABOVE: 0 0.10 INCH OR MORE: 1
MIN 32 OR BELOW: 19 0.50 INCH OR MORE: 0
MIN 0 OR BELOW: 0 1.00 INCH OR MORE: 0
[HDD (BASE 65) ]
TOTAL THIS MO. 566 CLEAR (SCALE 0-3) 20
DPTR FM NORMAL -30 PTCLDY (SCALE 4-7) 3
TOTAL FM JUL 1 798 CLOUDY (SCALE 8-10) 7
DPTR FM NORMAL -102
[CDD (BASE 65) ]
TOTAL THIS MO. 0
DPTR FM NORMAL -1 [PRESSURE DATA]
TOTAL FM JAN 1 1347 HIGHEST SLP M ON M
DPTR FM NORMAL -57 LOWEST SLP 29.53 ON 19
[REMARKS]
#FINAL-11-23#