000
CXUS53 KDLH 010920
CF6DLH
PRELIMINARY LOCAL CLIMATOLOGICAL DATA (WS FORM: F-6)
STATION: DULUTH
MONTH: AUGUST
YEAR: 2020
LATITUDE: 46 49 N
LONGITUDE: 92 11 W
TEMPERATURE IN F: :PCPN: SNOW: WIND :SUNSHINE: SKY :PK WND
================================================================================
1 2 3 4 5 6A 6B 7 8 9 10 11 12 13 14 15 16 17 18
12Z AVG MX 2MIN
DY MAX MIN AVG DEP HDD CDD WTR SNW DPTH SPD SPD DIR MIN PSBL S-S WX SPD DR
================================================================================
1 78 60 69 3 0 4 T 0.0 0 9.9 20 320 M M 6 28 350
2 71 56 64 -2 1 0 0.00 0.0 0 8.1 18 30 M M 7 28 10
3 71 50 61 -5 4 0 0.00 0.0 0 5.0 13 70 M M 5 15 90
4 68 53 61 -5 4 0 0.00 0.0 0 7.2 14 110 M M 4 20 130
5 78 52 65 -1 0 0 0.00 0.0 0 7.5 18 200 M M 3 23 200
6 79 54 67 1 0 2 0.00 0.0 0 7.0 15 180 M M 2 22 180
7 78 63 71 5 0 6 0.71 0.0 0 9.3 29 310 M M 7 138 44 300
8 86 64 75 9 0 10 0.20 0.0 0 7.7 16 240 M M 6 13 21 240
9 75 67 71 5 0 6 0.57 0.0 0 6.9 23 260 M M 8 123 30 270
10 77 57 67 2 0 2 T 0.0 0 10.6 22 290 M M 3 31 300
11 85 54 70 5 0 5 0.00 0.0 0 13.3 26 270 M M 1 36 270
12 77 59 68 3 0 3 0.02 0.0 0 7.7 17 150 M M 5 27 190
13 75 62 69 4 0 4 0.03 0.0 0 11.0 17 100 M M 8 8 23 110
14 77 62 70 5 0 5 0.38 0.0 0 12.2 30 280 M M 7 13 42 210
15 75 57 66 1 0 1 T 0.0 0 9.5 20 300 M M 5 1 28 300
16 79 56 68 3 0 3 0.00 0.0 0 7.0 16 280 M M 2 22 310
17 74 53 64 0 1 0 0.00 0.0 0 7.2 15 310 M M 2 20 310
18 78 49 64 0 1 0 0.00 0.0 0 4.6 13 270 M M 2 17 230
19 79 59 69 5 0 4 0.00 0.0 0 11.8 22 220 M M 2 30 250
20 76 61 69 5 0 4 0.01 0.0 0 9.2 14 110 M M 5 12 18 120
21 72 61 67 3 0 2 0.01 0.0 0 8.1 13 90 M M 9 12 16 100
22 74 63 69 5 0 4 0.02 0.0 0 6.0 13 110 M M 9 123 19 80
23 80 61 71 8 0 6 0.00 0.0 0 4.5 13 190 M M 7 12 16 170
24 83 59 71 8 0 6 0.00 0.0 0 6.3 18 290 M M 3 1 26 270
25 79 53 66 3 0 1 T 0.0 0 10.3 20 100 M M 2 29 90
26 86 62 74 11 0 9 0.01 0.0 0 9.0 22 240 M M 6 123 31 260
27 78 61 70 8 0 5 0.00 0.0 0 4.6 14 350 M M 2 21 350
28 77 58 68 6 0 3 0.01 0.0 0 8.5 15 320 M M 7 23 330
29 73 52 63 1 2 0 0.00 0.0 0 9.3 20 350 M M 1 30 340
30 71 48 60 -2 5 0 0.00 0.0 0 9.6 16 120 M M 3 18 22 130
31 69 48 59 -2 6 0 0.75 0.0 0 12.2 22 280 M M 7 1 33 270
================================================================================
SM 2378 1774 24 95 2.72 0.0 261.1 M 146
================================================================================
AV 76.7 57.2 8.4 FASTST M M 5 MAX(MPH)
MISC ----> 30 280 44 300
================================================================================
NOTES:
# LAST OF SEVERAL OCCURRENCES
COLUMN 17 PEAK WIND IN M.P.H.
PRELIMINARY LOCAL CLIMATOLOGICAL DATA (WS FORM: F-6) , PAGE 2
STATION: DULUTH
MONTH: AUGUST
YEAR: 2020
LATITUDE: 46 49 N
LONGITUDE: 92 11 W
[TEMPERATURE DATA] [PRECIPITATION DATA] SYMBOLS USED IN COLUMN 16
AVERAGE MONTHLY: 67.0 TOTAL FOR MONTH: 2.72 1 = FOG OR MIST
DPTR FM NORMAL: 2.7 DPTR FM NORMAL: -0.98 2 = FOG REDUCING VISIBILITY
HIGHEST: 86 ON 26, 8 GRTST 24HR 0.91 ON 7- 8 TO 1/4 MILE OR LESS
LOWEST: 48 ON 31,30 3 = THUNDER
SNOW, ICE PELLETS, HAIL 4 = ICE PELLETS
TOTAL MONTH: 0.0 INCH 5 = HAIL
GRTST 24HR 0.0 6 = FREEZING RAIN OR DRIZZLE
GRTST DEPTH: 0 7 = DUSTSTORM OR SANDSTORM:
VSBY 1/2 MILE OR LESS
8 = SMOKE OR HAZE
[NO. OF DAYS WITH] [WEATHER - DAYS WITH] 9 = BLOWING SNOW
X = TORNADO
MAX 32 OR BELOW: 0 0.01 INCH OR MORE: 12
MAX 90 OR ABOVE: 0 0.10 INCH OR MORE: 5
MIN 32 OR BELOW: 0 0.50 INCH OR MORE: 3
MIN 0 OR BELOW: 0 1.00 INCH OR MORE: 0
[HDD (BASE 65) ]
TOTAL THIS MO. 24 CLEAR (SCALE 0-3) 12
DPTR FM NORMAL -62 PTCLDY (SCALE 4-7) 17
TOTAL FM JUL 1 46 CLOUDY (SCALE 8-10) 2
DPTR FM NORMAL -103
[CDD (BASE 65) ]
TOTAL THIS MO. 95
DPTR FM NORMAL 29 [PRESSURE DATA]
TOTAL FM JAN 1 355 HIGHEST SLP 30.23 ON 3
DPTR FM NORMAL 165 LOWEST SLP 29.58 ON 31
[REMARKS]
#FINAL-08-20#