000
CXUS53 KDLH 010820
CF6DLH
PRELIMINARY LOCAL CLIMATOLOGICAL DATA (WS FORM: F-6)
STATION: DULUTH
MONTH: SEPTEMBER
YEAR: 2023
LATITUDE: 46 49 N
LONGITUDE: 92 11 W
TEMPERATURE IN F: :PCPN: SNOW: WIND :SUNSHINE: SKY :PK WND
================================================================================
1 2 3 4 5 6A 6B 7 8 9 10 11 12 13 14 15 16 17 18
12Z AVG MX 2MIN
DY MAX MIN AVG DEP HDD CDD WTR SNW DPTH SPD SPD DIR MIN PSBL S-S WX SPD DR
================================================================================
1 83 61 72 10 0 7 0.00 0.0 0 14.2 23 250 M M 1 34 250
2 89 67 78 16 0 13 0.00 0.0 0 8.8 16 200 M M 1 21 210
3 97 71 84 22 0 19 0.00 0.0 0 7.3 15 250 M M 0 22 250
4 89 66 78 16 0 13 T 0.0 0 8.4 15 110 M M 1 21 160
5 87 66 77 16 0 12 2.77 0.0 0 9.9 22 10 M M 4 13 31 10
6 67 52 60 -1 5 0 0.09 0.0 0 10.7 17 360 M M 10 18 25 360
7 58 50 54 -6 11 0 T 0.0 0 5.6 12 110 M M 10 14 10
8 66 51 59 -1 6 0 0.00 0.0 0 4.6 10 150 M M 5 15 200
9 69 51 60 0 5 0 0.24 0.0 0 4.4 12 120 M M 8 18 15 120
10 71 49 60 0 5 0 0.00 0.0 0 5.7 14 350 M M 4 1 22 30
11 65 47 56 -3 9 0 1.23 0.0 0 6.3 18 100 M M 9 123 23 100
12 56 43 50 -9 15 0 0.32 0.0 0 10.1 21 60 M M 9 1 28 70
13 60 35 48 -10 17 0 0.00 0.0 0 3.8 12 170 M M 1 15 180
14 71 40 56 -2 9 0 0.53 0.0 0 5.6 14 160 M M 3 1 19 160
15 73 50 62 4 3 0 0.01 0.0 0 8.9 23 280 M M 6 18 31 260
16 66 48 57 0 8 0 0.00 0.0 0 6.1 12 330 M M 5 15 350
17 63 48 56 -1 9 0 0.00 0.0 0 4.9 10 130 M M 5 1 14 100
18 66 50 58 2 7 0 0.00 0.0 0 9.5 16 90 M M 4 23 80
19 65 51 58 2 7 0 0.00 0.0 0 9.6 20 110 M M 2 26 110
20 78 55 67 11 0 2 T 0.0 0 7.5 15 160 M M 2 1 19 210
21 80 54 67 12 0 2 0.00 0.0 0 5.5 12 180 M M 2 1 19 180
22 71 58 65 10 0 0 0.11 0.0 0 10.3 21 90 M M 7 12 29 90
23 63 59 61 7 4 0 1.48 0.0 0 14.9 23 100 M M 10 123 32 100
24 59 57 58 4 7 0 3.02 0.0 0 16.4 25 110 M M 10 13 36 100
25 60 56 58 4 7 0 0.20 0.0 0 12.8 21 70 M M 10 12 28 60
26 66 56 61 8 4 0 0.00 0.0 0 13.9 25 70 M M 5 37 110
27 60 57 59 6 6 0 0.06 0.0 0 10.4 16 130 M M 10 1 22 90
28 63 57 60 8 5 0 T 0.0 0 8.3 15 140 M M 9 1 19 130
29 63 57 60 8 5 0 0.05 0.0 0 7.9 18 90 M M 8 1 25 100
30 67 60 64 13 1 0 0.25 0.0 0 9.3 15 100 M M 10 1238 20 100
================================================================================
SM 2091 1622 155 68 10.36 0.0 261.6 M 171
================================================================================
AV 69.7 54.1 8.7 FASTST M M 6 MAX(MPH)
MISC ----> # 25 110 37 110
================================================================================
NOTES:
# LAST OF SEVERAL OCCURRENCES
COLUMN 17 PEAK WIND IN M.P.H.
PRELIMINARY LOCAL CLIMATOLOGICAL DATA (WS FORM: F-6) , PAGE 2
STATION: DULUTH
MONTH: SEPTEMBER
YEAR: 2023
LATITUDE: 46 49 N
LONGITUDE: 92 11 W
[TEMPERATURE DATA] [PRECIPITATION DATA] SYMBOLS USED IN COLUMN 16
AVERAGE MONTHLY: 61.9 TOTAL FOR MONTH: 10.36 1 = FOG OR MIST
DPTR FM NORMAL: 4.7 DPTR FM NORMAL: 6.88 2 = FOG REDUCING VISIBILITY
HIGHEST: 97 ON 3 GRTST 24HR 4.17 ON 23-24 TO 1/4 MILE OR LESS
LOWEST: 35 ON 13 3 = THUNDER
SNOW, ICE PELLETS, HAIL 4 = ICE PELLETS
TOTAL MONTH: 0.0 INCH 5 = HAIL
GRTST 24HR 0.0 6 = FREEZING RAIN OR DRIZZLE
GRTST DEPTH: 0 7 = DUSTSTORM OR SANDSTORM:
VSBY 1/2 MILE OR LESS
8 = SMOKE OR HAZE
[NO. OF DAYS WITH] [WEATHER - DAYS WITH] 9 = BLOWING SNOW
X = TORNADO
MAX 32 OR BELOW: 0 0.01 INCH OR MORE: 14
MAX 90 OR ABOVE: 1 0.10 INCH OR MORE: 10
MIN 32 OR BELOW: 0 0.50 INCH OR MORE: 5
MIN 0 OR BELOW: 0 1.00 INCH OR MORE: 4
[HDD (BASE 65) ]
TOTAL THIS MO. 155 CLEAR (SCALE 0-3) 9
DPTR FM NORMAL -99 PTCLDY (SCALE 4-7) 10
TOTAL FM JUL 1 250 CLOUDY (SCALE 8-10) 11
DPTR FM NORMAL -116
[CDD (BASE 65) ]
TOTAL THIS MO. 68
DPTR FM NORMAL 47 [PRESSURE DATA]
TOTAL FM JAN 1 274 HIGHEST SLP 30.28 ON 26
DPTR FM NORMAL 20 LOWEST SLP 29.59 ON 5
[REMARKS]
#FINAL-09-23#