000
CXUS53 KDLH 051513
CLSDLH
CLIMATE REPORT
NATIONAL WEATHER SERVICE DULUTH MN
913 AM CST SUN MAR 05 2023
...................................
...THE DULUTH CLIMATE SUMMARY FOR THE SEASON, FROM
12/1/2022 TO 2/28/2023...
CLIMATE NORMAL PERIOD: 1991 TO 2020
CLIMATE RECORD PERIOD: 1870 TO 2023
WEATHER OBSERVED NORMAL DEPART LAST YEAR`S
VALUE DATE(S) VALUE FROM VALUE DATE(S)
NORMAL
................................................................
TEMPERATURE (F)
RECORD
HIGH 58 02/26/1895
LOW -41 01/02/1885
HIGHEST 43 02/08 MM MM 49
02/12
LOWEST -22 02/03 MM MM -23
AVG. MAXIMUM 23.4 23.1 0.3 19.7
AVG. MINIMUM 8.3 6.0 2.3 -0.0
MEAN 15.9 14.6 1.3 9.9
PRECIPITATION (INCHES)
RECORD
MAXIMUM 8.66 1969
MINIMUM 1.15 1942
TOTALS 6.61 3.43 3.18 4.80
SNOWFALL (INCHES)
RECORDS
TOTAL 87.5 1969
SNOW DEPTH 22 02/23/2022
02/22/2022
TOTALS 75.3 50.6 24.7 62.6
SINCE 7/1 93.3 67.5 25.8 MM
SNOWDEPTH AVG. 21 10
DAYS >= 1.0 19 14.0 5.0 15
GREATEST
SNOW DEPTH 28R 02/23 22 02/22
02/24
02/23
DEGREE DAYS
HEATING TOTAL 4401 4541 -140 4926
COOLING TOTAL 0 0 0 0
................................................................
WIND (MPH)
AVERAGE WIND SPEED 10.6
HIGHEST WIND SPEED/DIRECTION 33/330
HIGHEST GUST SPEED/DIRECTION 49/330
SKY COVER
POSSIBLE SUNSHINE (PERCENT) MM
- INDICATES NEGATIVE NUMBERS.
R INDICATES RECORD WAS SET OR TIED.
MM INDICATES DATA IS MISSING.
T INDICATES TRACE AMOUNT.
$$