000
CXUS56 KTFX 011110
CF6DLN
PRELIMINARY LOCAL CLIMATOLOGICAL DATA (WS FORM: F-6)
STATION: DILLON AIRPORT MT
MONTH: AUGUST
YEAR: 2021
LATITUDE: 45 15 N
LONGITUDE: 112 33 W
TEMPERATURE IN F: :PCPN: SNOW: WIND :SUNSHINE: SKY :PK WND
================================================================================
1 2 3 4 5 6A 6B 7 8 9 10 11 12 13 14 15 16 17 18
12Z AVG MX 2MIN
DY MAX MIN AVG DEP HDD CDD WTR SNW DPTH SPD SPD DIR MIN PSBL S-S WX SPD DR
================================================================================
1 85 57 71 5 0 6 0.00 M 0 6.1 21 210 M M 3 3 28 110
2 81 58 70 4 0 5 0.09 M 0 5.8 16 190 M M 7 1 24 200
3 83 52 68 2 0 3 0.00 M 0 4.9 12 220 M M 0 18 15 240
4 89 52 71 5 0 6 0.00 M 0 6.0 14 210 M M 0 18 220
5 82 56 69 3 0 4 0.10 M 0 8.3 35 210 M M 3 138 48 160
6 75 52 64 -2 1 0 0.02 M 0 7.6 24 200 M M 3 138 34 190
7 83 48 66 0 0 1 0.00 M 0 10.7 20 220 M M 1 18 26 230
8 85 44 65 0 0 0 0.07 M 0 11.1 28 170 M M 2 138 40 160
9 73 39 56 -9 9 0 0.00 M 0 8.4 18 190 M M 0 27 180
10 82 43 63 -2 2 0 0.00 M 0 12.5 22 250 M M 0 32 250
11 87 48 68 3 0 3 0.00 M 0 6.6 17 200 M M 0 23 210
12 88 53 71 7 0 6 0.00 M 0 6.7 15 40 M M 0 8 19 40
13 87 52 70 6 0 5 0.00 M 0 7.0 13 30 M M 0 18 20
14 91 50 71 7 0 6 0.00 M 0 6.6 13 30 M M 2 8 16 10
15 89 50 70 6 0 5 0.00 M 0 6.5 13 190 M M 4 8 15 220
16 90 55 73 9 0 8 T M 0 10.6 37 270 M M 0 8 56 230
17 86 47 67 4 0 2 0.01 M 0 11.9 49 240 M M 3 138 69 230
18 50 45 48 -15 17 0 T M 0 12.5 20 40 M M 10 27 50
19 58 45 52 -11 13 0 T M 0 3.4 9 210 M M 9 1 12 210
20 68 45 57 -6 8 0 0.01 M 0 4.6 16 30 M M 6 1 20 30
21 66 45 56 -6 9 0 0.07 M 0 7.8 32 280 M M 3 13 48 280
22 73 44 59 -3 6 0 0.00 M 0 12.9 29 150 M M 2 37 150
23 82 43 63 1 2 0 0.00 M 0 9.5 28 250 M M 0 8 38 250
24 74 38 56 -6 9 0 0.00 M 0 7.6 20 50 M M 0 26 50
25 78 39 59 -2 6 0 T M 0 6.9 35 280 M M 1 8 54 290
26 73 42 58 -3 7 0 0.00 M 0 7.1 16 70 M M 1 8 19 60
27 73 47 60 -1 5 0 0.00 M 0 9.3 21 270 M M 2 8 28 270
28 73 37 55 -6 10 0 0.00 M 0 5.5 14 130 M M 1 19 150
29 82 40 61 1 4 0 0.00 M 0 6.6 15 190 M M 0 21 220
30 86 43 65 5 0 0 0.00 M 0 8.2 25 170 M M 0 8 31 170
31 83 47 65 5 0 0 0.00 M 0 10.4 26 270 M M 0 8 37 280
================================================================================
SM 2455 1456 108 60 0.37 M 249.6 M 63
================================================================================
AV 79.2 47.0 8.1 FASTST M M 2 MAX(MPH)
MISC ----> 49 240 69 230
================================================================================
NOTES:
# LAST OF SEVERAL OCCURRENCES
COLUMN 17 PEAK WIND IN M.P.H.
PRELIMINARY LOCAL CLIMATOLOGICAL DATA (WS FORM: F-6) , PAGE 2
STATION: DILLON AIRPORT MT
MONTH: AUGUST
YEAR: 2021
LATITUDE: 45 15 N
LONGITUDE: 112 33 W
[TEMPERATURE DATA] [PRECIPITATION DATA] SYMBOLS USED IN COLUMN 16
AVERAGE MONTHLY: 63.1 TOTAL FOR MONTH: 0.37 1 = FOG OR MIST
DPTR FM NORMAL: -0.3 DPTR FM NORMAL: -0.50 2 = FOG REDUCING VISIBILITY
HIGHEST: 91 ON 14 GRTST 24HR 0.12 ON 5- 6 TO 1/4 MILE OR LESS
LOWEST: 37 ON 28 3 = THUNDER
SNOW, ICE PELLETS, HAIL 4 = ICE PELLETS
TOTAL MONTH: M 5 = HAIL
GRTST 24HR M ON M 6 = FREEZING RAIN OR DRIZZLE
GRTST DEPTH: 0 7 = DUSTSTORM OR SANDSTORM:
VSBY 1/2 MILE OR LESS
8 = SMOKE OR HAZE
[NO. OF DAYS WITH] [WEATHER - DAYS WITH] 9 = BLOWING SNOW
X = TORNADO
MAX 32 OR BELOW: 0 0.01 INCH OR MORE: 7
MAX 90 OR ABOVE: 2 0.10 INCH OR MORE: 1
MIN 32 OR BELOW: 0 0.50 INCH OR MORE: 0
MIN 0 OR BELOW: 0 1.00 INCH OR MORE: 0
[HDD (BASE 65) ]
TOTAL THIS MO. 108 CLEAR (SCALE 0-3) 26
DPTR FM NORMAL 16 PTCLDY (SCALE 4-7) 3
TOTAL FM JUL 1 108 CLOUDY (SCALE 8-10) 2
DPTR FM NORMAL -47
[CDD (BASE 65) ]
TOTAL THIS MO. 60
DPTR FM NORMAL 17 [PRESSURE DATA]
TOTAL FM JAN 1 295 HIGHEST SLP 30.22 ON 3
DPTR FM NORMAL 184 LOWEST SLP 29.40 ON 17
[REMARKS]
#FINAL-08-21#