000
CXUS51 KLWX 041453
CF6DMH
PRELIMINARY LOCAL CLIMATOLOGICAL DATA (WS FORM: F-6)
STATION: BALTIMORE INNER HARBOR
MONTH: DECEMBER
YEAR: 2023
LATITUDE: 39 16 N
LONGITUDE: 76 37 W
TEMPERATURE IN F: :PCPN: SNOW: WIND :SUNSHINE: SKY :PK WND
================================================================================
1 2 3 4 5 6A 6B 7 8 9 10 11 12 13 14 15 16 17 18
12Z AVG MX 2MIN
DY MAX MIN AVG DEP HDD CDD WTR SNW DPTH SPD SPD DIR MIN PSBL S-S WX SPD DR
================================================================================
1 50 38 44 -1 21 0 0.18 M M M M M M M 0 M M
2 56 48 52 7 13 0 0.01 M M M M M M M 0 M M
3 58 51 55 10 10 0 0.50 M M M M M M M 0 M M
4 57 45 51 7 14 0 0.00 M M M M M M M 0 M M
5 52 39 46 2 19 0 0.00 M M M M M M M 0 M M
6 46 38 42 -2 23 0 0.02 M M M M M M M 0 M M
7 47 34 41 -3 24 0 0.00 M M M M M M M 0 M M
8 57 38 48 5 17 0 0.00 M M M M M M M 0 M M
9 55 42 49 6 16 0 0.00 M M M M M M M 0 M M
10 62 43 53 10 12 0 1.38 M M M M M M M 0 M M
11 49 37 43 1 22 0 0.48 M M M M M M M 0 M M
12 51 32 42 0 23 0 0.00 M M M M M M M 0 M M
13 52 37 45 3 20 0 0.00 M M M M M M M 0 M M
14 50 34 42 0 23 0 0.00 M M M M M M M 0 M M
15 63 37 50 9 15 0 0.00 M M M M M M M 0 M M
16 61 41 51 10 14 0 0.00 M M M M M M M 0 M M
17 59 45 52 11 13 0 1.92 M M M M M M M 0 M M
18 59 41 50 9 15 0 0.79 M M M M M M M 0 M M
19 43 34 39 -1 26 0 0.00 M M M M M M M 0 M M
20 50 32 41 1 24 0 0.00 M M M M M M M 0 M M
21 51 37 44 4 21 0 0.00 M M M M M M M 0 M M
22 46 39 43 3 22 0 0.00 M M M M M M M 0 M M
23 49 39 44 4 21 0 0.00 M M M M M M M 0 M M
24 51 43 47 8 18 0 0.00 M M M M M M M 0 M M
25 59 46 53 14 12 0 0.00 M M M M M M M 0 M M
26 50 46 48 9 17 0 0.03 M M M M M M M 0 M M
27 56 48 52 13 13 0 1.72 M M M M M M M 0 M M
28 60 53 57 18 8 0 0.00 M M M M M M M 0 M M
29 58 47 53 15 12 0 0.00 M M M M M M M 0 M M
30 51 41 46 8 19 0 0.00 M M M M M M M 0 M M
31 52 45 49 11 16 0 0.00 M M M M M M M M M M
================================================================================
SM 1660 1270 543 0 7.03 M M M 0
================================================================================
AV 53.5 41.0 M FASTST M M 0 MAX(MPH)
MISC ----> M M M M
================================================================================
NOTES:
# LAST OF SEVERAL OCCURRENCES
COLUMN 17 PEAK WIND IN M.P.H.
PRELIMINARY LOCAL CLIMATOLOGICAL DATA (WS FORM: F-6) , PAGE 2
STATION: BALTIMORE INNER HARBOR
MONTH: DECEMBER
YEAR: 2023
LATITUDE: 39 16 N
LONGITUDE: 76 37 W
[TEMPERATURE DATA] [PRECIPITATION DATA] SYMBOLS USED IN COLUMN 16
AVERAGE MONTHLY: 47.3 TOTAL FOR MONTH: 7.03 1 = FOG OR MIST
DPTR FM NORMAL: 6.0 DPTR FM NORMAL: 3.37 2 = FOG REDUCING VISIBILITY
HIGHEST: 63 ON 15 GRTST 24HR 2.71 ON 17-18 TO 1/4 MILE OR LESS
LOWEST: 32 ON 20,12 3 = THUNDER
SNOW, ICE PELLETS, HAIL 4 = ICE PELLETS
TOTAL MONTH: 0.0 INCH 5 = HAIL
GRTST 24HR M ON M 6 = FREEZING RAIN OR DRIZZLE
GRTST DEPTH: 0 7 = DUSTSTORM OR SANDSTORM:
VSBY 1/2 MILE OR LESS
8 = SMOKE OR HAZE
[NO. OF DAYS WITH] [WEATHER - DAYS WITH] 9 = BLOWING SNOW
X = TORNADO
MAX 32 OR BELOW: 0 0.01 INCH OR MORE: 10
MAX 90 OR ABOVE: 0 0.10 INCH OR MORE: 7
MIN 32 OR BELOW: 2 0.50 INCH OR MORE: 5
MIN 0 OR BELOW: 0 1.00 INCH OR MORE: 3
[HDD (BASE 65) ]
TOTAL THIS MO. 543 CLEAR (SCALE 0-3) 30
DPTR FM NORMAL -192 PTCLDY (SCALE 4-7) 0
TOTAL FM JUL 1 1045 CLOUDY (SCALE 8-10) 1
DPTR FM NORMAL -332
[CDD (BASE 65) ]
TOTAL THIS MO. 0
DPTR FM NORMAL 0 [PRESSURE DATA]
TOTAL FM JAN 1 1808 HIGHEST SLP 30.78 ON 14
DPTR FM NORMAL 60 LOWEST SLP 29.17 ON 18
[REMARKS]
#FINAL-12-23#