000
CXUS54 KEPZ 011030
CF6DMN
PRELIMINARY LOCAL CLIMATOLOGICAL DATA (WS FORM: F-6)
STATION: DEMING
MONTH: MAY
YEAR: 2021
LATITUDE: 32 15 N
LONGITUDE: 107 42 W
TEMPERATURE IN F: :PCPN: SNOW: WIND :SUNSHINE: SKY :PK WND
================================================================================
1 2 3 4 5 6A 6B 7 8 9 10 11 12 13 14 15 16 17 18
12Z AVG MX 2MIN
DY MAX MIN AVG DEP HDD CDD WTR SNW DPTH SPD SPD DIR MIN PSBL S-S WX SPD DR
================================================================================
1 89 43 66 2 0 1 0.00 M M 10.4 29 280 M M 0 8 39 270
2 89 54 72 8 0 7 0.00 M M 16.1 31 260 M M 0 46 250
3 82 49 66 2 0 1 0.00 M M 11.6 28 270 M M 0 39 290
4 80 44 62 -2 3 0 0.00 M M 6.8 17 60 M M 0 22 60
5 88 47 68 3 0 3 0.00 M M 4.4 14 200 M M 0 20 200
6 93 48 71 6 0 6 T M M 11.0 28 130 M M 1 8 43 130
7 94 58 76 11 0 11 0.00 M M 10.3 26 250 M M 0 37 250
8 87 48 68 2 0 3 0.00 M M 12.2 28 280 M M 0 40 300
9 87 48 68 2 0 3 0.00 M M 11.0 23 250 M M 0 34 290
10 88 45 67 1 0 2 0.00 M M 11.1 28 270 M M 0 38 270
11 87 53 70 3 0 5 0.00 M M 9.0 21 290 M M 0 29 270
12 84 47 66 -1 0 1 0.00 M M 10.1 24 50 M M 0 31 60
13 90 55 73 6 0 8 0.00 M M 10.0 24 130 M M 1 8 36 130
14 92 59 76 8 0 11 0.00 M M 8.8 24 50 M M 1 32 70
15 90 55 73 5 0 8 0.00 M M 9.4 24 270 M M 1 34 260
16 88 55 72 4 0 7 0.00 M M 11.3 24 260 M M 0 33 270
17 83 51 67 -2 0 2 0.00 M M 10.8 25 270 M M 0 36 270
18 84 49 67 -2 0 2 0.00 M M 10.9 24 290 M M 1 35 240
19 91 59 75 5 0 10 0.00 M M 11.9 28 280 M M 1 37 270
20 92 53 73 3 0 8 0.00 M M 9.5 21 240 M M 0 31 230
21 84 58 71 1 0 6 T M M 8.2 22 250 M M 1 31 260
22 92 55 74 3 0 9 0.00 M M 12.8 29 230 M M 0 43 230
23 86 52 69 -2 0 4 0.00 M M 8.9 24 270 M M 0 32 210
24 90 44 67 -5 0 2 0.00 M M 9.0 22 270 M M 0 33 270
25 91 48 70 -2 0 5 0.00 M M 6.1 17 260 M M 0 25 210
26 93 49 71 -1 0 6 0.00 M M 8.1 21 260 M M 0 30 260
27 93 61 77 4 0 12 0.00 M M 8.7 20 250 M M 0 28 250
28 94 52 73 0 0 8 0.00 M M 7.7 17 260 M M 0 24 220
29 96 49 73 0 0 8 0.00 M M 6.4 20 180 M M 0 30 210
30 93 56 75 1 0 10 0.00 M M 7.9 21 220 M M 0 30 220
31 91 67 79 5 0 14 0.00 M M 11.7 26 30 M M 0 36 30
================================================================================
SM 2761 1611 3 183 T M 302.1 M 7
================================================================================
AV 89.1 52.0 9.7 FASTST M M 0 MAX(MPH)
MISC ----> 31 260 46 250
================================================================================
NOTES:
# LAST OF SEVERAL OCCURRENCES
COLUMN 17 PEAK WIND IN M.P.H.
PRELIMINARY LOCAL CLIMATOLOGICAL DATA (WS FORM: F-6) , PAGE 2
STATION: DEMING
MONTH: MAY
YEAR: 2021
LATITUDE: 32 15 N
LONGITUDE: 107 42 W
[TEMPERATURE DATA] [PRECIPITATION DATA] SYMBOLS USED IN COLUMN 16
AVERAGE MONTHLY: 70.5 TOTAL FOR MONTH: T 1 = FOG OR MIST
DPTR FM NORMAL: 1.8 DPTR FM NORMAL: -0.15 2 = FOG REDUCING VISIBILITY
HIGHEST: 96 ON 29 GRTST 24HR T ON 6- 6 TO 1/4 MILE OR LESS
LOWEST: 43 ON 1 3 = THUNDER
SNOW, ICE PELLETS, HAIL 4 = ICE PELLETS
TOTAL MONTH: M 5 = HAIL
GRTST 24HR M ON M 6 = FREEZING RAIN OR DRIZZLE
GRTST DEPTH: M ON M 7 = DUSTSTORM OR SANDSTORM:
VSBY 1/2 MILE OR LESS
8 = SMOKE OR HAZE
[NO. OF DAYS WITH] [WEATHER - DAYS WITH] 9 = BLOWING SNOW
X = TORNADO
MAX 32 OR BELOW: 0 0.01 INCH OR MORE: 0
MAX 90 OR ABOVE: 16 0.10 INCH OR MORE: 0
MIN 32 OR BELOW: 0 0.50 INCH OR MORE: 0
MIN 0 OR BELOW: 0 1.00 INCH OR MORE: 0
[HDD (BASE 65) ]
TOTAL THIS MO. 3 CLEAR (SCALE 0-3) 31
DPTR FM NORMAL -30 PTCLDY (SCALE 4-7) 0
TOTAL FM JUL 1 2992 CLOUDY (SCALE 8-10) 0
DPTR FM NORMAL -52
[CDD (BASE 65) ]
TOTAL THIS MO. 183
DPTR FM NORMAL 37 [PRESSURE DATA]
TOTAL FM JAN 1 213 HIGHEST SLP 30.07 ON 12
DPTR FM NORMAL 49 LOWEST SLP 29.40 ON 2
[REMARKS]
#FINAL-05-21#