000
CXUS55 KVEF 032202
CF6DRA
PRELIMINARY LOCAL CLIMATOLOGICAL DATA (WS FORM: F-6)
STATION: DESERT ROCK-MERCURY NV
MONTH: DECEMBER
YEAR: 2020
LATITUDE: 36 37 N
LONGITUDE: 116 1 W
TEMPERATURE IN F: :PCPN: SNOW: WIND :SUNSHINE: SKY :PK WND
================================================================================
1 2 3 4 5 6A 6B 7 8 9 10 11 12 13 14 15 16 17 18
12Z AVG MX 2MIN
DY MAX MIN AVG DEP HDD CDD WTR SNW DPTH SPD SPD DIR MIN PSBL S-S WX SPD DR
================================================================================
1 65 30 48 3 17 0 0.00 0.0 0 9.8 21 30 M M 0 31 20
2 56 39 48 3 17 0 0.00 0.0 0 14.7 23 100 M M 0 36 60
3 57 28 43 -2 22 0 0.00 0.0 0 7.7 18 30 M M 0 25 50
4 63 25 44 0 21 0 0.00 0.0 0 3.2 7 220 M M 0 M M
5 63 30 47 3 18 0 0.00 0.0 0 6.8 12 110 M M 0 M M
6 61 27 44 0 21 0 0.00 0.0 0 4.3 12 100 M M 1 M M
7 71 43 57 13 8 0 0.00 0.0 0 11.9 21 70 M M 2 25 70
8 66 42 54 10 11 0 0.00 0.0 0 9.5 18 20 M M 0 23 40
9 66 34 50 6 15 0 0.00 0.0 0 5.1 14 120 M M 0 M M
10 61 34 48 5 17 0 0.00 0.0 0 6.1 14 220 M M 0 M M
11 52 28 40 -3 25 0 0.00 0.0 0 3.9 10 320 M M 0 M M
12 56 26 41 -2 24 0 0.00 0.0 0 10.0 25 40 M M 1 38 360
13 44 26 35 -8 30 0 0.00 0.0 0 9.1 17 40 M M 1 18 120
14 56 31 44 1 21 0 0.00 0.0 0 7.9 20 10 M M 4 31 340
15 51 29 40 -3 25 0 0.00 0.0 0 8.9 21 40 M M 0 27 40
16 M M M M M M M M M M M M M M M M M
17 61 35 48 5 17 0 T 0.0 0 10.6 27 180 M M 2 39 170
18 54 34 44 1 21 0 0.00 0.0 0 10.9 20 50 M M 0 30 50
19 57 29 43 1 22 0 0.00 0.0 0 5.8 13 40 M M 0 M M
20 69 28 49 7 16 0 0.00 0.0 0 5.1 9 40 M M 0 M M
21 70 39 55 13 10 0 0.00 0.0 0 4.3 10 20 M M 0 M M
22 64 30 47 5 18 0 0.00 0.0 0 6.9 15 210 M M 0 M M
23 50 33 42 0 23 0 0.00 0.0 0 12.4 22 30 M M 0 33 30
24 48 31 40 -2 25 0 0.00 0.0 0 7.5 14 110 M M 0 M M
25 M 25 M M M M 0.00 0.0 0 5.6 15 100 M M 0 20 100
26 M 28 M M M M 0.00 0.0 0 4.6 13 30 M M 0 M M
27 M 35 M M M M 0.00 0.0 0 10.5 15 30 M M 5 21 110
28 M M M M M M 0.05 M M 6.1 12 200 M M 8 22 260
29 50 32 41 -2 24 0 0.00 0.0 0 8.4 18 20 M M 2 18 23 30
30 54 28 41 -2 24 0 0.00 0.0 0 6.2 16 40 M M 0 M M
31 53 30 42 -1 23 0 0.01 0.0 0 11.0 20 40 M M 5 35 50
================================================================================
SM 1518 909 515 0 0.06 0.0 234.8 M 31
================================================================================
AV 58.4 31.3 7.8 FASTST M M 1 MAX(MPH)
MISC ----> 27 180 39 170
================================================================================
NOTES:
# LAST OF SEVERAL OCCURRENCES
COLUMN 17 PEAK WIND IN M.P.H.
PRELIMINARY LOCAL CLIMATOLOGICAL DATA (WS FORM: F-6) , PAGE 2
STATION: DESERT ROCK-MERCURY NV
MONTH: DECEMBER
YEAR: 2020
LATITUDE: 36 37 N
LONGITUDE: 116 1 W
[TEMPERATURE DATA] [PRECIPITATION DATA] SYMBOLS USED IN COLUMN 16
AVERAGE MONTHLY: 44.9 TOTAL FOR MONTH: 0.06 1 = FOG OR MIST
DPTR FM NORMAL: 1.7 DPTR FM NORMAL: -0.58 2 = FOG REDUCING VISIBILITY
HIGHEST: 71 ON 7 GRTST 24HR 0.05 ON 28-28 TO 1/4 MILE OR LESS
LOWEST: 25 ON 25, 4 3 = THUNDER
SNOW, ICE PELLETS, HAIL 4 = ICE PELLETS
TOTAL MONTH: 0.0 INCH 5 = HAIL
GRTST 24HR 0.0 6 = FREEZING RAIN OR DRIZZLE
GRTST DEPTH: 0 7 = DUSTSTORM OR SANDSTORM:
VSBY 1/2 MILE OR LESS
8 = SMOKE OR HAZE
[NO. OF DAYS WITH] [WEATHER - DAYS WITH] 9 = BLOWING SNOW
X = TORNADO
MAX 32 OR BELOW: 0 0.01 INCH OR MORE: 2
MAX 90 OR ABOVE: 0 0.10 INCH OR MORE: 0
MIN 32 OR BELOW: 19 0.50 INCH OR MORE: 0
MIN 0 OR BELOW: 0 1.00 INCH OR MORE: 0
[HDD (BASE 65) ]
TOTAL THIS MO. 515 CLEAR (SCALE 0-3) 26
DPTR FM NORMAL -162 PTCLDY (SCALE 4-7) 4
TOTAL FM JUL 1 942 CLOUDY (SCALE 8-10) 1
DPTR FM NORMAL -288
[CDD (BASE 65) ]
TOTAL THIS MO. 0
DPTR FM NORMAL 0 [PRESSURE DATA]
TOTAL FM JAN 1 2672 HIGHEST SLP M ON M
DPTR FM NORMAL 477 LOWEST SLP M ON M
[REMARKS]
#FINAL-12-20#